Back to Multiple platform build/check report for BioC 3.14
ABCDEFGHIJKLMNO[P]QRSTUVWXYZ

This page was generated on 2021-07-31 12:06:51 -0400 (Sat, 31 Jul 2021).

CHECK results for pwOmics on merida1

To the developers/maintainers of the pwOmics package:
- Please allow up to 24 hours (and sometimes 48 hours) for your latest push to git@git.bioconductor.org:packages/pwOmics.git to
reflect on this report. See How and When does the builder pull? When will my changes propagate? here for more information.
- Make sure to use the following settings in order to reproduce any error or warning you see on this page.

raw results

Package 1446/2015HostnameOS / ArchINSTALLBUILDCHECKBUILD BIN
pwOmics 1.25.0  (landing page)
Maren Sitte
Snapshot Date: 2021-07-30 14:50:06 -0400 (Fri, 30 Jul 2021)
URL: https://git.bioconductor.org/packages/pwOmics
Branch: master
Last Commit: 47c1b5f
Last Changed Date: 2021-05-19 12:13:37 -0400 (Wed, 19 May 2021)
nebbiolo2Linux (Ubuntu 20.04.2 LTS) / x86_64  OK    OK    WARNINGS  UNNEEDED, same version is already published
riesling1Windows Server 2019 Standard / x64  OK    OK    WARNINGS    OK  NO, package depends on 'STRINGdb' which is not available
merida1macOS 10.14.6 Mojave / x86_64  OK    OK    WARNINGS    OK  UNNEEDED, same version is already published

Summary

Package: pwOmics
Version: 1.25.0
Command: /Library/Frameworks/R.framework/Resources/bin/R CMD check --install=check:pwOmics.install-out.txt --library=/Library/Frameworks/R.framework/Resources/library --no-vignettes --timings pwOmics_1.25.0.tar.gz
StartedAt: 2021-07-31 05:47:28 -0400 (Sat, 31 Jul 2021)
EndedAt: 2021-07-31 05:55:06 -0400 (Sat, 31 Jul 2021)
EllapsedTime: 458.6 seconds
RetCode: 0
Status:   WARNINGS  
CheckDir: pwOmics.Rcheck
Warnings: 1

Command output

##############################################################################
##############################################################################
###
### Running command:
###
###   /Library/Frameworks/R.framework/Resources/bin/R CMD check --install=check:pwOmics.install-out.txt --library=/Library/Frameworks/R.framework/Resources/library --no-vignettes --timings pwOmics_1.25.0.tar.gz
###
##############################################################################
##############################################################################


* using log directory ‘/Users/biocbuild/bbs-3.14-bioc/meat/pwOmics.Rcheck’
* using R version 4.1.0 RC (2021-05-16 r80304)
* using platform: x86_64-apple-darwin17.0 (64-bit)
* using session charset: UTF-8
* using option ‘--no-vignettes’
* checking for file ‘pwOmics/DESCRIPTION’ ... OK
* checking extension type ... Package
* this is package ‘pwOmics’ version ‘1.25.0’
* checking package namespace information ... OK
* checking package dependencies ... OK
* checking if this is a source package ... OK
* checking if there is a namespace ... OK
* checking for hidden files and directories ... OK
* checking for portable file names ... OK
* checking for sufficient/correct file permissions ... OK
* checking whether package ‘pwOmics’ can be installed ... OK
* checking installed package size ... OK
* checking package directory ... OK
* checking DESCRIPTION meta-information ... OK
* checking top-level files ... OK
* checking for left-over files ... OK
* checking index information ... OK
* checking package subdirectories ... OK
* checking R files for non-ASCII characters ... OK
* checking R files for syntax errors ... OK
* checking whether the package can be loaded ... OK
* checking whether the package can be loaded with stated dependencies ... OK
* checking whether the package can be unloaded cleanly ... OK
* checking whether the namespace can be loaded with stated dependencies ... OK
* checking whether the namespace can be unloaded cleanly ... OK
* checking dependencies in R code ... OK
* checking S3 generic/method consistency ... OK
* checking replacement functions ... OK
* checking foreign function calls ... OK
* checking R code for possible problems ... NOTE
identifyPWTFTGs: no visible binding for global variable ‘upreg’
identifyPWTFTGs: no visible binding for global variable ‘phosphoeffect’
infoConsensusGraph: no visible global function definition for ‘from’
Undefined global functions or variables:
  from phosphoeffect upreg
* checking Rd files ... OK
* checking Rd metadata ... OK
* checking Rd cross-references ... OK
* checking for missing documentation entries ... OK
* checking for code/documentation mismatches ... OK
* checking Rd \usage sections ... WARNING
Documented arguments not in \usage in documentation object 'plotTimeProfileClusters':
  ‘...’

Documented arguments not in \usage in documentation object 'temp_correlations':
  ‘...’

Functions with \usage entries need to have the appropriate \alias
entries, and all their arguments documented.
The \usage entries must correspond to syntactically valid R code.
See chapter ‘Writing R documentation files’ in the ‘Writing R
Extensions’ manual.
* checking Rd contents ... OK
* checking for unstated dependencies in examples ... OK
* checking contents of ‘data’ directory ... OK
* checking data for non-ASCII characters ... OK
* checking data for ASCII and uncompressed saves ... OK
* checking examples ... OK
Examples with CPU (user + system) or elapsed time > 5s
                     user system elapsed
temp_correlations 264.532  1.286 267.268
* checking for unstated dependencies in ‘tests’ ... OK
* checking tests ...
  Running ‘runTests.R’
 OK
* checking PDF version of manual ... OK
* DONE

Status: 1 WARNING, 1 NOTE
See
  ‘/Users/biocbuild/bbs-3.14-bioc/meat/pwOmics.Rcheck/00check.log’
for details.



Installation output

pwOmics.Rcheck/00install.out

##############################################################################
##############################################################################
###
### Running command:
###
###   /Library/Frameworks/R.framework/Resources/bin/R CMD INSTALL pwOmics
###
##############################################################################
##############################################################################


* installing to library ‘/Library/Frameworks/R.framework/Versions/4.1/Resources/library’
* installing *source* package ‘pwOmics’ ...
** using staged installation
** R
** data
** inst
** byte-compile and prepare package for lazy loading
** help
*** installing help indices
** building package indices
** testing if installed package can be loaded from temporary location
** testing if installed package can be loaded from final location
** testing if installed package keeps a record of temporary installation path
* DONE (pwOmics)

Tests output

pwOmics.Rcheck/tests/runTests.Rout


R version 4.1.0 RC (2021-05-16 r80304) -- "Camp Pontanezen"
Copyright (C) 2021 The R Foundation for Statistical Computing
Platform: x86_64-apple-darwin17.0 (64-bit)

R is free software and comes with ABSOLUTELY NO WARRANTY.
You are welcome to redistribute it under certain conditions.
Type 'license()' or 'licence()' for distribution details.

R is a collaborative project with many contributors.
Type 'contributors()' for more information and
'citation()' on how to cite R or R packages in publications.

Type 'demo()' for some demos, 'help()' for on-line help, or
'help.start()' for an HTML browser interface to help.
Type 'q()' to quit R.

> BiocGenerics:::testPackage("pwOmics")


RUNIT TEST PROTOCOL -- Sat Jul 31 05:54:57 2021 
*********************************************** 
Number of test functions: 0 
Number of errors: 0 
Number of failures: 0 

 
1 Test Suite : 
pwOmics RUnit Tests - 0 test functions, 0 errors, 0 failures
Number of test functions: 0 
Number of errors: 0 
Number of failures: 0 
> 
> proc.time()
   user  system elapsed 
  8.099   0.380   8.468 

Example timings

pwOmics.Rcheck/pwOmics-Ex.timings

nameusersystemelapsed
clusterTimeProfiles0.0000.0010.000
consDynamicNet0.0000.0010.000
findSignalingAxes0.0000.0010.001
generate_DSSignalingBase000
getBiopaxModel0.0010.0000.000
getDS_PWs0.0000.0010.001
getDS_TFs000
getDS_TGs0.0010.0000.000
getGenesIntersection0.0000.0010.001
getOmicsDataset000
getOmicsTimepoints000
getOmicsallGeneIDs000
getOmicsallProteinIDs000
getProteinIntersection0.0000.0000.001
getTFIntersection0.0000.0000.001
getUS_PWs0.0010.0000.000
getUS_TFs0.0000.0010.001
getUS_regulators000
get_matching_transcripts0.0000.0000.001
gettpIntersection0.0000.0010.000
identifyPR000
identifyPWTFTGs0.0000.0010.000
identifyPWs0.0000.0000.001
identifyRsofTFs0.0000.0000.001
identifyTFs0.0010.0010.000
infoConsensusGraph000
plotConsDynNet0.0000.0000.001
plotConsensusGraph000
plotConsensusProfiles0.0000.0010.001
plotTimeProfileClusters0.0010.0010.000
readOmics000
readPWdata000
readPhosphodata000
readTFdata000
staticConsensusNet0.0000.0010.001
temp_correlations264.532 1.286267.268