Back to Multiple platform build/check report for BioC 3.20:   simplified   long
ABCDEFGHIJKLMNO[P]QRSTUVWXYZ

This page was generated on 2024-05-15 13:46:40 -0400 (Wed, 15 May 2024).

HostnameOSArch (*)R versionInstalled pkgs
nebbiolo2Linux (Ubuntu 22.04.3 LTS)x86_644.4.0 RC (2024-04-16 r86468) -- "Puppy Cup" 4663
kunpeng2Linux (openEuler 22.03 LTS-SP1)aarch644.4.0 beta (2024-04-15 r86425) -- "Puppy Cup" 4480
Click on any hostname to see more info about the system (e.g. compilers)      (*) as reported by 'uname -p', except on Windows and Mac OS X

Package 1551/2230HostnameOS / ArchINSTALLBUILDCHECKBUILD BIN
primirTSS 1.23.0  (landing page)
Pumin Li
Snapshot Date: 2024-05-13 14:05:07 -0400 (Mon, 13 May 2024)
git_url: https://git.bioconductor.org/packages/primirTSS
git_branch: devel
git_last_commit: e1f8021
git_last_commit_date: 2024-04-30 11:08:56 -0400 (Tue, 30 Apr 2024)
nebbiolo2Linux (Ubuntu 22.04.3 LTS) / x86_64  OK    OK    WARNINGS  UNNEEDED, same version is already published
kunpeng2Linux (openEuler 22.03 LTS-SP1) / aarch64  OK    OK    WARNINGS  
kjohnson1macOS 13.6.6 Ventura / arm64see weekly results here

CHECK results for primirTSS on kunpeng2


To the developers/maintainers of the primirTSS package:
- Allow up to 24 hours (and sometimes 48 hours) for your latest push to git@git.bioconductor.org:packages/primirTSS.git to reflect on this report. See Troubleshooting Build Report for more information.
- Use the following Renviron settings to reproduce errors and warnings.
- If 'R CMD check' started to fail recently on the Linux builder(s) over a missing dependency, add the missing dependency to 'Suggests:' in your DESCRIPTION file. See Renviron.bioc for more information.
- See Martin Grigorov's blog post for how to debug Linux ARM64 related issues on a x86_64 host.

raw results


Summary

Package: primirTSS
Version: 1.22.0
Command: /home/biocbuild/R/R-beta-2024-04-15_r86425/bin/R CMD check --install=check:primirTSS.install-out.txt --library=/home/biocbuild/R/R-beta-2024-04-15_r86425/site-library --no-vignettes --timings primirTSS_1.22.0.tar.gz
StartedAt: 2024-05-09 10:41:27 -0000 (Thu, 09 May 2024)
EndedAt: 2024-05-09 10:47:15 -0000 (Thu, 09 May 2024)
EllapsedTime: 347.6 seconds
RetCode: 0
Status:   WARNINGS  
CheckDir: primirTSS.Rcheck
Warnings: 1

Command output

##############################################################################
##############################################################################
###
### Running command:
###
###   /home/biocbuild/R/R-beta-2024-04-15_r86425/bin/R CMD check --install=check:primirTSS.install-out.txt --library=/home/biocbuild/R/R-beta-2024-04-15_r86425/site-library --no-vignettes --timings primirTSS_1.22.0.tar.gz
###
##############################################################################
##############################################################################


* using log directory ‘/home/biocbuild/bbs-3.19-bioc/meat/primirTSS.Rcheck’
* using R version 4.4.0 beta (2024-04-15 r86425)
* using platform: aarch64-unknown-linux-gnu
* R was compiled by
    gcc (GCC) 10.3.1
    GNU Fortran (GCC) 10.3.1
* running under: openEuler 22.03 (LTS-SP1)
* using session charset: UTF-8
* using option ‘--no-vignettes’
* checking for file ‘primirTSS/DESCRIPTION’ ... OK
* this is package ‘primirTSS’ version ‘1.22.0’
* package encoding: UTF-8
* checking package namespace information ... OK
* checking package dependencies ... OK
* checking if this is a source package ... OK
* checking if there is a namespace ... OK
* checking for hidden files and directories ... OK
* checking for portable file names ... OK
* checking for sufficient/correct file permissions ... OK
* checking whether package ‘primirTSS’ can be installed ... OK
* checking installed package size ... OK
* checking package directory ... OK
* checking ‘build’ directory ... OK
* checking DESCRIPTION meta-information ... OK
* checking top-level files ... OK
* checking for left-over files ... OK
* checking index information ... OK
* checking package subdirectories ... OK
* checking code files for non-ASCII characters ... OK
* checking R files for syntax errors ... OK
* checking whether the package can be loaded ... OK
* checking whether the package can be loaded with stated dependencies ... OK
* checking whether the package can be unloaded cleanly ... OK
* checking whether the namespace can be loaded with stated dependencies ... OK
* checking whether the namespace can be unloaded cleanly ... OK
* checking loading without being on the library search path ... OK
* checking dependencies in R code ... WARNING
'::' or ':::' import not declared from: 'magrittr'
* checking S3 generic/method consistency ... OK
* checking replacement functions ... OK
* checking foreign function calls ... OK
* checking R code for possible problems ... NOTE
check_DHS_df: no visible binding for global variable ‘can_tss’
check_DHS_df: no visible binding for global variable ‘new_info’
check_DHS_s: no visible binding for global variable ‘dhs_p1’
check_DHS_s: no visible binding for global variable ‘dhs_p2’
eponine_score: no visible binding for global variable ‘previous’
eponine_score: no visible binding for global variable
  ‘histone_p1_flank’
eponine_score: no visible binding for global variable
  ‘histone_p2_flank’
eponine_score: no visible binding for global variable ‘tss_p1’
eponine_score: no visible binding for global variable ‘tss_p2’
find_nearest_peak: no visible binding for global variable ‘mir_name’
find_nearest_peak: no visible binding for global variable ‘start1’
find_nearest_peak: no visible binding for global variable ‘end1’
mir_tf: no visible binding for global variable ‘arrow’
mir_tf: no visible binding for global variable ‘seqname’
mir_tf: no visible binding for global variable ‘TF’
mir_tf: no visible binding for global variable ‘TF_class’
phast_score: no visible binding for global variable ‘loci’
phast_score: no visible binding for global variable ‘eponine_rank’
phast_score: no visible binding for global variable ‘phast_rank’
phast_score: no visible binding for global variable ‘e_p_rank’
phast_score_plot: no visible binding for global variable ‘loci’
plot_primiRNA_track: no visible binding for global variable
  ‘predicted_tss’
plot_primiRNA_track: no visible binding for global variable
  ‘symbol_name’
plot_primiRNA_track: no visible binding for global variable
  ‘stem_loop_p1’
plot_primiRNA_track: no visible binding for global variable
  ‘stem_loop_p2’
plot_primiRNA_track: no visible binding for global variable ‘gene_id’
plot_primiRNA_track: no visible binding for global variable ‘gene_p1’
plot_primiRNA_track: no visible binding for global variable ‘gene_p2’
plot_primiRNA_track: no visible binding for global variable ‘tss_p1’
plot_primiRNA_track: no visible binding for global variable ‘tss_p2’
require_fa: no visible binding for global variable ‘arrow’
tss_filter: no visible binding for global variable ‘gene_id’
tss_filter: no visible binding for global variable ‘new_info’
tss_filter: no visible binding for global variable ‘predicted_tss’
tss_filter: no visible binding for global variable ‘tss_type’
Undefined global functions or variables:
  TF TF_class arrow can_tss dhs_p1 dhs_p2 e_p_rank end1 eponine_rank
  gene_id gene_p1 gene_p2 histone_p1_flank histone_p2_flank loci
  mir_name new_info phast_rank predicted_tss previous seqname start1
  stem_loop_p1 stem_loop_p2 symbol_name tss_p1 tss_p2 tss_type
* checking Rd files ... OK
* checking Rd metadata ... OK
* checking Rd cross-references ... OK
* checking for missing documentation entries ... OK
* checking for code/documentation mismatches ... OK
* checking Rd \usage sections ... OK
* checking Rd contents ... OK
* checking for unstated dependencies in examples ... OK
* checking R/sysdata.rda ... OK
* checking files in ‘vignettes’ ... OK
* checking examples ... OK
* checking for unstated dependencies in vignettes ... OK
* checking package vignettes ... OK
* checking running R code from vignettes ... SKIPPED
* checking re-building of vignette outputs ... SKIPPED
* checking PDF version of manual ... OK
* DONE

Status: 1 WARNING, 1 NOTE
See
  ‘/home/biocbuild/bbs-3.19-bioc/meat/primirTSS.Rcheck/00check.log’
for details.


Installation output

primirTSS.Rcheck/00install.out

##############################################################################
##############################################################################
###
### Running command:
###
###   /home/biocbuild/R/R-beta-2024-04-15_r86425/bin/R CMD INSTALL primirTSS
###
##############################################################################
##############################################################################


* installing to library ‘/home/biocbuild/R/R-beta-2024-04-15_r86425/site-library’
* installing *source* package ‘primirTSS’ ...
** using staged installation
** R
** inst
** byte-compile and prepare package for lazy loading
Warning: replacing previous import ‘utils::findMatches’ by ‘S4Vectors::findMatches’ when loading ‘phastCons100way.UCSC.hg38’
** help
*** installing help indices
** building package indices
** installing vignettes
** testing if installed package can be loaded from temporary location
Warning: replacing previous import ‘utils::findMatches’ by ‘S4Vectors::findMatches’ when loading ‘phastCons100way.UCSC.hg38’
** testing if installed package can be loaded from final location
Warning: replacing previous import ‘utils::findMatches’ by ‘S4Vectors::findMatches’ when loading ‘phastCons100way.UCSC.hg38’
** testing if installed package keeps a record of temporary installation path
* DONE (primirTSS)

Tests output


Example timings

primirTSS.Rcheck/primirTSS-Ex.timings

nameusersystemelapsed
find_tss0.0540.0080.063
peak_join0.4150.0760.492
peak_merge0.0870.0040.091
plot_primiRNA0.0150.0040.019
run_primirTSSapp000
trans_cor0.3390.0110.357