Back to Multiple platform build/check report for BioC 3.20:   simplified   long
ABCDEFGHIJKL[M]NOPQRSTUVWXYZ

This page was generated on 2024-07-15 11:42 -0400 (Mon, 15 Jul 2024).

HostnameOSArch (*)R versionInstalled pkgs
nebbiolo2Linux (Ubuntu 22.04.3 LTS)x86_644.4.1 (2024-06-14) -- "Race for Your Life" 4677
palomino6Windows Server 2022 Datacenterx644.4.1 (2024-06-14 ucrt) -- "Race for Your Life" 4416
lconwaymacOS 12.7.1 Montereyx86_644.4.1 (2024-06-14) -- "Race for Your Life" 4444
kjohnson3macOS 13.6.5 Venturaarm644.4.1 (2024-06-14) -- "Race for Your Life" 4393
palomino8Windows Server 2022 Datacenterx644.4.1 (2024-06-14 ucrt) -- "Race for Your Life" 4373
Click on any hostname to see more info about the system (e.g. compilers)      (*) as reported by 'uname -p', except on Windows and Mac OS X

Package 1253/2243HostnameOS / ArchINSTALLBUILDCHECKBUILD BIN
miRLAB 1.35.0  (landing page)
Thuc Duy Le
Snapshot Date: 2024-07-14 14:00 -0400 (Sun, 14 Jul 2024)
git_url: https://git.bioconductor.org/packages/miRLAB
git_branch: devel
git_last_commit: 71301a0
git_last_commit_date: 2024-04-30 10:44:45 -0400 (Tue, 30 Apr 2024)
nebbiolo2Linux (Ubuntu 22.04.3 LTS) / x86_64  OK    OK    WARNINGS  UNNEEDED, same version is already published
palomino6Windows Server 2022 Datacenter / x64  OK    OK    WARNINGS    OK  
lconwaymacOS 12.7.1 Monterey / x86_64  OK    OK    WARNINGS    OK  UNNEEDED, same version is already published
kjohnson3macOS 13.6.5 Ventura / arm64  OK    OK    WARNINGS    OK  UNNEEDED, same version is already published
palomino8Windows Server 2022 Datacenter / x64  OK    OK    WARNINGS    OK  


CHECK results for miRLAB on lconway

To the developers/maintainers of the miRLAB package:
- Allow up to 24 hours (and sometimes 48 hours) for your latest push to git@git.bioconductor.org:packages/miRLAB.git to reflect on this report. See Troubleshooting Build Report for more information.
- Use the following Renviron settings to reproduce errors and warnings.
- If 'R CMD check' started to fail recently on the Linux builder(s) over a missing dependency, add the missing dependency to 'Suggests:' in your DESCRIPTION file. See Renviron.bioc for more information.

raw results


Summary

Package: miRLAB
Version: 1.35.0
Command: /Library/Frameworks/R.framework/Resources/bin/R CMD check --install=check:miRLAB.install-out.txt --library=/Library/Frameworks/R.framework/Resources/library --no-vignettes --timings miRLAB_1.35.0.tar.gz
StartedAt: 2024-07-14 21:49:59 -0400 (Sun, 14 Jul 2024)
EndedAt: 2024-07-14 21:54:39 -0400 (Sun, 14 Jul 2024)
EllapsedTime: 279.7 seconds
RetCode: 0
Status:   WARNINGS  
CheckDir: miRLAB.Rcheck
Warnings: 1

Command output

##############################################################################
##############################################################################
###
### Running command:
###
###   /Library/Frameworks/R.framework/Resources/bin/R CMD check --install=check:miRLAB.install-out.txt --library=/Library/Frameworks/R.framework/Resources/library --no-vignettes --timings miRLAB_1.35.0.tar.gz
###
##############################################################################
##############################################################################


* using log directory ‘/Users/biocbuild/bbs-3.20-bioc/meat/miRLAB.Rcheck’
* using R version 4.4.1 (2024-06-14)
* using platform: x86_64-apple-darwin20
* R was compiled by
    Apple clang version 14.0.0 (clang-1400.0.29.202)
    GNU Fortran (GCC) 12.2.0
* running under: macOS Monterey 12.7.1
* using session charset: UTF-8
* using option ‘--no-vignettes’
* checking for file ‘miRLAB/DESCRIPTION’ ... OK
* checking extension type ... Package
* this is package ‘miRLAB’ version ‘1.35.0’
* checking package namespace information ... OK
* checking package dependencies ... OK
* checking if this is a source package ... OK
* checking if there is a namespace ... OK
* checking for hidden files and directories ... OK
* checking for portable file names ... OK
* checking for sufficient/correct file permissions ... OK
* checking whether package ‘miRLAB’ can be installed ... WARNING
Found the following significant warnings:
  Note: possible error in 'GDCquery(project = project, ': unused arguments (file.type = file_type, legacy = TRUE) 
See ‘/Users/biocbuild/bbs-3.20-bioc/meat/miRLAB.Rcheck/00install.out’ for details.
Information on the location(s) of code generating the ‘Note’s can be
obtained by re-running with environment variable R_KEEP_PKG_SOURCE set
to ‘yes’.
* checking installed package size ... OK
* checking package directory ... OK
* checking ‘build’ directory ... OK
* checking DESCRIPTION meta-information ... OK
* checking top-level files ... OK
* checking for left-over files ... OK
* checking index information ... OK
* checking package subdirectories ... OK
* checking code files for non-ASCII characters ... OK
* checking R files for syntax errors ... OK
* checking whether the package can be loaded ... OK
* checking whether the package can be loaded with stated dependencies ... OK
* checking whether the package can be unloaded cleanly ... OK
* checking whether the namespace can be loaded with stated dependencies ... OK
* checking whether the namespace can be unloaded cleanly ... OK
* checking dependencies in R code ... OK
* checking S3 generic/method consistency ... OK
* checking replacement functions ... OK
* checking foreign function calls ... OK
* checking R code for possible problems ... NOTE
TCGAdownload: possible error in GDCquery(project = project,
  data.category = data_category, data.type = data_type, platform =
  "Illumina HiSeq", file.type = file_type, legacy = TRUE, access =
  "open", experimental.strategy = experimental_strategy, ): unused
  arguments (file.type = file_type, legacy = TRUE)
TCGAdownload: possible error in GDCquery(project = project,
  data.category = data_category, data.type = data_type, file.type =
  file_type, legacy = TRUE, access = "open", experimental.strategy =
  experimental_strategy, sample.type = sample_type, barcode =
  getcases): unused arguments (file.type = file_type, legacy = TRUE)
* checking Rd files ... OK
* checking Rd metadata ... OK
* checking Rd cross-references ... OK
* checking for missing documentation entries ... OK
* checking for code/documentation mismatches ... OK
* checking Rd \usage sections ... OK
* checking Rd contents ... OK
* checking for unstated dependencies in examples ... OK
* checking files in ‘vignettes’ ... OK
* checking examples ... OK
* checking for unstated dependencies in ‘tests’ ... OK
* checking tests ...
  Running ‘runTests.R’
 OK
* checking for unstated dependencies in vignettes ... OK
* checking package vignettes ... OK
* checking running R code from vignettes ... SKIPPED
* checking re-building of vignette outputs ... SKIPPED
* checking PDF version of manual ... OK
* DONE

Status: 1 WARNING, 1 NOTE
See
  ‘/Users/biocbuild/bbs-3.20-bioc/meat/miRLAB.Rcheck/00check.log’
for details.


Installation output

miRLAB.Rcheck/00install.out

##############################################################################
##############################################################################
###
### Running command:
###
###   /Library/Frameworks/R.framework/Resources/bin/R CMD INSTALL miRLAB
###
##############################################################################
##############################################################################


* installing to library ‘/Library/Frameworks/R.framework/Versions/4.4-x86_64/Resources/library’
* installing *source* package ‘miRLAB’ ...
** using staged installation
** R
** inst
** byte-compile and prepare package for lazy loading
Note: possible error in 'GDCquery(project = project, ': unused arguments (file.type = file_type, legacy = TRUE) 
Note: possible error in 'GDCquery(project = project, ': unused arguments (file.type = file_type, legacy = TRUE) 
** help
*** installing help indices
** building package indices
** installing vignettes
** testing if installed package can be loaded from temporary location
** testing if installed package can be loaded from final location
** testing if installed package keeps a record of temporary installation path
* DONE (miRLAB)

Tests output

miRLAB.Rcheck/tests/runTests.Rout


R version 4.4.1 (2024-06-14) -- "Race for Your Life"
Copyright (C) 2024 The R Foundation for Statistical Computing
Platform: x86_64-apple-darwin20

R is free software and comes with ABSOLUTELY NO WARRANTY.
You are welcome to redistribute it under certain conditions.
Type 'license()' or 'licence()' for distribution details.

R is a collaborative project with many contributors.
Type 'contributors()' for more information and
'citation()' on how to cite R or R packages in publications.

Type 'demo()' for some demos, 'help()' for on-line help, or
'help.start()' for an HTML browser interface to help.
Type 'q()' to quit R.

> BiocGenerics:::testPackage("miRLAB")
Loading required package: amap


RUNIT TEST PROTOCOL -- Sun Jul 14 21:54:29 2024 
*********************************************** 
Number of test functions: 1 
Number of errors: 0 
Number of failures: 0 

 
1 Test Suite : 
miRLAB RUnit Tests - 1 test function, 0 errors, 0 failures
Number of test functions: 1 
Number of errors: 0 
Number of failures: 0 
> 
> proc.time()
   user  system elapsed 
 12.268   0.791  13.115 

Example timings

miRLAB.Rcheck/miRLAB-Ex.timings

nameusersystemelapsed
Borda0.1120.0080.122
BordaTopk0.0470.0020.050
Dcov0.0160.0040.021
Elastic0.0570.0030.060
Extopk0.0070.0020.008
GOBPenrichment000
Hoeffding0.0210.0020.023
IDA0.0430.0020.045
ImputeNormData0.0100.0010.012
KEGGenrichment000
Kendall0.0080.0020.009
Lasso0.0350.0020.038
MI0.0590.0040.063
Pearson0.0060.0010.007
RDC0.0960.0040.100
Read0.0030.0010.004
ReadExtResult000
Spearman0.0080.0010.010
Standardise0.0010.0010.000
ValidateAll0.0000.0000.001
Validation0.0120.0020.014
ValidationT000
Zscore0.0050.0000.007
bRank0.0060.0010.007
convert0.0180.0030.022
filterAndCompare000
readHeader0.0040.0010.004