Back to Multiple platform build/check report for BioC 3.20:   simplified   long
AB[C]DEFGHIJKLMNOPQRSTUVWXYZ

This page was generated on 2024-06-21 13:21 -0400 (Fri, 21 Jun 2024).

HostnameOSArch (*)R versionInstalled pkgs
nebbiolo2Linux (Ubuntu 22.04.3 LTS)x86_644.4.0 RC (2024-04-16 r86468) -- "Puppy Cup" 4690
lconwaymacOS 12.7.1 Montereyx86_644.4.1 RC (2024-06-06 r86719) -- "Race for Your Life" 4404
kjohnson3macOS 13.6.5 Venturaarm644.4.1 RC (2024-06-06 r86719) -- "Race for Your Life" 4353
Click on any hostname to see more info about the system (e.g. compilers)      (*) as reported by 'uname -p', except on Windows and Mac OS X

Package 338/2242HostnameOS / ArchINSTALLBUILDCHECKBUILD BIN
chopsticks 1.71.0  (landing page)
Hin-Tak Leung
Snapshot Date: 2024-06-20 14:00 -0400 (Thu, 20 Jun 2024)
git_url: https://git.bioconductor.org/packages/chopsticks
git_branch: devel
git_last_commit: 37ef827
git_last_commit_date: 2024-04-30 10:23:29 -0400 (Tue, 30 Apr 2024)
nebbiolo2Linux (Ubuntu 22.04.3 LTS) / x86_64  OK    OK    WARNINGS  UNNEEDED, same version is already published
lconwaymacOS 12.7.1 Monterey / x86_64  OK    OK    WARNINGS    OK  UNNEEDED, same version is already published
kjohnson3macOS 13.6.5 Ventura / arm64  OK    OK    WARNINGS    OK  UNNEEDED, same version is already published


CHECK results for chopsticks on nebbiolo2

To the developers/maintainers of the chopsticks package:
- Allow up to 24 hours (and sometimes 48 hours) for your latest push to git@git.bioconductor.org:packages/chopsticks.git to reflect on this report. See Troubleshooting Build Report for more information.
- Use the following Renviron settings to reproduce errors and warnings.
- If 'R CMD check' started to fail recently on the Linux builder(s) over a missing dependency, add the missing dependency to 'Suggests:' in your DESCRIPTION file. See Renviron.bioc for more information.

raw results


Summary

Package: chopsticks
Version: 1.71.0
Command: /home/biocbuild/bbs-3.20-bioc/R/bin/R CMD check --install=check:chopsticks.install-out.txt --library=/home/biocbuild/bbs-3.20-bioc/R/site-library --timings chopsticks_1.71.0.tar.gz
StartedAt: 2024-06-20 21:37:37 -0400 (Thu, 20 Jun 2024)
EndedAt: 2024-06-20 21:38:35 -0400 (Thu, 20 Jun 2024)
EllapsedTime: 58.1 seconds
RetCode: 0
Status:   WARNINGS  
CheckDir: chopsticks.Rcheck
Warnings: 3

Command output

##############################################################################
##############################################################################
###
### Running command:
###
###   /home/biocbuild/bbs-3.20-bioc/R/bin/R CMD check --install=check:chopsticks.install-out.txt --library=/home/biocbuild/bbs-3.20-bioc/R/site-library --timings chopsticks_1.71.0.tar.gz
###
##############################################################################
##############################################################################


* using log directory ‘/home/biocbuild/bbs-3.20-bioc/meat/chopsticks.Rcheck’
* using R version 4.4.0 RC (2024-04-16 r86468)
* using platform: x86_64-pc-linux-gnu
* R was compiled by
    gcc (Ubuntu 11.4.0-1ubuntu1~22.04) 11.4.0
    GNU Fortran (Ubuntu 11.4.0-1ubuntu1~22.04) 11.4.0
* running under: Ubuntu 22.04.4 LTS
* using session charset: UTF-8
* checking for file ‘chopsticks/DESCRIPTION’ ... OK
* this is package ‘chopsticks’ version ‘1.71.0’
* checking package namespace information ... OK
* checking package dependencies ... OK
* checking if this is a source package ... OK
* checking if there is a namespace ... OK
* checking for hidden files and directories ... OK
* checking for portable file names ... OK
* checking for sufficient/correct file permissions ... OK
* checking whether package ‘chopsticks’ can be installed ... WARNING
Found the following significant warnings:
  inputNew.c:612:17: warning: format ‘%d’ expects a matching ‘int’ argument [-Wformat=]
  /usr/include/x86_64-linux-gnu/bits/string_fortified.h:95:10: warning: ‘__builtin_strncpy’ output may be truncated copying 127 bytes from a string of length 127 [-Wstringop-truncation]
  readped.c:233:33: warning: ‘%d’ directive output may be truncated writing between 1 and 11 bytes into a region of size between 0 and 80 [-Wformat-truncation=]
See ‘/home/biocbuild/bbs-3.20-bioc/meat/chopsticks.Rcheck/00install.out’ for details.
* used C compiler: ‘gcc (Ubuntu 11.4.0-1ubuntu1~22.04) 11.4.0’
* checking installed package size ... NOTE
  installed size is  5.6Mb
  sub-directories of 1Mb or more:
    data   4.1Mb
* checking package directory ... OK
* checking ‘build’ directory ... OK
* checking DESCRIPTION meta-information ... NOTE
Malformed Description field: should contain one or more complete sentences.
* checking top-level files ... OK
* checking for left-over files ... OK
* checking index information ... OK
* checking package subdirectories ... OK
* checking code files for non-ASCII characters ... OK
* checking R files for syntax errors ... OK
* checking whether the package can be loaded ... OK
* checking whether the package can be loaded with stated dependencies ... OK
* checking whether the package can be unloaded cleanly ... OK
* checking whether the namespace can be loaded with stated dependencies ... OK
* checking whether the namespace can be unloaded cleanly ... OK
* checking loading without being on the library search path ... OK
* checking whether startup messages can be suppressed ... OK
* checking dependencies in R code ... OK
* checking S3 generic/method consistency ... OK
* checking replacement functions ... OK
* checking foreign function calls ... OK
* checking R code for possible problems ... OK
* checking Rd files ... NOTE
checkRd: (-1) for.exercise.Rd:29-33: Lost braces in \itemize; meant \describe ?
checkRd: (-1) for.exercise.Rd:34-39: Lost braces in \itemize; meant \describe ?
checkRd: (-1) for.exercise.Rd:40-44: Lost braces in \itemize; meant \describe ?
checkRd: (-1) glm.test.control.Rd:30-32: Lost braces in \enumerate; meant \describe ?
checkRd: (-1) glm.test.control.Rd:33-37: Lost braces in \enumerate; meant \describe ?
prepare_Rd: ibs.stats.Rd:28: Dropping empty section \references
prepare_Rd: ibs.stats.Rd:49: Dropping empty section \seealso
prepare_Rd: read.pedfile.info.Rd:31-32: Dropping empty section \examples
prepare_Rd: read.pedfile.map.Rd:31-32: Dropping empty section \examples
prepare_Rd: read.snps.chiamo.Rd:37-38: Dropping empty section \note
checkRd: (-1) read.snps.long.old.Rd:81: Lost braces in \enumerate; meant \describe ?
checkRd: (-1) read.snps.long.old.Rd:82: Lost braces in \enumerate; meant \describe ?
prepare_Rd: read.wtccc.signals.Rd:58: Dropping empty section \seealso
checkRd: (-1) read.wtccc.signals.Rd:30: Escaped LaTeX specials: \_ \_
checkRd: (-1) snp.lhs.tests.Rd:36: Lost braces
    36 |     new terms to be tested. See\ code{\link{glm.test.control}}}
       |                                      ^
checkRd: (-1) snp.rhs.tests.Rd:42: Lost braces
    42 |     new terms to be tested. See\ code{\link{glm.test.control}}}
       |                                      ^
checkRd: (-1) snpMatrix-package.Rd:21: Escaped LaTeX specials: \_ \_
checkRd: (-1) testdata.Rd:21-22: Lost braces in \itemize; meant \describe ?
checkRd: (-1) testdata.Rd:23-25: Lost braces in \itemize; meant \describe ?
checkRd: (-1) testdata.Rd:26-29: Lost braces in \itemize; meant \describe ?
checkRd: (-1) testdata.Rd:30-32: Lost braces in \itemize; meant \describe ?
checkRd: (-1) testdata.Rd:33-41: Lost braces in \itemize; meant \describe ?
checkRd: (-1) testdata.Rd:37: Lost braces in \itemize; meant \describe ?
checkRd: (-1) testdata.Rd:38: Lost braces in \itemize; meant \describe ?
checkRd: (-1) testdata.Rd:39: Lost braces in \itemize; meant \describe ?
prepare_Rd: wtccc.sample.list.Rd:36-37: Dropping empty section \note
prepare_Rd: wtccc.sample.list.Rd:39-40: Dropping empty section \examples
checkRd: (-1) wtccc.sample.list.Rd:26: Escaped LaTeX specials: \_ \_
* checking Rd metadata ... NOTE
Invalid package aliases in Rd file 'snpMatrix-package.Rd':
  ‘snpMatrix-package’
* checking Rd cross-references ... OK
* checking for missing documentation entries ... OK
* checking for code/documentation mismatches ... OK
* checking Rd \usage sections ... OK
* checking Rd contents ... OK
* checking for unstated dependencies in examples ... OK
* checking contents of ‘data’ directory ... OK
* checking data for non-ASCII characters ... OK
* checking data for ASCII and uncompressed saves ... WARNING
  Warning: package needs dependence on R (>= 2.10)
* checking line endings in C/C++/Fortran sources/headers ... OK
* checking compiled code ... WARNING
Note: information on .o files is not available
File ‘/home/biocbuild/bbs-3.20-bioc/R/site-library/chopsticks/libs/chopsticks.so’:
  Found ‘__sprintf_chk’, possibly from ‘sprintf’ (C)
File ‘chopsticks/libs/chopsticks.so’:
  Found non-API call to R: ‘R_data_class’

Compiled code should not call entry points which might terminate R nor
write to stdout/stderr instead of to the console, nor use Fortran I/O
nor system RNGs nor [v]sprintf. The detected symbols are linked into
the code but might come from libraries and not actually be called.
Compiled code should not call non-API entry points in R.

See ‘Writing portable packages’ in the ‘Writing R Extensions’ manual.
* checking files in ‘vignettes’ ... OK
* checking examples ... OK
* checking for unstated dependencies in vignettes ... OK
* checking package vignettes ... OK
* checking re-building of vignette outputs ... OK
* checking PDF version of manual ... OK
* DONE

Status: 3 WARNINGs, 4 NOTEs
See
  ‘/home/biocbuild/bbs-3.20-bioc/meat/chopsticks.Rcheck/00check.log’
for details.


Installation output

chopsticks.Rcheck/00install.out

##############################################################################
##############################################################################
###
### Running command:
###
###   /home/biocbuild/bbs-3.20-bioc/R/bin/R CMD INSTALL chopsticks
###
##############################################################################
##############################################################################


* installing to library ‘/home/biocbuild/bbs-3.20-bioc/R/site-library’
* installing *source* package ‘chopsticks’ ...
** using staged installation
** libs
using C compiler: ‘gcc (Ubuntu 11.4.0-1ubuntu1~22.04) 11.4.0’
gcc -I"/home/biocbuild/bbs-3.20-bioc/R/include" -DNDEBUG   -I/usr/local/include    -fpic  -g -O2  -Wall -c adler32.c -o adler32.o
gcc -I"/home/biocbuild/bbs-3.20-bioc/R/include" -DNDEBUG   -I/usr/local/include    -fpic  -g -O2  -Wall -c bind.c -o bind.o
gcc -I"/home/biocbuild/bbs-3.20-bioc/R/include" -DNDEBUG   -I/usr/local/include    -fpic  -g -O2  -Wall -c compress.c -o compress.o
gcc -I"/home/biocbuild/bbs-3.20-bioc/R/include" -DNDEBUG   -I/usr/local/include    -fpic  -g -O2  -Wall -c crc32.c -o crc32.o
gcc -I"/home/biocbuild/bbs-3.20-bioc/R/include" -DNDEBUG   -I/usr/local/include    -fpic  -g -O2  -Wall -c deflate.c -o deflate.o
gcc -I"/home/biocbuild/bbs-3.20-bioc/R/include" -DNDEBUG   -I/usr/local/include    -fpic  -g -O2  -Wall -c force_hom.c -o force_hom.o
gcc -I"/home/biocbuild/bbs-3.20-bioc/R/include" -DNDEBUG   -I/usr/local/include    -fpic  -g -O2  -Wall -c glm_test.c -o glm_test.o
glm_test.c: In function ‘glm_fit’:
glm_test.c:107:31: warning: argument 1 range [18446744071562067968, 18446744073709551615] exceeds maximum object size 9223372036854775807 [-Walloc-size-larger-than=]
  107 |       double *yw = (double *) calloc(N, sizeof(double));
      |                               ^~~~~~~~~~~~~~~~~~~~~~~~~
In file included from glm_test.c:1:
/usr/include/stdlib.h:543:14: note: in a call to allocation function ‘calloc’ declared here
  543 | extern void *calloc (size_t __nmemb, size_t __size)
      |              ^~~~~~
gcc -I"/home/biocbuild/bbs-3.20-bioc/R/include" -DNDEBUG   -I/usr/local/include    -fpic  -g -O2  -Wall -c glm_test_R.c -o glm_test_R.o
gcc -I"/home/biocbuild/bbs-3.20-bioc/R/include" -DNDEBUG   -I/usr/local/include    -fpic  -g -O2  -Wall -c gzio.c -o gzio.o
gcc -I"/home/biocbuild/bbs-3.20-bioc/R/include" -DNDEBUG   -I/usr/local/include    -fpic  -g -O2  -Wall -c hash_index.c -o hash_index.o
gcc -I"/home/biocbuild/bbs-3.20-bioc/R/include" -DNDEBUG   -I/usr/local/include    -fpic  -g -O2  -Wall -c ibs.c -o ibs.o
gcc -I"/home/biocbuild/bbs-3.20-bioc/R/include" -DNDEBUG   -I/usr/local/include    -fpic  -g -O2  -Wall -c in.c -o in.o
gcc -I"/home/biocbuild/bbs-3.20-bioc/R/include" -DNDEBUG   -I/usr/local/include    -fpic  -g -O2  -Wall -c infback.c -o infback.o
gcc -I"/home/biocbuild/bbs-3.20-bioc/R/include" -DNDEBUG   -I/usr/local/include    -fpic  -g -O2  -Wall -c inffast.c -o inffast.o
gcc -I"/home/biocbuild/bbs-3.20-bioc/R/include" -DNDEBUG   -I/usr/local/include    -fpic  -g -O2  -Wall -c inflate.c -o inflate.o
gcc -I"/home/biocbuild/bbs-3.20-bioc/R/include" -DNDEBUG   -I/usr/local/include    -fpic  -g -O2  -Wall -c inftrees.c -o inftrees.o
gcc -I"/home/biocbuild/bbs-3.20-bioc/R/include" -DNDEBUG   -I/usr/local/include    -fpic  -g -O2  -Wall -c input.c -o input.o
gcc -I"/home/biocbuild/bbs-3.20-bioc/R/include" -DNDEBUG   -I/usr/local/include    -fpic  -g -O2  -Wall -c inputNew.c -o inputNew.o
inputNew.c: In function ‘insnp_new’:
inputNew.c:612:17: warning: format ‘%d’ expects a matching ‘int’ argument [-Wformat=]
  612 |       Rprintf("%d polymorphisms were not SNPs and have been set to NA ");
      |                ~^
      |                 |
      |                 int
In file included from /usr/include/string.h:535,
                 from inputNew.c:4:
In function ‘strncpy’,
    inlined from ‘simplify_names’ at inputNew.c:687:5:
/usr/include/x86_64-linux-gnu/bits/string_fortified.h:95:10: warning: ‘__builtin_strncpy’ output may be truncated copying 127 bytes from a string of length 127 [-Wstringop-truncation]
   95 |   return __builtin___strncpy_chk (__dest, __src, __len,
      |          ^~~~~~~~~~~~~~~~~~~~~~~~~~~~~~~~~~~~~~~~~~~~~~
   96 |                                   __glibc_objsize (__dest));
      |                                   ~~~~~~~~~~~~~~~~~~~~~~~~~
In function ‘strncpy’,
    inlined from ‘insnp_new’ at inputNew.c:408:4:
/usr/include/x86_64-linux-gnu/bits/string_fortified.h:95:10: warning: ‘__builtin_strncpy’ output may be truncated copying 127 bytes from a string of length 127 [-Wstringop-truncation]
   95 |   return __builtin___strncpy_chk (__dest, __src, __len,
      |          ^~~~~~~~~~~~~~~~~~~~~~~~~~~~~~~~~~~~~~~~~~~~~~
   96 |                                   __glibc_objsize (__dest));
      |                                   ~~~~~~~~~~~~~~~~~~~~~~~~~
In function ‘strncpy’,
    inlined from ‘insnp_new’ at inputNew.c:404:4:
/usr/include/x86_64-linux-gnu/bits/string_fortified.h:95:10: warning: ‘__builtin_strncpy’ output may be truncated copying 127 bytes from a string of length 127 [-Wstringop-truncation]
   95 |   return __builtin___strncpy_chk (__dest, __src, __len,
      |          ^~~~~~~~~~~~~~~~~~~~~~~~~~~~~~~~~~~~~~~~~~~~~~
   96 |                                   __glibc_objsize (__dest));
      |                                   ~~~~~~~~~~~~~~~~~~~~~~~~~
In function ‘strncpy’,
    inlined from ‘insnp_new’ at inputNew.c:401:4:
/usr/include/x86_64-linux-gnu/bits/string_fortified.h:95:10: warning: ‘__builtin_strncpy’ output may be truncated copying 127 bytes from a string of length 127 [-Wstringop-truncation]
   95 |   return __builtin___strncpy_chk (__dest, __src, __len,
      |          ^~~~~~~~~~~~~~~~~~~~~~~~~~~~~~~~~~~~~~~~~~~~~~
   96 |                                   __glibc_objsize (__dest));
      |                                   ~~~~~~~~~~~~~~~~~~~~~~~~~
In function ‘strncpy’,
    inlined from ‘insnp_new’ at inputNew.c:398:4:
/usr/include/x86_64-linux-gnu/bits/string_fortified.h:95:10: warning: ‘__builtin_strncpy’ output may be truncated copying 127 bytes from a string of length 127 [-Wstringop-truncation]
   95 |   return __builtin___strncpy_chk (__dest, __src, __len,
      |          ^~~~~~~~~~~~~~~~~~~~~~~~~~~~~~~~~~~~~~~~~~~~~~
   96 |                                   __glibc_objsize (__dest));
      |                                   ~~~~~~~~~~~~~~~~~~~~~~~~~
In function ‘strncpy’,
    inlined from ‘insnp_new’ at inputNew.c:395:4:
/usr/include/x86_64-linux-gnu/bits/string_fortified.h:95:10: warning: ‘__builtin_strncpy’ output may be truncated copying 127 bytes from a string of length 127 [-Wstringop-truncation]
   95 |   return __builtin___strncpy_chk (__dest, __src, __len,
      |          ^~~~~~~~~~~~~~~~~~~~~~~~~~~~~~~~~~~~~~~~~~~~~~
   96 |                                   __glibc_objsize (__dest));
      |                                   ~~~~~~~~~~~~~~~~~~~~~~~~~
gcc -I"/home/biocbuild/bbs-3.20-bioc/R/include" -DNDEBUG   -I/usr/local/include    -fpic  -g -O2  -Wall -c input_unsorted.c -o input_unsorted.o
gcc -I"/home/biocbuild/bbs-3.20-bioc/R/include" -DNDEBUG   -I/usr/local/include    -fpic  -g -O2  -Wall -c ld_graphic_eps.c -o ld_graphic_eps.o
gcc -I"/home/biocbuild/bbs-3.20-bioc/R/include" -DNDEBUG   -I/usr/local/include    -fpic  -g -O2  -Wall -c ld_with.c -o ld_with.o
gcc -I"/home/biocbuild/bbs-3.20-bioc/R/include" -DNDEBUG   -I/usr/local/include    -fpic  -g -O2  -Wall -c mla.c -o mla.o
gcc -I"/home/biocbuild/bbs-3.20-bioc/R/include" -DNDEBUG   -I/usr/local/include    -fpic  -g -O2  -Wall -c outdata.c -o outdata.o
gcc -I"/home/biocbuild/bbs-3.20-bioc/R/include" -DNDEBUG   -I/usr/local/include    -fpic  -g -O2  -Wall -c pairwise_linkage.c -o pairwise_linkage.o
gcc -I"/home/biocbuild/bbs-3.20-bioc/R/include" -DNDEBUG   -I/usr/local/include    -fpic  -g -O2  -Wall -c read_chiamo.c -o read_chiamo.o
gcc -I"/home/biocbuild/bbs-3.20-bioc/R/include" -DNDEBUG   -I/usr/local/include    -fpic  -g -O2  -Wall -c read_hapmap.c -o read_hapmap.o
gcc -I"/home/biocbuild/bbs-3.20-bioc/R/include" -DNDEBUG   -I/usr/local/include    -fpic  -g -O2  -Wall -c read_pedfile.c -o read_pedfile.o
gcc -I"/home/biocbuild/bbs-3.20-bioc/R/include" -DNDEBUG   -I/usr/local/include    -fpic  -g -O2  -Wall -c read_signals.c -o read_signals.o
gcc -I"/home/biocbuild/bbs-3.20-bioc/R/include" -DNDEBUG   -I/usr/local/include    -fpic  -g -O2  -Wall -c readped.c -o readped.o
readped.c: In function ‘readped’:
readped.c:233:33: warning: ‘%d’ directive output may be truncated writing between 1 and 11 bytes into a region of size between 0 and 80 [-Wformat-truncation=]
  233 |     snprintf(fmid, MAX_ID, "%s%c%d", fid, sepchar, memi);
      |                                 ^~
In file included from /usr/include/stdio.h:894,
                 from /home/biocbuild/bbs-3.20-bioc/R/include/R.h:44,
                 from readped.c:1:
/usr/include/x86_64-linux-gnu/bits/stdio2.h:71:10: note: ‘__builtin___snprintf_chk’ output between 3 and 93 bytes into a destination of size 81
   71 |   return __builtin___snprintf_chk (__s, __n, __USE_FORTIFY_LEVEL - 1,
      |          ^~~~~~~~~~~~~~~~~~~~~~~~~~~~~~~~~~~~~~~~~~~~~~~~~~~~~~~~~~~~
   72 |                                    __glibc_objsize (__s), __fmt,
      |                                    ~~~~~~~~~~~~~~~~~~~~~~~~~~~~~
   73 |                                    __va_arg_pack ());
      |                                    ~~~~~~~~~~~~~~~~~
gcc -I"/home/biocbuild/bbs-3.20-bioc/R/include" -DNDEBUG   -I/usr/local/include    -fpic  -g -O2  -Wall -c sdfpw.c -o sdfpw.o
gcc -I"/home/biocbuild/bbs-3.20-bioc/R/include" -DNDEBUG   -I/usr/local/include    -fpic  -g -O2  -Wall -c single_snp_tests.c -o single_snp_tests.o
gcc -I"/home/biocbuild/bbs-3.20-bioc/R/include" -DNDEBUG   -I/usr/local/include    -fpic  -g -O2  -Wall -c snp_summary.c -o snp_summary.o
gcc -I"/home/biocbuild/bbs-3.20-bioc/R/include" -DNDEBUG   -I/usr/local/include    -fpic  -g -O2  -Wall -c snpmpy.c -o snpmpy.o
gcc -I"/home/biocbuild/bbs-3.20-bioc/R/include" -DNDEBUG   -I/usr/local/include    -fpic  -g -O2  -Wall -c solve_cubic.c -o solve_cubic.o
gcc -I"/home/biocbuild/bbs-3.20-bioc/R/include" -DNDEBUG   -I/usr/local/include    -fpic  -g -O2  -Wall -c solve_quadratic.c -o solve_quadratic.o
gcc -I"/home/biocbuild/bbs-3.20-bioc/R/include" -DNDEBUG   -I/usr/local/include    -fpic  -g -O2  -Wall -c structure.c -o structure.o
gcc -I"/home/biocbuild/bbs-3.20-bioc/R/include" -DNDEBUG   -I/usr/local/include    -fpic  -g -O2  -Wall -c trees.c -o trees.o
gcc -I"/home/biocbuild/bbs-3.20-bioc/R/include" -DNDEBUG   -I/usr/local/include    -fpic  -g -O2  -Wall -c uncompr.c -o uncompr.o
gcc -I"/home/biocbuild/bbs-3.20-bioc/R/include" -DNDEBUG   -I/usr/local/include    -fpic  -g -O2  -Wall -c zutil.c -o zutil.o
gcc -shared -L/home/biocbuild/bbs-3.20-bioc/R/lib -L/usr/local/lib -o chopsticks.so adler32.o bind.o compress.o crc32.o deflate.o force_hom.o glm_test.o glm_test_R.o gzio.o hash_index.o ibs.o in.o infback.o inffast.o inflate.o inftrees.o input.o inputNew.o input_unsorted.o ld_graphic_eps.o ld_with.o mla.o outdata.o pairwise_linkage.o read_chiamo.o read_hapmap.o read_pedfile.o read_signals.o readped.o sdfpw.o single_snp_tests.o snp_summary.o snpmpy.o solve_cubic.o solve_quadratic.o structure.o trees.o uncompr.o zutil.o -L/home/biocbuild/bbs-3.20-bioc/R/lib -lR
installing to /home/biocbuild/bbs-3.20-bioc/R/site-library/00LOCK-chopsticks/00new/chopsticks/libs
** R
** data
** byte-compile and prepare package for lazy loading
** help
*** installing help indices
** building package indices
** installing vignettes
** testing if installed package can be loaded from temporary location
** checking absolute paths in shared objects and dynamic libraries
** testing if installed package can be loaded from final location
** testing if installed package keeps a record of temporary installation path
* DONE (chopsticks)

Tests output


Example timings

chopsticks.Rcheck/chopsticks-Ex.timings

nameusersystemelapsed
X.snp-class0.0870.0060.093
X.snp.matrix-class0.0750.0040.078
epsout.ld.snp0.1090.0050.112
for.exercise0.6110.0210.632
ibs.stats0.0750.0070.081
ibsCount0.2420.0030.245
ibsDist0.1420.0050.147
ld.snp0.1030.0040.107
ld.with0.0790.0040.082
pair.result.ld.snp0.0720.0000.072
plot.snp.dprime0.1750.0110.187
qq.chisq000
read.HapMap.data0.0000.0000.001
read.snps.chiamo000
read.wtccc.signals000
row.summary0.0840.0000.084
single.snp.tests0.0880.0000.089
snp-class000
snp.cbind0.2840.0000.284
snp.cor0.2210.0030.226
snp.dprime-class0.0710.0010.072
snp.lhs.tests0.0940.0000.093
snp.matrix-class0.1130.0000.112
snp.pre0.0820.0000.081
snp.rhs.tests0.0780.0000.077
testdata0.1060.0000.106
xxt0.1810.0000.180