Back to Multiple platform build/check report for BioC 3.14
A[B]CDEFGHIJKLMNOPQRSTUVWXYZ

This page was generated on 2021-06-22 12:05:49 -0400 (Tue, 22 Jun 2021).

BUILD results for bnem on riesling1

To the developers/maintainers of the bnem package:
- Please allow up to 24 hours (and sometimes 48 hours) for your latest push to git@git.bioconductor.org:packages/bnem.git to
reflect on this report. See How and When does the builder pull? When will my changes propagate? here for more information.
- Make sure to use the following settings in order to reproduce any error or warning you see on this page.

raw results

Package 198/1993HostnameOS / ArchINSTALLBUILDCHECKBUILD BIN
bnem 1.1.0  (landing page)
Martin Pirkl
Snapshot Date: 2021-06-21 14:50:06 -0400 (Mon, 21 Jun 2021)
URL: https://git.bioconductor.org/packages/bnem
Branch: master
Last Commit: c064841
Last Changed Date: 2021-05-21 04:13:55 -0400 (Fri, 21 May 2021)
nebbiolo2Linux (Ubuntu 20.04.2 LTS) / x86_64  OK    ERROR  skipped
riesling1Windows Server 2019 Standard / x64  OK    ERROR  skippedskipped
merida1macOS 10.14.6 Mojave / x86_64  OK    ERROR  skippedskipped

Summary

Package: bnem
Version: 1.1.0
Command: chmod a+r bnem -R && D:\biocbuild\bbs-3.14-bioc\R\bin\R.exe CMD build --keep-empty-dirs --no-resave-data bnem
StartedAt: 2021-06-21 18:58:02 -0400 (Mon, 21 Jun 2021)
EndedAt: 2021-06-21 19:01:45 -0400 (Mon, 21 Jun 2021)
EllapsedTime: 223.3 seconds
RetCode: 1
Status:   ERROR  
PackageFile: None
PackageFileSize: NA

Command output

##############################################################################
##############################################################################
###
### Running command:
###
###   chmod a+r bnem -R && D:\biocbuild\bbs-3.14-bioc\R\bin\R.exe CMD build --keep-empty-dirs --no-resave-data bnem
###
##############################################################################
##############################################################################


* checking for file 'bnem/DESCRIPTION' ... OK
* preparing 'bnem':
* checking DESCRIPTION meta-information ... OK
* installing the package to build vignettes
* creating vignettes ... ERROR
--- re-building 'bnem.rmd' using rmarkdown
Registered S3 methods overwritten by 'RcppEigen':
  method               from         
  predict.fastLm       RcppArmadillo
  print.fastLm         RcppArmadillo
  summary.fastLm       RcppArmadillo
  print.summary.fastLm RcppArmadillo
 ----------- FAILURE REPORT -------------- 
 --- failure: length > 1 in coercion to logical ---
 --- srcref --- 
: 
 --- package (from environment) --- 
base
 --- call from context --- 
sample.int(length(x), size, replace, prob)
 --- call from argument --- 
!replace && is.null(prob) && size <= n/2
 --- R stacktrace ---
where 1: sample.int(length(x), size, replace, prob)
where 2: sample(seq_len(nrow(fc)), floor(mflip * row(fc)))
where 3: simBoolGtn(Sgenes = 10, maxEdges = 10, keepsif = TRUE, negation = 0.1, 
    layer = 1)
where 4: eval(expr, envir, enclos)
where 5: eval(expr, envir, enclos)
where 6: withVisible(eval(expr, envir, enclos))
where 7: withCallingHandlers(withVisible(eval(expr, envir, enclos)), warning = wHandler, 
    error = eHandler, message = mHandler)
where 8: handle(ev <- withCallingHandlers(withVisible(eval(expr, envir, 
    enclos)), warning = wHandler, error = eHandler, message = mHandler))
where 9: timing_fn(handle(ev <- withCallingHandlers(withVisible(eval(expr, 
    envir, enclos)), warning = wHandler, error = eHandler, message = mHandler)))
where 10: evaluate_call(expr, parsed$src[[i]], envir = envir, enclos = enclos, 
    debug = debug, last = i == length(out), use_try = stop_on_error != 
        2L, keep_warning = keep_warning, keep_message = keep_message, 
    output_handler = output_handler, include_timing = include_timing)
where 11: evaluate::evaluate(...)
where 12: evaluate(code, envir = env, new_device = FALSE, keep_warning = !isFALSE(options$warning), 
    keep_message = !isFALSE(options$message), stop_on_error = if (is.numeric(options$error)) options$error else {
        if (options$error && options$include) 
            0L
        else 2L
    }, output_handler = knit_handlers(options$render, options))
where 13: in_dir(input_dir(), evaluate(code, envir = env, new_device = FALSE, 
    keep_warning = !isFALSE(options$warning), keep_message = !isFALSE(options$message), 
    stop_on_error = if (is.numeric(options$error)) options$error else {
        if (options$error && options$include) 
            0L
        else 2L
    }, output_handler = knit_handlers(options$render, options)))
where 14: eng_r(options)
where 15: block_exec(params)
where 16: call_block(x)
where 17: process_group.block(group)
where 18: process_group(group)
where 19: withCallingHandlers(if (tangle) process_tangle(group) else process_group(group), 
    error = function(e) {
        setwd(wd)
        cat(res, sep = "\n", file = output %n% "")
        message("Quitting from lines ", paste(current_lines(i), 
            collapse = "-"), " (", knit_concord$get("infile"), 
            ") ")
    })
where 20: process_file(text, output)
where 21: knitr::knit(knit_input, knit_output, envir = envir, quiet = quiet)
where 22: rmarkdown::render(file, encoding = encoding, quiet = quiet, envir = globalenv(), 
    output_dir = getwd(), ...)
where 23: vweave_rmarkdown(...)
where 24: engine$weave(file, quiet = quiet, encoding = enc)
where 25: doTryCatch(return(expr), name, parentenv, handler)
where 26: tryCatchOne(expr, names, parentenv, handlers[[1L]])
where 27: tryCatchList(expr, classes, parentenv, handlers)
where 28: tryCatch({
    engine$weave(file, quiet = quiet, encoding = enc)
    setwd(startdir)
    output <- find_vignette_product(name, by = "weave", engine = engine)
    if (!have.makefile && vignette_is_tex(output)) {
        texi2pdf(file = output, clean = FALSE, quiet = quiet)
        output <- find_vignette_product(name, by = "texi2pdf", 
            engine = engine)
    }
    outputs <- c(outputs, output)
}, error = function(e) {
    thisOK <<- FALSE
    fails <<- c(fails, file)
    message(gettextf("Error: processing vignette '%s' failed with diagnostics:\n%s", 
        file, conditionMessage(e)))
})
where 29: tools::buildVignettes(dir = ".", tangle = TRUE)

 --- value of length: 4300 type: logical ---
       [,1] [,2] [,3] [,4] [,5] [,6] [,7] [,8] [,9] [,10] [,11] [,12] [,13]
  [1,] TRUE TRUE TRUE TRUE TRUE TRUE TRUE TRUE TRUE  TRUE  TRUE  TRUE  TRUE
  [2,] TRUE TRUE TRUE TRUE TRUE TRUE TRUE TRUE TRUE  TRUE  TRUE  TRUE  TRUE
  [3,] TRUE TRUE TRUE TRUE TRUE TRUE TRUE TRUE TRUE  TRUE  TRUE  TRUE  TRUE
  [4,] TRUE TRUE TRUE TRUE TRUE TRUE TRUE TRUE TRUE  TRUE  TRUE  TRUE  TRUE
  [5,] TRUE TRUE TRUE TRUE TRUE TRUE TRUE TRUE TRUE  TRUE  TRUE  TRUE  TRUE
  [6,] TRUE TRUE TRUE TRUE TRUE TRUE TRUE TRUE TRUE  TRUE  TRUE  TRUE  TRUE
  [7,] TRUE TRUE TRUE TRUE TRUE TRUE TRUE TRUE TRUE  TRUE  TRUE  TRUE  TRUE
  [8,] TRUE TRUE TRUE TRUE TRUE TRUE TRUE TRUE TRUE  TRUE  TRUE  TRUE  TRUE
  [9,] TRUE TRUE TRUE TRUE TRUE TRUE TRUE TRUE TRUE  TRUE  TRUE  TRUE  TRUE
 [10,] TRUE TRUE TRUE TRUE TRUE TRUE TRUE TRUE TRUE  TRUE  TRUE  TRUE  TRUE
 [11,] TRUE TRUE TRUE TRUE TRUE TRUE TRUE TRUE TRUE  TRUE  TRUE  TRUE  TRUE
 [12,] TRUE TRUE TRUE TRUE TRUE TRUE TRUE TRUE TRUE  TRUE  TRUE  TRUE  TRUE
 [13,] TRUE TRUE TRUE TRUE TRUE TRUE TRUE TRUE TRUE  TRUE  TRUE  TRUE  TRUE
 [14,] TRUE TRUE TRUE TRUE TRUE TRUE TRUE TRUE TRUE  TRUE  TRUE  TRUE  TRUE
 [15,] TRUE TRUE TRUE TRUE TRUE TRUE TRUE TRUE TRUE  TRUE  TRUE  TRUE  TRUE
 [16,] TRUE TRUE TRUE TRUE TRUE TRUE TRUE TRUE TRUE  TRUE  TRUE  TRUE  TRUE
 [17,] TRUE TRUE TRUE TRUE TRUE TRUE TRUE TRUE TRUE  TRUE  TRUE  TRUE  TRUE
 [18,] TRUE TRUE TRUE TRUE TRUE TRUE TRUE TRUE TRUE  TRUE  TRUE  TRUE  TRUE
 [19,] TRUE TRUE TRUE TRUE TRUE TRUE TRUE TRUE TRUE  TRUE  TRUE  TRUE  TRUE
 [20,] TRUE TRUE TRUE TRUE TRUE TRUE TRUE TRUE TRUE  TRUE  TRUE  TRUE  TRUE
 [21,] TRUE TRUE TRUE TRUE TRUE TRUE TRUE TRUE TRUE  TRUE  TRUE  TRUE  TRUE
 [22,] TRUE TRUE TRUE TRUE TRUE TRUE TRUE TRUE TRUE  TRUE  TRUE  TRUE  TRUE
 [23,] TRUE TRUE TRUE TRUE TRUE TRUE TRUE TRUE TRUE  TRUE  TRUE  TRUE  TRUE
 [24,] TRUE TRUE TRUE TRUE TRUE TRUE TRUE TRUE TRUE  TRUE  TRUE  TRUE  TRUE
 [25,] TRUE TRUE TRUE TRUE TRUE TRUE TRUE TRUE TRUE  TRUE  TRUE  TRUE  TRUE
 [26,] TRUE TRUE TRUE TRUE TRUE TRUE TRUE TRUE TRUE  TRUE  TRUE  TRUE  TRUE
 [27,] TRUE TRUE TRUE TRUE TRUE TRUE TRUE TRUE TRUE  TRUE  TRUE  TRUE  TRUE
 [28,] TRUE TRUE TRUE TRUE TRUE TRUE TRUE TRUE TRUE  TRUE  TRUE  TRUE  TRUE
 [29,] TRUE TRUE TRUE TRUE TRUE TRUE TRUE TRUE TRUE  TRUE  TRUE  TRUE  TRUE
 [30,] TRUE TRUE TRUE TRUE TRUE TRUE TRUE TRUE TRUE  TRUE  TRUE  TRUE  TRUE
 [31,] TRUE TRUE TRUE TRUE TRUE TRUE TRUE TRUE TRUE  TRUE  TRUE  TRUE  TRUE
 [32,] TRUE TRUE TRUE TRUE TRUE TRUE TRUE TRUE TRUE  TRUE  TRUE  TRUE  TRUE
 [33,] TRUE TRUE TRUE TRUE TRUE TRUE TRUE TRUE TRUE  TRUE  TRUE  TRUE  TRUE
 [34,] TRUE TRUE TRUE TRUE TRUE TRUE TRUE TRUE TRUE  TRUE  TRUE  TRUE  TRUE
 [35,] TRUE TRUE TRUE TRUE TRUE TRUE TRUE TRUE TRUE  TRUE  TRUE  TRUE  TRUE
 [36,] TRUE TRUE TRUE TRUE TRUE TRUE TRUE TRUE TRUE  TRUE  TRUE  TRUE  TRUE
 [37,] TRUE TRUE TRUE TRUE TRUE TRUE TRUE TRUE TRUE  TRUE  TRUE  TRUE  TRUE
 [38,] TRUE TRUE TRUE TRUE TRUE TRUE TRUE TRUE TRUE  TRUE  TRUE  TRUE  TRUE
 [39,] TRUE TRUE TRUE TRUE TRUE TRUE TRUE TRUE TRUE  TRUE  TRUE  TRUE  TRUE
 [40,] TRUE TRUE TRUE TRUE TRUE TRUE TRUE TRUE TRUE  TRUE  TRUE  TRUE  TRUE
 [41,] TRUE TRUE TRUE TRUE TRUE TRUE TRUE TRUE TRUE  TRUE  TRUE  TRUE  TRUE
 [42,] TRUE TRUE TRUE TRUE TRUE TRUE TRUE TRUE TRUE  TRUE  TRUE  TRUE  TRUE
 [43,] TRUE TRUE TRUE TRUE TRUE TRUE TRUE TRUE TRUE  TRUE  TRUE  TRUE  TRUE
 [44,] TRUE TRUE TRUE TRUE TRUE TRUE TRUE TRUE TRUE  TRUE  TRUE  TRUE  TRUE
 [45,] TRUE TRUE TRUE TRUE TRUE TRUE TRUE TRUE TRUE  TRUE  TRUE  TRUE  TRUE
 [46,] TRUE TRUE TRUE TRUE TRUE TRUE TRUE TRUE TRUE  TRUE  TRUE  TRUE  TRUE
 [47,] TRUE TRUE TRUE TRUE TRUE TRUE TRUE TRUE TRUE  TRUE  TRUE  TRUE  TRUE
 [48,] TRUE TRUE TRUE TRUE TRUE TRUE TRUE TRUE TRUE  TRUE  TRUE  TRUE  TRUE
 [49,] TRUE TRUE TRUE TRUE TRUE TRUE TRUE TRUE TRUE  TRUE  TRUE  TRUE  TRUE
 [50,] TRUE TRUE TRUE TRUE TRUE TRUE TRUE TRUE TRUE  TRUE  TRUE  TRUE  TRUE
 [51,] TRUE TRUE TRUE TRUE TRUE TRUE TRUE TRUE TRUE  TRUE  TRUE  TRUE  TRUE
 [52,] TRUE TRUE TRUE TRUE TRUE TRUE TRUE TRUE TRUE  TRUE  TRUE  TRUE  TRUE
 [53,] TRUE TRUE TRUE TRUE TRUE TRUE TRUE TRUE TRUE  TRUE  TRUE  TRUE  TRUE
 [54,] TRUE TRUE TRUE TRUE TRUE TRUE TRUE TRUE TRUE  TRUE  TRUE  TRUE  TRUE
 [55,] TRUE TRUE TRUE TRUE TRUE TRUE TRUE TRUE TRUE  TRUE  TRUE  TRUE  TRUE
 [56,] TRUE TRUE TRUE TRUE TRUE TRUE TRUE TRUE TRUE  TRUE  TRUE  TRUE  TRUE
 [57,] TRUE TRUE TRUE TRUE TRUE TRUE TRUE TRUE TRUE  TRUE  TRUE  TRUE  TRUE
 [58,] TRUE TRUE TRUE TRUE TRUE TRUE TRUE TRUE TRUE  TRUE  TRUE  TRUE  TRUE
 [59,] TRUE TRUE TRUE TRUE TRUE TRUE TRUE TRUE TRUE  TRUE  TRUE  TRUE  TRUE
 [60,] TRUE TRUE TRUE TRUE TRUE TRUE TRUE TRUE TRUE  TRUE  TRUE  TRUE  TRUE
 [61,] TRUE TRUE TRUE TRUE TRUE TRUE TRUE TRUE TRUE  TRUE  TRUE  TRUE  TRUE
 [62,] TRUE TRUE TRUE TRUE TRUE TRUE TRUE TRUE TRUE  TRUE  TRUE  TRUE  TRUE
 [63,] TRUE TRUE TRUE TRUE TRUE TRUE TRUE TRUE TRUE  TRUE  TRUE  TRUE  TRUE
 [64,] TRUE TRUE TRUE TRUE TRUE TRUE TRUE TRUE TRUE  TRUE  TRUE  TRUE  TRUE
 [65,] TRUE TRUE TRUE TRUE TRUE TRUE TRUE TRUE TRUE  TRUE  TRUE  TRUE  TRUE
 [66,] TRUE TRUE TRUE TRUE TRUE TRUE TRUE TRUE TRUE  TRUE  TRUE  TRUE  TRUE
 [67,] TRUE TRUE TRUE TRUE TRUE TRUE TRUE TRUE TRUE  TRUE  TRUE  TRUE  TRUE
 [68,] TRUE TRUE TRUE TRUE TRUE TRUE TRUE TRUE TRUE  TRUE  TRUE  TRUE  TRUE
 [69,] TRUE TRUE TRUE TRUE TRUE TRUE TRUE TRUE TRUE  TRUE  TRUE  TRUE  TRUE
 [70,] TRUE TRUE TRUE TRUE TRUE TRUE TRUE TRUE TRUE  TRUE  TRUE  TRUE  TRUE
 [71,] TRUE TRUE TRUE TRUE TRUE TRUE TRUE TRUE TRUE  TRUE  TRUE  TRUE  TRUE
 [72,] TRUE TRUE TRUE TRUE TRUE TRUE TRUE TRUE TRUE  TRUE  TRUE  TRUE  TRUE
 [73,] TRUE TRUE TRUE TRUE TRUE TRUE TRUE TRUE TRUE  TRUE  TRUE  TRUE  TRUE
 [74,] TRUE TRUE TRUE TRUE TRUE TRUE TRUE TRUE TRUE  TRUE  TRUE  TRUE  TRUE
 [75,] TRUE TRUE TRUE TRUE TRUE TRUE TRUE TRUE TRUE  TRUE  TRUE  TRUE  TRUE
 [76,] TRUE TRUE TRUE TRUE TRUE TRUE TRUE TRUE TRUE  TRUE  TRUE  TRUE  TRUE
 [77,] TRUE TRUE TRUE TRUE TRUE TRUE TRUE TRUE TRUE  TRUE  TRUE  TRUE  TRUE
 [78,] TRUE TRUE TRUE TRUE TRUE TRUE TRUE TRUE TRUE  TRUE  TRUE  TRUE  TRUE
 [79,] TRUE TRUE TRUE TRUE TRUE TRUE TRUE TRUE TRUE  TRUE  TRUE  TRUE  TRUE
 [80,] TRUE TRUE TRUE TRUE TRUE TRUE TRUE TRUE TRUE  TRUE  TRUE  TRUE  TRUE
 [81,] TRUE TRUE TRUE TRUE TRUE TRUE TRUE TRUE TRUE  TRUE  TRUE  TRUE  TRUE
 [82,] TRUE TRUE TRUE TRUE TRUE TRUE TRUE TRUE TRUE  TRUE  TRUE  TRUE  TRUE
 [83,] TRUE TRUE TRUE TRUE TRUE TRUE TRUE TRUE TRUE  TRUE  TRUE  TRUE  TRUE
 [84,] TRUE TRUE TRUE TRUE TRUE TRUE TRUE TRUE TRUE  TRUE  TRUE  TRUE  TRUE
 [85,] TRUE TRUE TRUE TRUE TRUE TRUE TRUE TRUE TRUE  TRUE  TRUE  TRUE  TRUE
 [86,] TRUE TRUE TRUE TRUE TRUE TRUE TRUE TRUE TRUE  TRUE  TRUE  TRUE  TRUE
 [87,] TRUE TRUE TRUE TRUE TRUE TRUE TRUE TRUE TRUE  TRUE  TRUE  TRUE  TRUE
 [88,] TRUE TRUE TRUE TRUE TRUE TRUE TRUE TRUE TRUE  TRUE  TRUE  TRUE  TRUE
 [89,] TRUE TRUE TRUE TRUE TRUE TRUE TRUE TRUE TRUE  TRUE  TRUE  TRUE  TRUE
 [90,] TRUE TRUE TRUE TRUE TRUE TRUE TRUE TRUE TRUE  TRUE  TRUE  TRUE  TRUE
 [91,] TRUE TRUE TRUE TRUE TRUE TRUE TRUE TRUE TRUE  TRUE  TRUE  TRUE  TRUE
 [92,] TRUE TRUE TRUE TRUE TRUE TRUE TRUE TRUE TRUE  TRUE  TRUE  TRUE  TRUE
 [93,] TRUE TRUE TRUE TRUE TRUE TRUE TRUE TRUE TRUE  TRUE  TRUE  TRUE  TRUE
 [94,] TRUE TRUE TRUE TRUE TRUE TRUE TRUE TRUE TRUE  TRUE  TRUE  TRUE  TRUE
 [95,] TRUE TRUE TRUE TRUE TRUE TRUE TRUE TRUE TRUE  TRUE  TRUE  TRUE  TRUE
 [96,] TRUE TRUE TRUE TRUE TRUE TRUE TRUE TRUE TRUE  TRUE  TRUE  TRUE  TRUE
 [97,] TRUE TRUE TRUE TRUE TRUE TRUE TRUE TRUE TRUE  TRUE  TRUE  TRUE  TRUE
 [98,] TRUE TRUE TRUE TRUE TRUE TRUE TRUE TRUE TRUE  TRUE  TRUE  TRUE  TRUE
 [99,] TRUE TRUE TRUE TRUE TRUE TRUE TRUE TRUE TRUE  TRUE  TRUE  TRUE  TRUE
[100,] TRUE TRUE TRUE TRUE TRUE TRUE TRUE TRUE TRUE  TRUE  TRUE  TRUE  TRUE
       [,14] [,15] [,16] [,17] [,18] [,19] [,20] [,21] [,22] [,23] [,24] [,25]
  [1,]  TRUE  TRUE  TRUE  TRUE  TRUE  TRUE  TRUE  TRUE  TRUE  TRUE  TRUE  TRUE
  [2,]  TRUE  TRUE  TRUE  TRUE  TRUE  TRUE  TRUE  TRUE  TRUE  TRUE  TRUE  TRUE
  [3,]  TRUE  TRUE  TRUE  TRUE  TRUE  TRUE  TRUE  TRUE  TRUE  TRUE  TRUE  TRUE
  [4,]  TRUE  TRUE  TRUE  TRUE  TRUE  TRUE  TRUE  TRUE  TRUE  TRUE  TRUE  TRUE
  [5,]  TRUE  TRUE  TRUE  TRUE  TRUE  TRUE  TRUE  TRUE  TRUE  TRUE  TRUE  TRUE
  [6,]  TRUE  TRUE  TRUE  TRUE  TRUE  TRUE  TRUE  TRUE  TRUE  TRUE  TRUE  TRUE
  [7,]  TRUE  TRUE  TRUE  TRUE  TRUE  TRUE  TRUE  TRUE  TRUE  TRUE  TRUE  TRUE
  [8,]  TRUE  TRUE  TRUE  TRUE  TRUE  TRUE  TRUE  TRUE  TRUE  TRUE  TRUE  TRUE
  [9,]  TRUE  TRUE  TRUE  TRUE  TRUE  TRUE  TRUE  TRUE  TRUE  TRUE  TRUE  TRUE
 [10,]  TRUE  TRUE  TRUE  TRUE  TRUE  TRUE  TRUE  TRUE  TRUE  TRUE  TRUE  TRUE
 [11,]  TRUE  TRUE  TRUE  TRUE  TRUE  TRUE  TRUE  TRUE  TRUE  TRUE  TRUE  TRUE
 [12,]  TRUE  TRUE  TRUE  TRUE  TRUE  TRUE  TRUE  TRUE  TRUE  TRUE  TRUE  TRUE
 [13,]  TRUE  TRUE  TRUE  TRUE  TRUE  TRUE  TRUE  TRUE  TRUE  TRUE  TRUE  TRUE
 [14,]  TRUE  TRUE  TRUE  TRUE  TRUE  TRUE  TRUE  TRUE  TRUE  TRUE  TRUE  TRUE
 [15,]  TRUE  TRUE  TRUE  TRUE  TRUE  TRUE  TRUE  TRUE  TRUE  TRUE  TRUE  TRUE
 [16,]  TRUE  TRUE  TRUE  TRUE  TRUE  TRUE  TRUE  TRUE  TRUE  TRUE  TRUE  TRUE
 [17,]  TRUE  TRUE  TRUE  TRUE  TRUE  TRUE  TRUE  TRUE  TRUE  TRUE  TRUE  TRUE
 [18,]  TRUE  TRUE  TRUE  TRUE  TRUE  TRUE  TRUE  TRUE  TRUE  TRUE  TRUE  TRUE
 [19,]  TRUE  TRUE  TRUE  TRUE  TRUE  TRUE  TRUE  TRUE  TRUE  TRUE  TRUE  TRUE
 [20,]  TRUE  TRUE  TRUE  TRUE  TRUE  TRUE  TRUE  TRUE  TRUE  TRUE  TRUE  TRUE
 [21,]  TRUE  TRUE  TRUE  TRUE  TRUE  TRUE  TRUE  TRUE  TRUE  TRUE  TRUE  TRUE
 [22,]  TRUE  TRUE  TRUE  TRUE  TRUE  TRUE  TRUE  TRUE  TRUE  TRUE  TRUE  TRUE
 [23,]  TRUE  TRUE  TRUE  TRUE  TRUE  TRUE  TRUE  TRUE  TRUE  TRUE  TRUE  TRUE
 [24,]  TRUE  TRUE  TRUE  TRUE  TRUE  TRUE  TRUE  TRUE  TRUE  TRUE  TRUE  TRUE
 [25,]  TRUE  TRUE  TRUE  TRUE  TRUE  TRUE  TRUE  TRUE  TRUE  TRUE  TRUE  TRUE
 [26,]  TRUE  TRUE  TRUE  TRUE  TRUE  TRUE  TRUE  TRUE  TRUE  TRUE  TRUE  TRUE
 [27,]  TRUE  TRUE  TRUE  TRUE  TRUE  TRUE  TRUE  TRUE  TRUE  TRUE  TRUE  TRUE
 [28,]  TRUE  TRUE  TRUE  TRUE  TRUE  TRUE  TRUE  TRUE  TRUE  TRUE  TRUE  TRUE
 [29,]  TRUE  TRUE  TRUE  TRUE  TRUE  TRUE  TRUE  TRUE  TRUE  TRUE  TRUE  TRUE
 [30,]  TRUE  TRUE  TRUE  TRUE  TRUE  TRUE  TRUE  TRUE  TRUE  TRUE  TRUE  TRUE
 [31,]  TRUE  TRUE  TRUE  TRUE  TRUE  TRUE  TRUE  TRUE  TRUE  TRUE  TRUE  TRUE
 [32,]  TRUE  TRUE  TRUE  TRUE  TRUE  TRUE  TRUE  TRUE  TRUE  TRUE  TRUE  TRUE
 [33,]  TRUE  TRUE  TRUE  TRUE  TRUE  TRUE  TRUE  TRUE  TRUE  TRUE  TRUE  TRUE
 [34,]  TRUE  TRUE  TRUE  TRUE  TRUE  TRUE  TRUE  TRUE  TRUE  TRUE  TRUE  TRUE
 [35,]  TRUE  TRUE  TRUE  TRUE  TRUE  TRUE  TRUE  TRUE  TRUE  TRUE  TRUE  TRUE
 [36,]  TRUE  TRUE  TRUE  TRUE  TRUE  TRUE  TRUE  TRUE  TRUE  TRUE  TRUE  TRUE
 [37,]  TRUE  TRUE  TRUE  TRUE  TRUE  TRUE  TRUE  TRUE  TRUE  TRUE  TRUE  TRUE
 [38,]  TRUE  TRUE  TRUE  TRUE  TRUE  TRUE  TRUE  TRUE  TRUE  TRUE  TRUE  TRUE
 [39,]  TRUE  TRUE  TRUE  TRUE  TRUE  TRUE  TRUE  TRUE  TRUE  TRUE  TRUE  TRUE
 [40,]  TRUE  TRUE  TRUE  TRUE  TRUE  TRUE  TRUE  TRUE  TRUE  TRUE  TRUE  TRUE
 [41,]  TRUE  TRUE  TRUE  TRUE  TRUE  TRUE  TRUE  TRUE  TRUE  TRUE  TRUE  TRUE
 [42,]  TRUE  TRUE  TRUE  TRUE  TRUE  TRUE  TRUE  TRUE  TRUE  TRUE  TRUE  TRUE
 [43,]  TRUE  TRUE  TRUE  TRUE  TRUE  TRUE  TRUE  TRUE  TRUE  TRUE  TRUE  TRUE
 [44,]  TRUE  TRUE  TRUE  TRUE  TRUE  TRUE  TRUE  TRUE  TRUE  TRUE  TRUE  TRUE
 [45,]  TRUE  TRUE  TRUE  TRUE  TRUE  TRUE  TRUE  TRUE  TRUE  TRUE  TRUE  TRUE
 [46,]  TRUE  TRUE  TRUE  TRUE  TRUE  TRUE  TRUE  TRUE  TRUE  TRUE  TRUE  TRUE
 [47,]  TRUE  TRUE  TRUE  TRUE  TRUE  TRUE  TRUE  TRUE  TRUE  TRUE  TRUE  TRUE
 [48,]  TRUE  TRUE  TRUE  TRUE  TRUE  TRUE  TRUE  TRUE  TRUE  TRUE  TRUE  TRUE
 [49,]  TRUE  TRUE  TRUE  TRUE  TRUE  TRUE  TRUE  TRUE  TRUE  TRUE  TRUE  TRUE
 [50,]  TRUE  TRUE  TRUE  TRUE  TRUE  TRUE  TRUE  TRUE  TRUE  TRUE  TRUE  TRUE
 [51,]  TRUE  TRUE  TRUE  TRUE  TRUE  TRUE  TRUE  TRUE  TRUE  TRUE  TRUE  TRUE
 [52,]  TRUE  TRUE  TRUE  TRUE  TRUE  TRUE  TRUE  TRUE  TRUE  TRUE  TRUE  TRUE
 [53,]  TRUE  TRUE  TRUE  TRUE  TRUE  TRUE  TRUE  TRUE  TRUE  TRUE  TRUE  TRUE
 [54,]  TRUE  TRUE  TRUE  TRUE  TRUE  TRUE  TRUE  TRUE  TRUE  TRUE  TRUE  TRUE
 [55,]  TRUE  TRUE  TRUE  TRUE  TRUE  TRUE  TRUE  TRUE  TRUE  TRUE  TRUE  TRUE
 [56,]  TRUE  TRUE  TRUE  TRUE  TRUE  TRUE  TRUE  TRUE  TRUE  TRUE  TRUE  TRUE
 [57,]  TRUE  TRUE  TRUE  TRUE  TRUE  TRUE  TRUE  TRUE  TRUE  TRUE  TRUE  TRUE
 [58,]  TRUE  TRUE  TRUE  TRUE  TRUE  TRUE  TRUE  TRUE  TRUE  TRUE  TRUE  TRUE
 [59,]  TRUE  TRUE  TRUE  TRUE  TRUE  TRUE  TRUE  TRUE  TRUE  TRUE  TRUE  TRUE
 [60,]  TRUE  TRUE  TRUE  TRUE  TRUE  TRUE  TRUE  TRUE  TRUE  TRUE  TRUE  TRUE
 [61,]  TRUE  TRUE  TRUE  TRUE  TRUE  TRUE  TRUE  TRUE  TRUE  TRUE  TRUE  TRUE
 [62,]  TRUE  TRUE  TRUE  TRUE  TRUE  TRUE  TRUE  TRUE  TRUE  TRUE  TRUE  TRUE
 [63,]  TRUE  TRUE  TRUE  TRUE  TRUE  TRUE  TRUE  TRUE  TRUE  TRUE  TRUE  TRUE
 [64,]  TRUE  TRUE  TRUE  TRUE  TRUE  TRUE  TRUE  TRUE  TRUE  TRUE  TRUE  TRUE
 [65,]  TRUE  TRUE  TRUE  TRUE  TRUE  TRUE  TRUE  TRUE  TRUE  TRUE  TRUE  TRUE
 [66,]  TRUE  TRUE  TRUE  TRUE  TRUE  TRUE  TRUE  TRUE  TRUE  TRUE  TRUE  TRUE
 [67,]  TRUE  TRUE  TRUE  TRUE  TRUE  TRUE  TRUE  TRUE  TRUE  TRUE  TRUE  TRUE
 [68,]  TRUE  TRUE  TRUE  TRUE  TRUE  TRUE  TRUE  TRUE  TRUE  TRUE  TRUE  TRUE
 [69,]  TRUE  TRUE  TRUE  TRUE  TRUE  TRUE  TRUE  TRUE  TRUE  TRUE  TRUE  TRUE
 [70,]  TRUE  TRUE  TRUE  TRUE  TRUE  TRUE  TRUE  TRUE  TRUE  TRUE  TRUE  TRUE
 [71,]  TRUE  TRUE  TRUE  TRUE  TRUE  TRUE  TRUE  TRUE  TRUE  TRUE  TRUE  TRUE
 [72,]  TRUE  TRUE  TRUE  TRUE  TRUE  TRUE  TRUE  TRUE  TRUE  TRUE  TRUE  TRUE
 [73,]  TRUE  TRUE  TRUE  TRUE  TRUE  TRUE  TRUE  TRUE  TRUE  TRUE  TRUE  TRUE
 [74,]  TRUE  TRUE  TRUE  TRUE  TRUE  TRUE  TRUE  TRUE  TRUE  TRUE  TRUE  TRUE
 [75,]  TRUE  TRUE  TRUE  TRUE  TRUE  TRUE  TRUE  TRUE  TRUE  TRUE  TRUE  TRUE
 [76,]  TRUE  TRUE  TRUE  TRUE  TRUE  TRUE  TRUE  TRUE  TRUE  TRUE  TRUE  TRUE
 [77,]  TRUE  TRUE  TRUE  TRUE  TRUE  TRUE  TRUE  TRUE  TRUE  TRUE  TRUE  TRUE
 [78,]  TRUE  TRUE  TRUE  TRUE  TRUE  TRUE  TRUE  TRUE  TRUE  TRUE  TRUE  TRUE
 [79,]  TRUE  TRUE  TRUE  TRUE  TRUE  TRUE  TRUE  TRUE  TRUE  TRUE  TRUE  TRUE
 [80,]  TRUE  TRUE  TRUE  TRUE  TRUE  TRUE  TRUE  TRUE  TRUE  TRUE  TRUE  TRUE
 [81,]  TRUE  TRUE  TRUE  TRUE  TRUE  TRUE  TRUE  TRUE  TRUE  TRUE  TRUE  TRUE
 [82,]  TRUE  TRUE  TRUE  TRUE  TRUE  TRUE  TRUE  TRUE  TRUE  TRUE  TRUE  TRUE
 [83,]  TRUE  TRUE  TRUE  TRUE  TRUE  TRUE  TRUE  TRUE  TRUE  TRUE  TRUE  TRUE
 [84,]  TRUE  TRUE  TRUE  TRUE  TRUE  TRUE  TRUE  TRUE  TRUE  TRUE  TRUE  TRUE
 [85,]  TRUE  TRUE  TRUE  TRUE  TRUE  TRUE  TRUE  TRUE  TRUE  TRUE  TRUE  TRUE
 [86,]  TRUE  TRUE  TRUE  TRUE  TRUE  TRUE  TRUE  TRUE  TRUE  TRUE  TRUE  TRUE
 [87,]  TRUE  TRUE  TRUE  TRUE  TRUE  TRUE  TRUE  TRUE  TRUE  TRUE  TRUE  TRUE
 [88,]  TRUE  TRUE  TRUE  TRUE  TRUE  TRUE  TRUE  TRUE  TRUE  TRUE  TRUE  TRUE
 [89,]  TRUE  TRUE  TRUE  TRUE  TRUE  TRUE  TRUE  TRUE  TRUE  TRUE  TRUE  TRUE
 [90,]  TRUE  TRUE  TRUE  TRUE  TRUE  TRUE  TRUE  TRUE  TRUE  TRUE  TRUE  TRUE
 [91,]  TRUE  TRUE  TRUE  TRUE  TRUE  TRUE  TRUE  TRUE  TRUE  TRUE  TRUE  TRUE
 [92,]  TRUE  TRUE  TRUE  TRUE  TRUE  TRUE  TRUE  TRUE  TRUE  TRUE  TRUE  TRUE
 [93,]  TRUE  TRUE  TRUE  TRUE  TRUE  TRUE  TRUE  TRUE  TRUE  TRUE  TRUE  TRUE
 [94,]  TRUE  TRUE  TRUE  TRUE  TRUE  TRUE  TRUE  TRUE  TRUE  TRUE  TRUE  TRUE
 [95,]  TRUE  TRUE  TRUE  TRUE  TRUE  TRUE  TRUE  TRUE  TRUE  TRUE  TRUE  TRUE
 [96,]  TRUE  TRUE  TRUE  TRUE  TRUE  TRUE  TRUE  TRUE  TRUE  TRUE  TRUE  TRUE
 [97,]  TRUE  TRUE  TRUE  TRUE  TRUE  TRUE  TRUE  TRUE  TRUE  TRUE  TRUE  TRUE
 [98,]  TRUE  TRUE  TRUE  TRUE  TRUE  TRUE  TRUE  TRUE  TRUE  TRUE  TRUE  TRUE
 [99,]  TRUE  TRUE  TRUE  TRUE  TRUE  TRUE  TRUE  TRUE  TRUE  TRUE  TRUE  TRUE
[100,]  TRUE  TRUE  TRUE  TRUE  TRUE  TRUE  TRUE  TRUE  TRUE  TRUE  TRUE  TRUE
       [,26] [,27] [,28] [,29] [,30] [,31] [,32] [,33] [,34] [,35] [,36] [,37]
  [1,]  TRUE  TRUE  TRUE  TRUE  TRUE  TRUE  TRUE  TRUE  TRUE  TRUE  TRUE  TRUE
  [2,]  TRUE  TRUE  TRUE  TRUE  TRUE  TRUE  TRUE  TRUE  TRUE  TRUE  TRUE  TRUE
  [3,]  TRUE  TRUE  TRUE  TRUE  TRUE  TRUE  TRUE  TRUE  TRUE  TRUE  TRUE  TRUE
  [4,]  TRUE  TRUE  TRUE  TRUE  TRUE  TRUE  TRUE  TRUE  TRUE  TRUE  TRUE  TRUE
  [5,]  TRUE  TRUE  TRUE  TRUE  TRUE  TRUE  TRUE  TRUE  TRUE  TRUE  TRUE  TRUE
  [6,]  TRUE  TRUE  TRUE  TRUE  TRUE  TRUE  TRUE  TRUE  TRUE  TRUE  TRUE  TRUE
  [7,]  TRUE  TRUE  TRUE  TRUE  TRUE  TRUE  TRUE  TRUE  TRUE  TRUE  TRUE  TRUE
  [8,]  TRUE  TRUE  TRUE  TRUE  TRUE  TRUE  TRUE  TRUE  TRUE  TRUE  TRUE  TRUE
  [9,]  TRUE  TRUE  TRUE  TRUE  TRUE  TRUE  TRUE  TRUE  TRUE  TRUE  TRUE  TRUE
 [10,]  TRUE  TRUE  TRUE  TRUE  TRUE  TRUE  TRUE  TRUE  TRUE  TRUE  TRUE  TRUE
 [11,]  TRUE  TRUE  TRUE  TRUE  TRUE  TRUE  TRUE  TRUE  TRUE  TRUE  TRUE  TRUE
 [12,]  TRUE  TRUE  TRUE  TRUE  TRUE  TRUE  TRUE  TRUE  TRUE  TRUE  TRUE  TRUE
 [13,]  TRUE  TRUE  TRUE  TRUE  TRUE  TRUE  TRUE  TRUE  TRUE  TRUE  TRUE  TRUE
 [14,]  TRUE  TRUE  TRUE  TRUE  TRUE  TRUE  TRUE  TRUE  TRUE  TRUE  TRUE  TRUE
 [15,]  TRUE  TRUE  TRUE  TRUE  TRUE  TRUE  TRUE  TRUE  TRUE  TRUE  TRUE  TRUE
 [16,]  TRUE  TRUE  TRUE  TRUE  TRUE  TRUE  TRUE  TRUE  TRUE  TRUE  TRUE  TRUE
 [17,]  TRUE  TRUE  TRUE  TRUE  TRUE  TRUE  TRUE  TRUE  TRUE  TRUE  TRUE  TRUE
 [18,]  TRUE  TRUE  TRUE  TRUE  TRUE  TRUE  TRUE  TRUE  TRUE  TRUE  TRUE  TRUE
 [19,]  TRUE  TRUE  TRUE  TRUE  TRUE  TRUE  TRUE  TRUE  TRUE  TRUE  TRUE  TRUE
 [20,]  TRUE  TRUE  TRUE  TRUE  TRUE  TRUE  TRUE  TRUE  TRUE  TRUE  TRUE  TRUE
 [21,]  TRUE  TRUE  TRUE  TRUE  TRUE  TRUE  TRUE  TRUE  TRUE  TRUE  TRUE  TRUE
 [22,]  TRUE  TRUE  TRUE  TRUE  TRUE  TRUE  TRUE  TRUE  TRUE  TRUE  TRUE  TRUE
 [23,]  TRUE  TRUE  TRUE  TRUE  TRUE  TRUE  TRUE  TRUE  TRUE  TRUE  TRUE  TRUE
 [24,]  TRUE  TRUE  TRUE  TRUE  TRUE  TRUE  TRUE  TRUE  TRUE  TRUE  TRUE  TRUE
 [25,]  TRUE  TRUE  TRUE  TRUE  TRUE  TRUE  TRUE  TRUE  TRUE  TRUE  TRUE  TRUE
 [26,]  TRUE  TRUE  TRUE  TRUE  TRUE  TRUE  TRUE  TRUE  TRUE  TRUE  TRUE  TRUE
 [27,]  TRUE  TRUE  TRUE  TRUE  TRUE  TRUE  TRUE  TRUE  TRUE  TRUE  TRUE  TRUE
 [28,]  TRUE  TRUE  TRUE  TRUE  TRUE  TRUE  TRUE  TRUE  TRUE  TRUE  TRUE  TRUE
 [29,]  TRUE  TRUE  TRUE  TRUE  TRUE  TRUE  TRUE  TRUE  TRUE  TRUE  TRUE  TRUE
 [30,]  TRUE  TRUE  TRUE  TRUE  TRUE  TRUE  TRUE  TRUE  TRUE  TRUE  TRUE  TRUE
 [31,]  TRUE  TRUE  TRUE  TRUE  TRUE  TRUE  TRUE  TRUE  TRUE  TRUE  TRUE  TRUE
 [32,]  TRUE  TRUE  TRUE  TRUE  TRUE  TRUE  TRUE  TRUE  TRUE  TRUE  TRUE  TRUE
 [33,]  TRUE  TRUE  TRUE  TRUE  TRUE  TRUE  TRUE  TRUE  TRUE  TRUE  TRUE  TRUE
 [34,]  TRUE  TRUE  TRUE  TRUE  TRUE  TRUE  TRUE  TRUE  TRUE  TRUE  TRUE  TRUE
 [35,]  TRUE  TRUE  TRUE  TRUE  TRUE  TRUE  TRUE  TRUE  TRUE  TRUE  TRUE  TRUE
 [36,]  TRUE  TRUE  TRUE  TRUE  TRUE  TRUE  TRUE  TRUE  TRUE  TRUE  TRUE  TRUE
 [37,]  TRUE  TRUE  TRUE  TRUE  TRUE  TRUE  TRUE  TRUE  TRUE  TRUE  TRUE  TRUE
 [38,]  TRUE  TRUE  TRUE  TRUE  TRUE  TRUE  TRUE  TRUE  TRUE  TRUE  TRUE  TRUE
 [39,]  TRUE  TRUE  TRUE  TRUE  TRUE  TRUE  TRUE  TRUE  TRUE  TRUE  TRUE  TRUE
 [40,]  TRUE  TRUE  TRUE  TRUE  TRUE  TRUE  TRUE  TRUE  TRUE  TRUE  TRUE  TRUE
 [41,]  TRUE  TRUE  TRUE  TRUE  TRUE  TRUE  TRUE  TRUE  TRUE  TRUE  TRUE  TRUE
 [42,]  TRUE  TRUE  TRUE  TRUE  TRUE  TRUE  TRUE  TRUE  TRUE  TRUE  TRUE  TRUE
 [43,]  TRUE  TRUE  TRUE  TRUE  TRUE  TRUE  TRUE  TRUE  TRUE  TRUE  TRUE  TRUE
 [44,]  TRUE  TRUE  TRUE  TRUE  TRUE  TRUE  TRUE  TRUE  TRUE  TRUE  TRUE  TRUE
 [45,]  TRUE  TRUE  TRUE  TRUE  TRUE  TRUE  TRUE  TRUE  TRUE  TRUE  TRUE  TRUE
 [46,]  TRUE  TRUE  TRUE  TRUE  TRUE  TRUE  TRUE  TRUE  TRUE  TRUE  TRUE  TRUE
 [47,]  TRUE  TRUE  TRUE  TRUE  TRUE  TRUE  TRUE  TRUE  TRUE  TRUE  TRUE  TRUE
 [48,]  TRUE  TRUE  TRUE  TRUE  TRUE  TRUE  TRUE  TRUE  TRUE  TRUE  TRUE  TRUE
 [49,]  TRUE  TRUE  TRUE  TRUE  TRUE  TRUE  TRUE  TRUE  TRUE  TRUE  TRUE  TRUE
 [50,]  TRUE  TRUE  TRUE  TRUE  TRUE  TRUE  TRUE  TRUE  TRUE  TRUE  TRUE  TRUE
 [51,]  TRUE  TRUE  TRUE  TRUE  TRUE  TRUE  TRUE  TRUE  TRUE  TRUE  TRUE  TRUE
 [52,]  TRUE  TRUE  TRUE  TRUE  TRUE  TRUE  TRUE  TRUE  TRUE  TRUE  TRUE  TRUE
 [53,]  TRUE  TRUE  TRUE  TRUE  TRUE  TRUE  TRUE  TRUE  TRUE  TRUE  TRUE  TRUE
 [54,]  TRUE  TRUE  TRUE  TRUE  TRUE  TRUE  TRUE  TRUE  TRUE  TRUE  TRUE  TRUE
 [55,]  TRUE  TRUE  TRUE  TRUE  TRUE  TRUE  TRUE  TRUE  TRUE  TRUE  TRUE  TRUE
 [56,]  TRUE  TRUE  TRUE  TRUE  TRUE  TRUE  TRUE  TRUE  TRUE  TRUE  TRUE  TRUE
 [57,]  TRUE  TRUE  TRUE  TRUE  TRUE  TRUE  TRUE  TRUE  TRUE  TRUE  TRUE  TRUE
 [58,]  TRUE  TRUE  TRUE  TRUE  TRUE  TRUE  TRUE  TRUE  TRUE  TRUE  TRUE  TRUE
 [59,]  TRUE  TRUE  TRUE  TRUE  TRUE  TRUE  TRUE  TRUE  TRUE  TRUE  TRUE  TRUE
 [60,]  TRUE  TRUE  TRUE  TRUE  TRUE  TRUE  TRUE  TRUE  TRUE  TRUE  TRUE  TRUE
 [61,]  TRUE  TRUE  TRUE  TRUE  TRUE  TRUE  TRUE  TRUE  TRUE  TRUE  TRUE  TRUE
 [62,]  TRUE  TRUE  TRUE  TRUE  TRUE  TRUE  TRUE  TRUE  TRUE  TRUE  TRUE  TRUE
 [63,]  TRUE  TRUE  TRUE  TRUE  TRUE  TRUE  TRUE  TRUE  TRUE  TRUE  TRUE  TRUE
 [64,]  TRUE  TRUE  TRUE  TRUE  TRUE  TRUE  TRUE  TRUE  TRUE  TRUE  TRUE  TRUE
 [65,]  TRUE  TRUE  TRUE  TRUE  TRUE  TRUE  TRUE  TRUE  TRUE  TRUE  TRUE  TRUE
 [66,]  TRUE  TRUE  TRUE  TRUE  TRUE  TRUE  TRUE  TRUE  TRUE  TRUE  TRUE  TRUE
 [67,]  TRUE  TRUE  TRUE  TRUE  TRUE  TRUE  TRUE  TRUE  TRUE  TRUE  TRUE  TRUE
 [68,]  TRUE  TRUE  TRUE  TRUE  TRUE  TRUE  TRUE  TRUE  TRUE  TRUE  TRUE  TRUE
 [69,]  TRUE  TRUE  TRUE  TRUE  TRUE  TRUE  TRUE  TRUE  TRUE  TRUE  TRUE  TRUE
 [70,]  TRUE  TRUE  TRUE  TRUE  TRUE  TRUE  TRUE  TRUE  TRUE  TRUE  TRUE  TRUE
 [71,]  TRUE  TRUE  TRUE  TRUE  TRUE  TRUE  TRUE  TRUE  TRUE  TRUE  TRUE  TRUE
 [72,]  TRUE  TRUE  TRUE  TRUE  TRUE  TRUE  TRUE  TRUE  TRUE  TRUE  TRUE  TRUE
 [73,]  TRUE  TRUE  TRUE  TRUE  TRUE  TRUE  TRUE  TRUE  TRUE  TRUE  TRUE  TRUE
 [74,]  TRUE  TRUE  TRUE  TRUE  TRUE  TRUE  TRUE  TRUE  TRUE  TRUE  TRUE  TRUE
 [75,]  TRUE  TRUE  TRUE  TRUE  TRUE  TRUE  TRUE  TRUE  TRUE  TRUE  TRUE  TRUE
 [76,]  TRUE  TRUE  TRUE  TRUE  TRUE  TRUE  TRUE  TRUE  TRUE  TRUE  TRUE  TRUE
 [77,]  TRUE  TRUE  TRUE  TRUE  TRUE  TRUE  TRUE  TRUE  TRUE  TRUE  TRUE  TRUE
 [78,]  TRUE  TRUE  TRUE  TRUE  TRUE  TRUE  TRUE  TRUE  TRUE  TRUE  TRUE  TRUE
 [79,]  TRUE  TRUE  TRUE  TRUE  TRUE  TRUE  TRUE  TRUE  TRUE  TRUE  TRUE  TRUE
 [80,]  TRUE  TRUE  TRUE  TRUE  TRUE  TRUE  TRUE  TRUE  TRUE  TRUE  TRUE  TRUE
 [81,]  TRUE  TRUE  TRUE  TRUE  TRUE  TRUE  TRUE  TRUE  TRUE  TRUE  TRUE  TRUE
 [82,]  TRUE  TRUE  TRUE  TRUE  TRUE  TRUE  TRUE  TRUE  TRUE  TRUE  TRUE  TRUE
 [83,]  TRUE  TRUE  TRUE  TRUE  TRUE  TRUE  TRUE  TRUE  TRUE  TRUE  TRUE  TRUE
 [84,]  TRUE  TRUE  TRUE  TRUE  TRUE  TRUE  TRUE  TRUE  TRUE  TRUE  TRUE  TRUE
 [85,]  TRUE  TRUE  TRUE  TRUE  TRUE  TRUE  TRUE  TRUE  TRUE  TRUE  TRUE  TRUE
 [86,]  TRUE  TRUE  TRUE  TRUE  TRUE  TRUE  TRUE  TRUE  TRUE  TRUE  TRUE  TRUE
 [87,]  TRUE  TRUE  TRUE  TRUE  TRUE  TRUE  TRUE  TRUE  TRUE  TRUE  TRUE  TRUE
 [88,]  TRUE  TRUE  TRUE  TRUE  TRUE  TRUE  TRUE  TRUE  TRUE  TRUE  TRUE  TRUE
 [89,]  TRUE  TRUE  TRUE  TRUE  TRUE  TRUE  TRUE  TRUE  TRUE  TRUE  TRUE  TRUE
 [90,]  TRUE  TRUE  TRUE  TRUE  TRUE  TRUE  TRUE  TRUE  TRUE  TRUE  TRUE  TRUE
 [91,]  TRUE  TRUE  TRUE  TRUE  TRUE  TRUE  TRUE  TRUE  TRUE  TRUE  TRUE  TRUE
 [92,]  TRUE  TRUE  TRUE  TRUE  TRUE  TRUE  TRUE  TRUE  TRUE  TRUE  TRUE  TRUE
 [93,]  TRUE  TRUE  TRUE  TRUE  TRUE  TRUE  TRUE  TRUE  TRUE  TRUE  TRUE  TRUE
 [94,]  TRUE  TRUE  TRUE  TRUE  TRUE  TRUE  TRUE  TRUE  TRUE  TRUE  TRUE  TRUE
 [95,]  TRUE  TRUE  TRUE  TRUE  TRUE  TRUE  TRUE  TRUE  TRUE  TRUE  TRUE  TRUE
 [96,]  TRUE  TRUE  TRUE  TRUE  TRUE  TRUE  TRUE  TRUE  TRUE  TRUE  TRUE  TRUE
 [97,]  TRUE  TRUE  TRUE  TRUE  TRUE  TRUE  TRUE  TRUE  TRUE  TRUE  TRUE  TRUE
 [98,]  TRUE  TRUE  TRUE  TRUE  TRUE  TRUE  TRUE  TRUE  TRUE  TRUE  TRUE  TRUE
 [99,]  TRUE  TRUE  TRUE  TRUE  TRUE  TRUE  TRUE  TRUE  TRUE  TRUE  TRUE  TRUE
[100,]  TRUE  TRUE  TRUE  TRUE  TRUE  TRUE  TRUE  TRUE  TRUE  TRUE  TRUE  TRUE
       [,38] [,39] [,40] [,41] [,42] [,43]
  [1,]  TRUE  TRUE  TRUE  TRUE  TRUE  TRUE
  [2,]  TRUE  TRUE  TRUE  TRUE  TRUE  TRUE
  [3,]  TRUE  TRUE  TRUE  TRUE  TRUE  TRUE
  [4,]  TRUE  TRUE  TRUE  TRUE  TRUE  TRUE
  [5,]  TRUE  TRUE  TRUE  TRUE  TRUE  TRUE
  [6,]  TRUE  TRUE  TRUE  TRUE  TRUE  TRUE
  [7,]  TRUE  TRUE  TRUE  TRUE  TRUE  TRUE
  [8,]  TRUE  TRUE  TRUE  TRUE  TRUE  TRUE
  [9,]  TRUE  TRUE  TRUE  TRUE  TRUE  TRUE
 [10,]  TRUE  TRUE  TRUE  TRUE  TRUE  TRUE
 [11,]  TRUE  TRUE  TRUE  TRUE  TRUE  TRUE
 [12,]  TRUE  TRUE  TRUE  TRUE  TRUE  TRUE
 [13,]  TRUE  TRUE  TRUE  TRUE  TRUE  TRUE
 [14,]  TRUE  TRUE  TRUE  TRUE  TRUE  TRUE
 [15,]  TRUE  TRUE  TRUE  TRUE  TRUE  TRUE
 [16,]  TRUE  TRUE  TRUE  TRUE  TRUE  TRUE
 [17,]  TRUE  TRUE  TRUE  TRUE  TRUE  TRUE
 [18,]  TRUE  TRUE  TRUE  TRUE  TRUE  TRUE
 [19,]  TRUE  TRUE  TRUE  TRUE  TRUE  TRUE
 [20,]  TRUE  TRUE  TRUE  TRUE  TRUE  TRUE
 [21,]  TRUE  TRUE  TRUE  TRUE  TRUE  TRUE
 [22,]  TRUE  TRUE  TRUE  TRUE  TRUE  TRUE
 [23,]  TRUE  TRUE  TRUE  TRUE  TRUE  TRUE
 [24,]  TRUE  TRUE  TRUE  TRUE  TRUE  TRUE
 [25,]  TRUE  TRUE  TRUE  TRUE  TRUE  TRUE
 [26,]  TRUE  TRUE  TRUE  TRUE  TRUE  TRUE
 [27,]  TRUE  TRUE  TRUE  TRUE  TRUE  TRUE
 [28,]  TRUE  TRUE  TRUE  TRUE  TRUE  TRUE
 [29,]  TRUE  TRUE  TRUE  TRUE  TRUE  TRUE
 [30,]  TRUE  TRUE  TRUE  TRUE  TRUE  TRUE
 [31,]  TRUE  TRUE  TRUE  TRUE  TRUE  TRUE
 [32,]  TRUE  TRUE  TRUE  TRUE  TRUE  TRUE
 [33,]  TRUE  TRUE  TRUE  TRUE  TRUE  TRUE
 [34,]  TRUE  TRUE  TRUE  TRUE  TRUE  TRUE
 [35,]  TRUE  TRUE  TRUE  TRUE  TRUE  TRUE
 [36,]  TRUE  TRUE  TRUE  TRUE  TRUE  TRUE
 [37,]  TRUE  TRUE  TRUE  TRUE  TRUE  TRUE
 [38,]  TRUE  TRUE  TRUE  TRUE  TRUE  TRUE
 [39,]  TRUE  TRUE  TRUE  TRUE  TRUE  TRUE
 [40,]  TRUE  TRUE  TRUE  TRUE  TRUE  TRUE
 [41,]  TRUE  TRUE  TRUE  TRUE  TRUE  TRUE
 [42,]  TRUE  TRUE  TRUE  TRUE  TRUE  TRUE
 [43,]  TRUE  TRUE  TRUE  TRUE  TRUE  TRUE
 [44,]  TRUE  TRUE  TRUE  TRUE  TRUE  TRUE
 [45,]  TRUE  TRUE  TRUE  TRUE  TRUE  TRUE
 [46,]  TRUE  TRUE  TRUE  TRUE  TRUE  TRUE
 [47,]  TRUE  TRUE  TRUE  TRUE  TRUE  TRUE
 [48,]  TRUE  TRUE  TRUE  TRUE  TRUE  TRUE
 [49,]  TRUE  TRUE  TRUE  TRUE  TRUE  TRUE
 [50,]  TRUE  TRUE  TRUE  TRUE  TRUE  TRUE
 [51,]  TRUE  TRUE  TRUE  TRUE  TRUE  TRUE
 [52,]  TRUE  TRUE  TRUE  TRUE  TRUE  TRUE
 [53,]  TRUE  TRUE  TRUE  TRUE  TRUE  TRUE
 [54,]  TRUE  TRUE  TRUE  TRUE  TRUE  TRUE
 [55,]  TRUE  TRUE  TRUE  TRUE  TRUE  TRUE
 [56,]  TRUE  TRUE  TRUE  TRUE  TRUE  TRUE
 [57,]  TRUE  TRUE  TRUE  TRUE  TRUE  TRUE
 [58,]  TRUE  TRUE  TRUE  TRUE  TRUE  TRUE
 [59,]  TRUE  TRUE  TRUE  TRUE  TRUE  TRUE
 [60,]  TRUE  TRUE  TRUE  TRUE  TRUE  TRUE
 [61,]  TRUE  TRUE  TRUE  TRUE  TRUE  TRUE
 [62,]  TRUE  TRUE  TRUE  TRUE  TRUE  TRUE
 [63,]  TRUE  TRUE  TRUE  TRUE  TRUE  TRUE
 [64,]  TRUE  TRUE  TRUE  TRUE  TRUE  TRUE
 [65,]  TRUE  TRUE  TRUE  TRUE  TRUE  TRUE
 [66,]  TRUE  TRUE  TRUE  TRUE  TRUE  TRUE
 [67,]  TRUE  TRUE  TRUE  TRUE  TRUE  TRUE
 [68,]  TRUE  TRUE  TRUE  TRUE  TRUE  TRUE
 [69,]  TRUE  TRUE  TRUE  TRUE  TRUE  TRUE
 [70,]  TRUE  TRUE  TRUE  TRUE  TRUE  TRUE
 [71,]  TRUE  TRUE  TRUE  TRUE  TRUE  TRUE
 [72,]  TRUE  TRUE  TRUE  TRUE  TRUE  TRUE
 [73,]  TRUE  TRUE  TRUE  TRUE  TRUE  TRUE
 [74,]  TRUE  TRUE  TRUE  TRUE  TRUE  TRUE
 [75,]  TRUE  TRUE  TRUE  TRUE  TRUE  TRUE
 [76,]  TRUE  TRUE  TRUE  TRUE  TRUE  TRUE
 [77,]  TRUE  TRUE  TRUE  TRUE  TRUE  TRUE
 [78,]  TRUE  TRUE  TRUE  TRUE  TRUE  TRUE
 [79,]  TRUE  TRUE  TRUE  TRUE  TRUE  TRUE
 [80,]  TRUE  TRUE  TRUE  TRUE  TRUE  TRUE
 [81,]  TRUE  TRUE  TRUE  TRUE  TRUE  TRUE
 [82,]  TRUE  TRUE  TRUE  TRUE  TRUE  TRUE
 [83,]  TRUE  TRUE  TRUE  TRUE  TRUE  TRUE
 [84,]  TRUE  TRUE  TRUE  TRUE  TRUE  TRUE
 [85,]  TRUE  TRUE  TRUE  TRUE  TRUE  TRUE
 [86,]  TRUE  TRUE  TRUE  TRUE  TRUE  TRUE
 [87,]  TRUE  TRUE  TRUE  TRUE  TRUE  TRUE
 [88,]  TRUE  TRUE  TRUE  TRUE  TRUE  TRUE
 [89,]  TRUE  TRUE  TRUE  TRUE  TRUE  TRUE
 [90,]  TRUE  TRUE  TRUE  TRUE  TRUE  TRUE
 [91,]  TRUE  TRUE  TRUE  TRUE  TRUE  TRUE
 [92,]  TRUE  TRUE  TRUE  TRUE  TRUE  TRUE
 [93,]  TRUE  TRUE  TRUE  TRUE  TRUE  TRUE
 [94,]  TRUE  TRUE  TRUE  TRUE  TRUE  TRUE
 [95,]  TRUE  TRUE  TRUE  TRUE  TRUE  TRUE
 [96,]  TRUE  TRUE  TRUE  TRUE  TRUE  TRUE
 [97,]  TRUE  TRUE  TRUE  TRUE  TRUE  TRUE
 [98,]  TRUE  TRUE  TRUE  TRUE  TRUE  TRUE
 [99,]  TRUE  TRUE  TRUE  TRUE  TRUE  TRUE
[100,]  TRUE  TRUE  TRUE  TRUE  TRUE  TRUE
 --- function from context --- 
function (n, size = n, replace = FALSE, prob = NULL, useHash = (!replace && 
    is.null(prob) && size <= n/2 && n > 1e+07)) 
{
    if (useHash) 
        .Internal(sample2(n, size))
    else .Internal(sample(n, size, replace, prob))
}
<bytecode: 0x0000000020688630>
<environment: namespace:base>
 --- function search by body ---
Function sample.int in namespace base has this body.
 ----------- END OF FAILURE REPORT -------------- 
Quitting from lines 87-100 (bnem.rmd) 
Error: processing vignette 'bnem.rmd' failed with diagnostics:
'length(x) = 4300 > 1' in coercion to 'logical(1)'
--- failed re-building 'bnem.rmd'

SUMMARY: processing the following file failed:
  'bnem.rmd'

Error: Vignette re-building failed.
Execution halted