Back to Multiple platform build/check report for BioC 3.14
ABCDEFGHIJKLMN[O]PQRSTUVWXYZ

This page was generated on 2021-08-02 12:05:20 -0400 (Mon, 02 Aug 2021).

CHECK results for OrganismDbi on merida1

To the developers/maintainers of the OrganismDbi package:
- Please allow up to 24 hours (and sometimes 48 hours) for your latest push to git@git.bioconductor.org:packages/OrganismDbi.git to
reflect on this report. See How and When does the builder pull? When will my changes propagate? here for more information.
- Make sure to use the following settings in order to reproduce any error or warning you see on this page.

raw results

Package 1310/2015HostnameOS / ArchINSTALLBUILDCHECKBUILD BIN
OrganismDbi 1.35.0  (landing page)
Bioconductor Package Maintainer
Snapshot Date: 2021-08-01 14:50:04 -0400 (Sun, 01 Aug 2021)
URL: https://git.bioconductor.org/packages/OrganismDbi
Branch: master
Last Commit: 22bca21
Last Changed Date: 2021-05-19 11:53:46 -0400 (Wed, 19 May 2021)
nebbiolo2Linux (Ubuntu 20.04.2 LTS) / x86_64  OK    OK    ERROR  
riesling1Windows Server 2019 Standard / x64  OK    OK    ERROR    OK  
merida1macOS 10.14.6 Mojave / x86_64  OK    OK    ERROR    OK  

Summary

Package: OrganismDbi
Version: 1.35.0
Command: /Library/Frameworks/R.framework/Resources/bin/R CMD check --install=check:OrganismDbi.install-out.txt --library=/Library/Frameworks/R.framework/Resources/library --no-vignettes --timings OrganismDbi_1.35.0.tar.gz
StartedAt: 2021-08-02 05:02:24 -0400 (Mon, 02 Aug 2021)
EndedAt: 2021-08-02 05:15:10 -0400 (Mon, 02 Aug 2021)
EllapsedTime: 766.2 seconds
RetCode: 1
Status:   ERROR  
CheckDir: OrganismDbi.Rcheck
Warnings: NA

Command output

##############################################################################
##############################################################################
###
### Running command:
###
###   /Library/Frameworks/R.framework/Resources/bin/R CMD check --install=check:OrganismDbi.install-out.txt --library=/Library/Frameworks/R.framework/Resources/library --no-vignettes --timings OrganismDbi_1.35.0.tar.gz
###
##############################################################################
##############################################################################


* using log directory ‘/Users/biocbuild/bbs-3.14-bioc/meat/OrganismDbi.Rcheck’
* using R version 4.1.0 RC (2021-05-16 r80304)
* using platform: x86_64-apple-darwin17.0 (64-bit)
* using session charset: UTF-8
* using option ‘--no-vignettes’
* checking for file ‘OrganismDbi/DESCRIPTION’ ... OK
* this is package ‘OrganismDbi’ version ‘1.35.0’
* package encoding: UTF-8
* checking package namespace information ... OK
* checking package dependencies ... OK
* checking if this is a source package ... OK
* checking if there is a namespace ... OK
* checking for hidden files and directories ... OK
* checking for portable file names ... OK
* checking for sufficient/correct file permissions ... OK
* checking whether package ‘OrganismDbi’ can be installed ... OK
* checking installed package size ... OK
* checking package directory ... OK
* checking ‘build’ directory ... OK
* checking DESCRIPTION meta-information ... OK
* checking top-level files ... OK
* checking for left-over files ... OK
* checking index information ... OK
* checking package subdirectories ... OK
* checking R files for non-ASCII characters ... OK
* checking R files for syntax errors ... OK
* checking whether the package can be loaded ... OK
* checking whether the package can be loaded with stated dependencies ... OK
* checking whether the package can be unloaded cleanly ... OK
* checking whether the namespace can be loaded with stated dependencies ... OK
* checking whether the namespace can be unloaded cleanly ... OK
* checking dependencies in R code ... NOTE
There are ::: calls to the package's namespace in its code. A package
  almost never needs to use ::: for its own objects:
  ‘.biocAnnPackages’ ‘.extractPkgsAndCols’ ‘.gentlyExtractDbFiles’
  ‘.lookupDbNameFromKeytype’ ‘.mungeGraphData’ ‘.taxIdToOrgDb’
  ‘.taxIdToOrgDbName’ ‘.testGraphData’ ‘.testKeys’ ‘OrganismDb’
* checking S3 generic/method consistency ... OK
* checking replacement functions ... OK
* checking foreign function calls ... OK
* checking R code for possible problems ... OK
* checking Rd files ... OK
* checking Rd metadata ... OK
* checking Rd cross-references ... WARNING
Missing link or links in documentation object 'OrganismDb.Rd':
  ‘GenomeInfoDb’ ‘seqlevels’ ‘seqlengths’ ‘isCircular’ ‘genome’

Missing link or links in documentation object 'coordinate-mapping-method.Rd':
  ‘mapToAlignments’

Missing link or links in documentation object 'rangeBasedAccessors.Rd':
  ‘BSgenome’ ‘DNAString’

See section 'Cross-references' in the 'Writing R Extensions' manual.
* checking for missing documentation entries ... OK
* checking for code/documentation mismatches ... OK
* checking Rd \usage sections ... OK
* checking Rd contents ... OK
* checking for unstated dependencies in examples ... OK
* checking sizes of PDF files under ‘inst/doc’ ... OK
* checking files in ‘vignettes’ ... OK
* checking examples ... ERROR
Running examples in ‘OrganismDbi-Ex.R’ failed
The error most likely occurred in:

> base::assign(".ptime", proc.time(), pos = "CheckExEnv")
> ### Name: makeOrganismDbFromBiomart
> ### Title: Make a OrganismDb object from annotations available on a BioMart
> ###   database
> ### Aliases: makeOrganismDbFromBiomart
> 
> ### ** Examples
> 
> ## Discover which datasets are available in the "ensembl" BioMart
> ## database:
> library(biomaRt)
> head(listDatasets(useMart("ensembl")))
                       dataset                           description
1 abrachyrhynchus_gene_ensembl Pink-footed goose genes (ASM259213v1)
2     acalliptera_gene_ensembl      Eastern happy genes (fAstCal1.2)
3   acarolinensis_gene_ensembl       Green anole genes (AnoCar2.0v2)
4    acchrysaetos_gene_ensembl       Golden eagle genes (bAquChr1.2)
5    acitrinellus_gene_ensembl        Midas cichlid genes (Midas_v5)
6    amelanoleuca_gene_ensembl       Giant panda genes (ASM200744v2)
      version
1 ASM259213v1
2  fAstCal1.2
3 AnoCar2.0v2
4  bAquChr1.2
5    Midas_v5
6 ASM200744v2
> 
> ## Retrieving an incomplete transcript dataset for Human from the
> ## "ensembl" BioMart database:
> transcript_ids <- c(
+     "ENST00000013894",
+     "ENST00000268655",
+     "ENST00000313243",
+     "ENST00000435657",
+     "ENST00000384428",
+     "ENST00000478783"
+ )
> odb <- makeOrganismDbFromBiomart(transcript_ids=transcript_ids)
Ensembl site unresponsive, trying uswest mirror
Ensembl site unresponsive, trying asia mirror
Download and preprocess the 'transcripts' data frame ... OK
Download and preprocess the 'chrominfo' data frame ... OK
Download and preprocess the 'splicings' data frame ... OK
Download and preprocess the 'genes' data frame ... OK
Prepare the 'metadata' data frame ... OK
Make the TxDb object ... OK
> odb  # note that these annotations match the GRCh38 genome assembly
OrganismDb Object:
# Includes GODb Object:  GO.db 
# With data about:  Gene Ontology 
# Includes OrgDb Object:  org.Hs.eg.db 
# Gene data about:  Homo sapiens 
# Taxonomy Id:  9606 
# Includes TxDb Object:  TxDb.Hsapiens.BioMart.ENSEMBLMARTENSEMBL.GRCh38.p13 
# Transcriptome data about:  Homo sapiens 
# Based on genome:   
# The OrgDb gene id ENSEMBL is mapped to the TxDb gene id GENEID .
> 
> ## Now what if we want to use another mirror?  We might make use of the
> ## new host argument.  But wait!  If we use biomaRt, we can see that
> ## this host has named the mart differently!
> listMarts(host="useast.ensembl.org")
Error: Unexpected format to the list of available marts.
Please check the following URL manually, and try ?listMarts for advice.
http://useast.ensembl.org:80/biomart/martservice?type=registry&requestid=biomaRt
Execution halted
* checking for unstated dependencies in ‘tests’ ... OK
* checking tests ...
  Running ‘OrganismDbi_unit_tests.R’
 OK
* checking for unstated dependencies in vignettes ... OK
* checking package vignettes in ‘inst/doc’ ... OK
* checking running R code from vignettes ... SKIPPED
* checking re-building of vignette outputs ... SKIPPED
* checking PDF version of manual ... OK
* DONE

Status: 1 ERROR, 1 WARNING, 1 NOTE
See
  ‘/Users/biocbuild/bbs-3.14-bioc/meat/OrganismDbi.Rcheck/00check.log’
for details.


Installation output

OrganismDbi.Rcheck/00install.out

##############################################################################
##############################################################################
###
### Running command:
###
###   /Library/Frameworks/R.framework/Resources/bin/R CMD INSTALL OrganismDbi
###
##############################################################################
##############################################################################


* installing to library ‘/Library/Frameworks/R.framework/Versions/4.1/Resources/library’
* installing *source* package ‘OrganismDbi’ ...
** using staged installation
** R
** inst
** byte-compile and prepare package for lazy loading
** help
*** installing help indices
** building package indices
** installing vignettes
** testing if installed package can be loaded from temporary location
** testing if installed package can be loaded from final location
** testing if installed package keeps a record of temporary installation path
* DONE (OrganismDbi)

Tests output

OrganismDbi.Rcheck/tests/OrganismDbi_unit_tests.Rout


R version 4.1.0 RC (2021-05-16 r80304) -- "Camp Pontanezen"
Copyright (C) 2021 The R Foundation for Statistical Computing
Platform: x86_64-apple-darwin17.0 (64-bit)

R is free software and comes with ABSOLUTELY NO WARRANTY.
You are welcome to redistribute it under certain conditions.
Type 'license()' or 'licence()' for distribution details.

R is a collaborative project with many contributors.
Type 'contributors()' for more information and
'citation()' on how to cite R or R packages in publications.

Type 'demo()' for some demos, 'help()' for on-line help, or
'help.start()' for an HTML browser interface to help.
Type 'q()' to quit R.

> BiocGenerics:::testPackage("OrganismDbi")

Attaching package: 'BiocGenerics'

The following objects are masked from 'package:stats':

    IQR, mad, sd, var, xtabs

The following objects are masked from 'package:base':

    Filter, Find, Map, Position, Reduce, anyDuplicated, append,
    as.data.frame, basename, cbind, colnames, dirname, do.call,
    duplicated, eval, evalq, get, grep, grepl, intersect, is.unsorted,
    lapply, mapply, match, mget, order, paste, pmax, pmax.int, pmin,
    pmin.int, rank, rbind, rownames, sapply, setdiff, sort, table,
    tapply, union, unique, unsplit, which.max, which.min

Welcome to Bioconductor

    Vignettes contain introductory material; view with
    'browseVignettes()'. To cite Bioconductor, see
    'citation("Biobase")', and for packages 'citation("pkgname")'.


Attaching package: 'S4Vectors'

The following objects are masked from 'package:base':

    I, expand.grid, unname

Loading required package: Homo.sapiens
Loading required package: GO.db

Loading required package: org.Hs.eg.db

Loading required package: TxDb.Hsapiens.UCSC.hg19.knownGene
'select()' returned 1:many mapping between keys and columns
'select()' returned 1:many mapping between keys and columns
'select()' returned 1:many mapping between keys and columns
'select()' returned 1:many mapping between keys and columns
'select()' returned 1:many mapping between keys and columns
Loading required package: RSQLite
Loading required package: Rattus.norvegicus
Loading required package: org.Rn.eg.db

Loading required package: TxDb.Rnorvegicus.UCSC.rn5.refGene
'select()' returned 1:many mapping between keys and columns
'select()' returned 1:many mapping between keys and columns
'select()' returned 1:many mapping between keys and columns
'select()' returned 1:many mapping between keys and columns
'select()' returned 1:many mapping between keys and columns
'select()' returned 1:many mapping between keys and columns
'select()' returned 1:many mapping between keys and columns
'select()' returned 1:many mapping between keys and columns
'select()' returned 1:many mapping between keys and columns
'select()' returned 1:many mapping between keys and columns
'select()' returned 1:many mapping between keys and columns
'select()' returned 1:many mapping between keys and columns
'select()' returned 1:many mapping between keys and columns
'select()' returned 1:many mapping between keys and columns
'select()' returned 1:many mapping between keys and columns
'select()' returned 1:many mapping between keys and columns
'select()' returned 1:1 mapping between keys and columns
'select()' returned 1:1 mapping between keys and columns
'select()' returned 1:1 mapping between keys and columns
'select()' returned 1:many mapping between keys and columns
'select()' returned 1:1 mapping between keys and columns
'select()' returned 1:1 mapping between keys and columns
'select()' returned 1:1 mapping between keys and columns
'select()' returned 1:1 mapping between keys and columns
'select()' returned 1:1 mapping between keys and columns
'select()' returned 1:1 mapping between keys and columns
'select()' returned 1:many mapping between keys and columns
'select()' returned many:many mapping between keys and columns
'select()' returned 1:many mapping between keys and columns
'select()' returned 1:many mapping between keys and columns
'select()' returned 1:many mapping between keys and columns
'select()' returned many:many mapping between keys and columns
'select()' returned 1:many mapping between keys and columns
'select()' returned 1:1 mapping between keys and columns
'select()' returned 1:1 mapping between keys and columns
'select()' returned 1:1 mapping between keys and columns
Loading required package: FDb.UCSC.tRNAs
Loading required package: BSgenome.Hsapiens.UCSC.hg19
Loading required package: BSgenome
Loading required package: Biostrings
Loading required package: XVector

Attaching package: 'Biostrings'

The following object is masked from 'package:base':

    strsplit

Loading required package: rtracklayer
  403 genes were dropped because they have exons located on both strands
  of the same reference sequence or on more than one reference sequence,
  so cannot be represented by a single genomic range.
  Use 'single.strand.genes.only=FALSE' to get all the genes in a
  GRangesList object, or use suppressMessages() to suppress this message.


RUNIT TEST PROTOCOL -- Mon Aug  2 05:15:00 2021 
*********************************************** 
Number of test functions: 42 
Number of errors: 0 
Number of failures: 0 

 
1 Test Suite : 
OrganismDbi RUnit Tests - 42 test functions, 0 errors, 0 failures
Number of test functions: 42 
Number of errors: 0 
Number of failures: 0 
Warning messages:
1: call dbDisconnect() when finished working with a connection 
2:   disjointExons() is deprecated. Please use exonicParts() instead. 
> 
> proc.time()
   user  system elapsed 
286.048  12.197 327.967 

Example timings

OrganismDbi.Rcheck/OrganismDbi-Ex.timings

nameusersystemelapsed
OrganismDb10.938 0.37911.336
coordinate-mapping-method1.4130.0321.446