Back to Multiple platform build/check report for BioC 3.14
ABCDEFGH[I]JKLMNOPQRSTUVWXYZ

This page was generated on 2021-07-30 12:05:32 -0400 (Fri, 30 Jul 2021).

BUILD results for IPO on merida1

To the developers/maintainers of the IPO package:
- Please allow up to 24 hours (and sometimes 48 hours) for your latest push to git@git.bioconductor.org:packages/IPO.git to
reflect on this report. See How and When does the builder pull? When will my changes propagate? here for more information.
- Make sure to use the following settings in order to reproduce any error or warning you see on this page.

raw results

Package 925/2015HostnameOS / ArchINSTALLBUILDCHECKBUILD BIN
IPO 1.19.0  (landing page)
Thomas Riebenbauer
Snapshot Date: 2021-07-29 14:50:07 -0400 (Thu, 29 Jul 2021)
URL: https://git.bioconductor.org/packages/IPO
Branch: master
Last Commit: dc85633
Last Changed Date: 2021-05-19 12:22:15 -0400 (Wed, 19 May 2021)
nebbiolo2Linux (Ubuntu 20.04.2 LTS) / x86_64  OK    ERROR  skipped
riesling1Windows Server 2019 Standard / x64  OK    OK    WARNINGS    OK  NO, package depends on 'xcms' which is not available
merida1macOS 10.14.6 Mojave / x86_64  OK    ERROR  skippedskipped

Summary

Package: IPO
Version: 1.19.0
Command: /Library/Frameworks/R.framework/Resources/bin/R CMD build --keep-empty-dirs --no-resave-data IPO
StartedAt: 2021-07-29 20:17:27 -0400 (Thu, 29 Jul 2021)
EndedAt: 2021-07-29 20:18:10 -0400 (Thu, 29 Jul 2021)
EllapsedTime: 43.8 seconds
RetCode: 1
Status:   ERROR  
PackageFile: None
PackageFileSize: NA

Command output

##############################################################################
##############################################################################
###
### Running command:
###
###   /Library/Frameworks/R.framework/Resources/bin/R CMD build --keep-empty-dirs --no-resave-data IPO
###
##############################################################################
##############################################################################


* checking for file ‘IPO/DESCRIPTION’ ... OK
* preparing ‘IPO’:
* checking DESCRIPTION meta-information ... OK
* installing the package to build vignettes
* creating vignettes ... ERROR
--- re-building ‘IPO.Rmd’ using rmarkdown
Error: processing vignette 'IPO.Rmd' failed with diagnostics:
The 'rmarkdown' package should be installed and declared as a dependency of the 'IPO' package (e.g., in the 'Suggests' field of DESCRIPTION), because the latter contains vignette(s) built with the 'rmarkdown' package. Please see https://github.com/yihui/knitr/issues/1864 for more information.
--- failed re-building ‘IPO.Rmd’

SUMMARY: processing the following file failed:
  ‘IPO.Rmd’

Error: Vignette re-building failed.
Execution halted