Back to Multiple platform build/check report for BioC 3.20:   simplified   long
ABC[D]EFGHIJKLMNOPQRSTUVWXYZ

This page was generated on 2024-05-15 13:46:31 -0400 (Wed, 15 May 2024).

HostnameOSArch (*)R versionInstalled pkgs
nebbiolo2Linux (Ubuntu 22.04.3 LTS)x86_644.4.0 RC (2024-04-16 r86468) -- "Puppy Cup" 4663
kunpeng2Linux (openEuler 22.03 LTS-SP1)aarch644.4.0 beta (2024-04-15 r86425) -- "Puppy Cup" 4480
Click on any hostname to see more info about the system (e.g. compilers)      (*) as reported by 'uname -p', except on Windows and Mac OS X

Package 593/2230HostnameOS / ArchINSTALLBUILDCHECKBUILD BIN
DropletUtils 1.25.0  (landing page)
Jonathan Griffiths
Snapshot Date: 2024-05-13 14:05:07 -0400 (Mon, 13 May 2024)
git_url: https://git.bioconductor.org/packages/DropletUtils
git_branch: devel
git_last_commit: 09b8cf7
git_last_commit_date: 2024-04-30 11:03:17 -0400 (Tue, 30 Apr 2024)
nebbiolo2Linux (Ubuntu 22.04.3 LTS) / x86_64  OK    OK    WARNINGS  UNNEEDED, same version is already published
kunpeng2Linux (openEuler 22.03 LTS-SP1) / aarch64  OK    OK    ERROR  
kjohnson1macOS 13.6.6 Ventura / arm64see weekly results here

CHECK results for DropletUtils on kunpeng2


To the developers/maintainers of the DropletUtils package:
- Allow up to 24 hours (and sometimes 48 hours) for your latest push to git@git.bioconductor.org:packages/DropletUtils.git to reflect on this report. See Troubleshooting Build Report for more information.
- Use the following Renviron settings to reproduce errors and warnings.
- If 'R CMD check' started to fail recently on the Linux builder(s) over a missing dependency, add the missing dependency to 'Suggests:' in your DESCRIPTION file. See Renviron.bioc for more information.
- See Martin Grigorov's blog post for how to debug Linux ARM64 related issues on a x86_64 host.

raw results


Summary

Package: DropletUtils
Version: 1.24.0
Command: /home/biocbuild/R/R-beta-2024-04-15_r86425/bin/R CMD check --install=check:DropletUtils.install-out.txt --library=/home/biocbuild/R/R-beta-2024-04-15_r86425/site-library --no-vignettes --timings DropletUtils_1.24.0.tar.gz
StartedAt: 2024-05-09 06:58:44 -0000 (Thu, 09 May 2024)
EndedAt: 2024-05-09 07:07:12 -0000 (Thu, 09 May 2024)
EllapsedTime: 507.9 seconds
RetCode: 1
Status:   ERROR  
CheckDir: DropletUtils.Rcheck
Warnings: NA

Command output

##############################################################################
##############################################################################
###
### Running command:
###
###   /home/biocbuild/R/R-beta-2024-04-15_r86425/bin/R CMD check --install=check:DropletUtils.install-out.txt --library=/home/biocbuild/R/R-beta-2024-04-15_r86425/site-library --no-vignettes --timings DropletUtils_1.24.0.tar.gz
###
##############################################################################
##############################################################################


* using log directory ‘/home/biocbuild/bbs-3.19-bioc/meat/DropletUtils.Rcheck’
* using R version 4.4.0 beta (2024-04-15 r86425)
* using platform: aarch64-unknown-linux-gnu
* R was compiled by
    gcc (GCC) 10.3.1
    GNU Fortran (GCC) 10.3.1
* running under: openEuler 22.03 (LTS-SP1)
* using session charset: UTF-8
* using option ‘--no-vignettes’
* checking for file ‘DropletUtils/DESCRIPTION’ ... OK
* this is package ‘DropletUtils’ version ‘1.24.0’
* checking package namespace information ... OK
* checking package dependencies ... OK
* checking if this is a source package ... OK
* checking if there is a namespace ... OK
* checking for hidden files and directories ... NOTE
Found the following hidden files and directories:
  .BBSoptions
These were most likely included in error. See section ‘Package
structure’ in the ‘Writing R Extensions’ manual.
* checking for portable file names ... OK
* checking for sufficient/correct file permissions ... OK
* checking whether package ‘DropletUtils’ can be installed ... OK
* used C++ compiler: ‘g++ (GCC) 10.3.1’
* checking C++ specification ... NOTE
  Specified C++11: please drop specification unless essential
* checking installed package size ... NOTE
  installed size is 28.1Mb
  sub-directories of 1Mb or more:
    libs  27.7Mb
* checking package directory ... OK
* checking ‘build’ directory ... OK
* checking DESCRIPTION meta-information ... OK
* checking top-level files ... OK
* checking for left-over files ... OK
* checking index information ... OK
* checking package subdirectories ... OK
* checking code files for non-ASCII characters ... OK
* checking R files for syntax errors ... OK
* checking whether the package can be loaded ... OK
* checking whether the package can be loaded with stated dependencies ... OK
* checking whether the package can be unloaded cleanly ... OK
* checking whether the namespace can be loaded with stated dependencies ... OK
* checking whether the namespace can be unloaded cleanly ... OK
* checking loading without being on the library search path ... OK
* checking dependencies in R code ... OK
* checking S3 generic/method consistency ... OK
* checking replacement functions ... OK
* checking foreign function calls ... OK
* checking R code for possible problems ... OK
* checking Rd files ... OK
* checking Rd metadata ... OK
* checking Rd cross-references ... OK
* checking for missing documentation entries ... OK
* checking for code/documentation mismatches ... OK
* checking Rd \usage sections ... OK
* checking Rd contents ... OK
* checking for unstated dependencies in examples ... OK
* checking line endings in C/C++/Fortran sources/headers ... OK
* checking line endings in Makefiles ... OK
* checking compilation flags in Makevars ... OK
* checking for GNU extensions in Makefiles ... NOTE
GNU make is a SystemRequirements.
* checking for portable use of $(BLAS_LIBS) and $(LAPACK_LIBS) ... OK
* checking use of PKG_*FLAGS in Makefiles ... OK
* checking compiled code ... WARNING
Note: information on .o files is not available
File ‘/home/biocbuild/R/R-beta-2024-04-15_r86425/site-library/DropletUtils/libs/DropletUtils.so’:
  Found ‘_ZSt4cerr’, possibly from ‘std::cerr’ (C++)
  Found ‘abort’, possibly from ‘abort’ (C)
  Found ‘exit’, possibly from ‘exit’ (C)
  Found ‘rand_r’, possibly from ‘rand_r’ (C)
  Found ‘sprintf’, possibly from ‘sprintf’ (C)
  Found ‘stderr’, possibly from ‘stderr’ (C)
  Found ‘stdout’, possibly from ‘stdout’ (C)

Compiled code should not call entry points which might terminate R nor
write to stdout/stderr instead of to the console, nor use Fortran I/O
nor system RNGs nor [v]sprintf. The detected symbols are linked into
the code but might come from libraries and not actually be called.

See ‘Writing portable packages’ in the ‘Writing R Extensions’ manual.
* checking files in ‘vignettes’ ... OK
* checking examples ... OK
* checking for unstated dependencies in ‘tests’ ... OK
* checking tests ...
  Running ‘testthat.R’
 ERROR
Running the tests in ‘tests/testthat.R’ failed.
Last 13 lines of output:
  The following objects are masked from 'package:matrixStats':
  
      anyMissing, rowMedians
  
  > test_check("DropletUtils")
  [ FAIL 1 | WARN 1 | SKIP 0 | PASS 1005 ]
  
  ══ Failed tests ════════════════════════════════════════════════════════════════
  ── Failure ('test-hashing.R:244:9'): edge cases are handled correctly with combinatorial barcodes ──
  out$LogFC not identical to .compute_expected_lfc(SCALING, PSEUDO).
  Objects equal but not identical
  
  [ FAIL 1 | WARN 1 | SKIP 0 | PASS 1005 ]
  Error: Test failures
  Execution halted
* checking for unstated dependencies in vignettes ... OK
* checking package vignettes ... OK
* checking running R code from vignettes ... SKIPPED
* checking re-building of vignette outputs ... SKIPPED
* checking PDF version of manual ... OK
* DONE

Status: 1 ERROR, 1 WARNING, 4 NOTEs
See
  ‘/home/biocbuild/bbs-3.19-bioc/meat/DropletUtils.Rcheck/00check.log’
for details.


Installation output

DropletUtils.Rcheck/00install.out

##############################################################################
##############################################################################
###
### Running command:
###
###   /home/biocbuild/R/R-beta-2024-04-15_r86425/bin/R CMD INSTALL DropletUtils
###
##############################################################################
##############################################################################


* installing to library ‘/home/biocbuild/R/R-beta-2024-04-15_r86425/site-library’
* installing *source* package ‘DropletUtils’ ...
** using staged installation
** libs
using C++ compiler: ‘g++ (GCC) 10.3.1’
using C++11
g++ -std=gnu++11 -I"/home/biocbuild/R/R-beta-2024-04-15_r86425/include" -DNDEBUG  -I'/home/biocbuild/R/R-beta-2024-04-15_r86425/site-library/Rcpp/include' -I'/home/biocbuild/R/R-beta-2024-04-15_r86425/site-library/beachmat/include' -I'/home/biocbuild/R/R-beta-2024-04-15_r86425/site-library/Rhdf5lib/include' -I'/home/biocbuild/R/R-beta-2024-04-15_r86425/site-library/BH/include' -I'/home/biocbuild/R/R-beta-2024-04-15_r86425/site-library/dqrng/include' -I'/home/biocbuild/R/R-beta-2024-04-15_r86425/site-library/scuttle/include' -I/usr/local/include    -fPIC  -g -O2  -Wall  -c RcppExports.cpp -o RcppExports.o
g++ -std=gnu++11 -I"/home/biocbuild/R/R-beta-2024-04-15_r86425/include" -DNDEBUG  -I'/home/biocbuild/R/R-beta-2024-04-15_r86425/site-library/Rcpp/include' -I'/home/biocbuild/R/R-beta-2024-04-15_r86425/site-library/beachmat/include' -I'/home/biocbuild/R/R-beta-2024-04-15_r86425/site-library/Rhdf5lib/include' -I'/home/biocbuild/R/R-beta-2024-04-15_r86425/site-library/BH/include' -I'/home/biocbuild/R/R-beta-2024-04-15_r86425/site-library/dqrng/include' -I'/home/biocbuild/R/R-beta-2024-04-15_r86425/site-library/scuttle/include' -I/usr/local/include    -fPIC  -g -O2  -Wall  -c downsample_run.cpp -o downsample_run.o
g++ -std=gnu++11 -I"/home/biocbuild/R/R-beta-2024-04-15_r86425/include" -DNDEBUG  -I'/home/biocbuild/R/R-beta-2024-04-15_r86425/site-library/Rcpp/include' -I'/home/biocbuild/R/R-beta-2024-04-15_r86425/site-library/beachmat/include' -I'/home/biocbuild/R/R-beta-2024-04-15_r86425/site-library/Rhdf5lib/include' -I'/home/biocbuild/R/R-beta-2024-04-15_r86425/site-library/BH/include' -I'/home/biocbuild/R/R-beta-2024-04-15_r86425/site-library/dqrng/include' -I'/home/biocbuild/R/R-beta-2024-04-15_r86425/site-library/scuttle/include' -I/usr/local/include    -fPIC  -g -O2  -Wall  -c encode_sequences.cpp -o encode_sequences.o
encode_sequences.cpp: In function ‘Rcpp::IntegerVector encode_sequences(Rcpp::StringVector)’:
encode_sequences.cpp:8:23: warning: comparison of integer expressions of different signedness: ‘size_t’ {aka ‘long unsigned int’} and ‘R_xlen_t’ {aka ‘long int’} [-Wsign-compare]
    8 |     for (size_t i=0; i<output.size(); ++i) {
      |                      ~^~~~~~~~~~~~~~
g++ -std=gnu++11 -I"/home/biocbuild/R/R-beta-2024-04-15_r86425/include" -DNDEBUG  -I'/home/biocbuild/R/R-beta-2024-04-15_r86425/site-library/Rcpp/include' -I'/home/biocbuild/R/R-beta-2024-04-15_r86425/site-library/beachmat/include' -I'/home/biocbuild/R/R-beta-2024-04-15_r86425/site-library/Rhdf5lib/include' -I'/home/biocbuild/R/R-beta-2024-04-15_r86425/site-library/BH/include' -I'/home/biocbuild/R/R-beta-2024-04-15_r86425/site-library/dqrng/include' -I'/home/biocbuild/R/R-beta-2024-04-15_r86425/site-library/scuttle/include' -I/usr/local/include    -fPIC  -g -O2  -Wall  -c find_chimeric.cpp -o find_chimeric.o
find_chimeric.cpp: In function ‘Rcpp::List find_chimeric(Rcpp::StringVector, Rcpp::IntegerVector, Rcpp::IntegerVector, double, bool)’:
find_chimeric.cpp:28:23: warning: comparison of integer expressions of different signedness: ‘size_t’ {aka ‘long unsigned int’} and ‘long int’ [-Wsign-compare]
   28 |     for (size_t i=0; i<nmolecules; ++i, ++uIt) {
      |                      ~^~~~~~~~~~~
g++ -std=gnu++11 -I"/home/biocbuild/R/R-beta-2024-04-15_r86425/include" -DNDEBUG  -I'/home/biocbuild/R/R-beta-2024-04-15_r86425/site-library/Rcpp/include' -I'/home/biocbuild/R/R-beta-2024-04-15_r86425/site-library/beachmat/include' -I'/home/biocbuild/R/R-beta-2024-04-15_r86425/site-library/Rhdf5lib/include' -I'/home/biocbuild/R/R-beta-2024-04-15_r86425/site-library/BH/include' -I'/home/biocbuild/R/R-beta-2024-04-15_r86425/site-library/dqrng/include' -I'/home/biocbuild/R/R-beta-2024-04-15_r86425/site-library/scuttle/include' -I/usr/local/include    -fPIC  -g -O2  -Wall  -c find_swapped.cpp -o find_swapped.o
In file included from /home/biocbuild/R/R-beta-2024-04-15_r86425/site-library/beachmat/include/beachmat3/lin_matrix.h:12,
                 from /home/biocbuild/R/R-beta-2024-04-15_r86425/site-library/beachmat/include/beachmat3/read_lin_block.h:11,
                 from /home/biocbuild/R/R-beta-2024-04-15_r86425/site-library/beachmat/include/beachmat3/beachmat.h:24,
                 from find_swapped.cpp:2:
/home/biocbuild/R/R-beta-2024-04-15_r86425/site-library/beachmat/include/beachmat3/Csparse_reader.h: In instantiation of ‘beachmat::SparseArraySeed_reader<V, TIT>::SparseArraySeed_reader(Rcpp::RObject) [with V = Rcpp::Vector<13>; TIT = const int*; Rcpp::RObject = Rcpp::RObject_Impl<Rcpp::PreserveStorage>]’:
/home/biocbuild/R/R-beta-2024-04-15_r86425/site-library/beachmat/include/beachmat3/lin_matrix.h:561:56:   required from ‘beachmat::lin_SparseArraySeed<V, TIT>::lin_SparseArraySeed(Rcpp::RObject) [with V = Rcpp::Vector<13>; TIT = const int*; Rcpp::RObject = Rcpp::RObject_Impl<Rcpp::PreserveStorage>]’
/home/biocbuild/R/R-beta-2024-04-15_r86425/site-library/beachmat/include/beachmat3/read_lin_block.h:36:39:   required from ‘std::unique_ptr<_Codecvt> beachmat::read_lin_sparse_block_raw(Rcpp::RObject) [with M = beachmat::lin_matrix; Rcpp::RObject = Rcpp::RObject_Impl<Rcpp::PreserveStorage>]’
/home/biocbuild/R/R-beta-2024-04-15_r86425/site-library/beachmat/include/beachmat3/read_lin_block.h:65:63:   required from here
/home/biocbuild/R/R-beta-2024-04-15_r86425/site-library/beachmat/include/beachmat3/Csparse_reader.h:535:17: warning: comparison of integer expressions of different signedness: ‘const size_t’ {aka ‘const long unsigned int’} and ‘R_xlen_t’ {aka ‘long int’} [-Wsign-compare]
  535 |         if (nnz != x.size()) {
      |             ~~~~^~~~~~~~~~~
/home/biocbuild/R/R-beta-2024-04-15_r86425/site-library/beachmat/include/beachmat3/Csparse_reader.h:551:45: warning: comparison of integer expressions of different signedness: ‘int’ and ‘const size_t’ {aka ‘const long unsigned int’} [-Wsign-compare]
  551 |                     if (lastR <= 0 || lastR > NR || lastC <= 0 || lastC > NC) {
      |                                       ~~~~~~^~~~
/home/biocbuild/R/R-beta-2024-04-15_r86425/site-library/beachmat/include/beachmat3/Csparse_reader.h:551:73: warning: comparison of integer expressions of different signedness: ‘int’ and ‘const size_t’ {aka ‘const long unsigned int’} [-Wsign-compare]
  551 |                     if (lastR <= 0 || lastR > NR || lastC <= 0 || lastC > NC) {
      |                                                                   ~~~~~~^~~~
/home/biocbuild/R/R-beta-2024-04-15_r86425/site-library/beachmat/include/beachmat3/Csparse_reader.h:593:35: warning: comparison of integer expressions of different signedness: ‘int’ and ‘const size_t’ {aka ‘const long unsigned int’} [-Wsign-compare]
  593 |                 for (int v = 0; v < nnz; ++v, ++rowIt, ++colIt, ++xIt) {
      |                                 ~~^~~~~
/home/biocbuild/R/R-beta-2024-04-15_r86425/site-library/beachmat/include/beachmat3/Csparse_reader.h: In instantiation of ‘beachmat::SparseArraySeed_reader<V, TIT>::SparseArraySeed_reader(Rcpp::RObject) [with V = Rcpp::Vector<14, Rcpp::PreserveStorage>; TIT = const double*; Rcpp::RObject = Rcpp::RObject_Impl<Rcpp::PreserveStorage>]’:
/home/biocbuild/R/R-beta-2024-04-15_r86425/site-library/beachmat/include/beachmat3/lin_matrix.h:561:56:   required from ‘beachmat::lin_SparseArraySeed<V, TIT>::lin_SparseArraySeed(Rcpp::RObject) [with V = Rcpp::Vector<14, Rcpp::PreserveStorage>; TIT = const double*; Rcpp::RObject = Rcpp::RObject_Impl<Rcpp::PreserveStorage>]’
/home/biocbuild/R/R-beta-2024-04-15_r86425/site-library/beachmat/include/beachmat3/read_lin_block.h:38:39:   required from ‘std::unique_ptr<_Codecvt> beachmat::read_lin_sparse_block_raw(Rcpp::RObject) [with M = beachmat::lin_matrix; Rcpp::RObject = Rcpp::RObject_Impl<Rcpp::PreserveStorage>]’
/home/biocbuild/R/R-beta-2024-04-15_r86425/site-library/beachmat/include/beachmat3/read_lin_block.h:65:63:   required from here
/home/biocbuild/R/R-beta-2024-04-15_r86425/site-library/beachmat/include/beachmat3/Csparse_reader.h:535:17: warning: comparison of integer expressions of different signedness: ‘const size_t’ {aka ‘const long unsigned int’} and ‘R_xlen_t’ {aka ‘long int’} [-Wsign-compare]
  535 |         if (nnz != x.size()) {
      |             ~~~~^~~~~~~~~~~
/home/biocbuild/R/R-beta-2024-04-15_r86425/site-library/beachmat/include/beachmat3/Csparse_reader.h:551:45: warning: comparison of integer expressions of different signedness: ‘int’ and ‘const size_t’ {aka ‘const long unsigned int’} [-Wsign-compare]
  551 |                     if (lastR <= 0 || lastR > NR || lastC <= 0 || lastC > NC) {
      |                                       ~~~~~~^~~~
/home/biocbuild/R/R-beta-2024-04-15_r86425/site-library/beachmat/include/beachmat3/Csparse_reader.h:551:73: warning: comparison of integer expressions of different signedness: ‘int’ and ‘const size_t’ {aka ‘const long unsigned int’} [-Wsign-compare]
  551 |                     if (lastR <= 0 || lastR > NR || lastC <= 0 || lastC > NC) {
      |                                                                   ~~~~~~^~~~
/home/biocbuild/R/R-beta-2024-04-15_r86425/site-library/beachmat/include/beachmat3/Csparse_reader.h:593:35: warning: comparison of integer expressions of different signedness: ‘int’ and ‘const size_t’ {aka ‘const long unsigned int’} [-Wsign-compare]
  593 |                 for (int v = 0; v < nnz; ++v, ++rowIt, ++colIt, ++xIt) {
      |                                 ~~^~~~~
/home/biocbuild/R/R-beta-2024-04-15_r86425/site-library/beachmat/include/beachmat3/Csparse_reader.h: In instantiation of ‘beachmat::SparseArraySeed_reader<V, TIT>::SparseArraySeed_reader(Rcpp::RObject) [with V = Rcpp::Vector<10, Rcpp::PreserveStorage>; TIT = const int*; Rcpp::RObject = Rcpp::RObject_Impl<Rcpp::PreserveStorage>]’:
/home/biocbuild/R/R-beta-2024-04-15_r86425/site-library/beachmat/include/beachmat3/lin_matrix.h:561:56:   required from ‘beachmat::lin_SparseArraySeed<V, TIT>::lin_SparseArraySeed(Rcpp::RObject) [with V = Rcpp::Vector<10, Rcpp::PreserveStorage>; TIT = const int*; Rcpp::RObject = Rcpp::RObject_Impl<Rcpp::PreserveStorage>]’
/home/biocbuild/R/R-beta-2024-04-15_r86425/site-library/beachmat/include/beachmat3/read_lin_block.h:40:39:   required from ‘std::unique_ptr<_Codecvt> beachmat::read_lin_sparse_block_raw(Rcpp::RObject) [with M = beachmat::lin_matrix; Rcpp::RObject = Rcpp::RObject_Impl<Rcpp::PreserveStorage>]’
/home/biocbuild/R/R-beta-2024-04-15_r86425/site-library/beachmat/include/beachmat3/read_lin_block.h:65:63:   required from here
/home/biocbuild/R/R-beta-2024-04-15_r86425/site-library/beachmat/include/beachmat3/Csparse_reader.h:535:17: warning: comparison of integer expressions of different signedness: ‘const size_t’ {aka ‘const long unsigned int’} and ‘R_xlen_t’ {aka ‘long int’} [-Wsign-compare]
  535 |         if (nnz != x.size()) {
      |             ~~~~^~~~~~~~~~~
/home/biocbuild/R/R-beta-2024-04-15_r86425/site-library/beachmat/include/beachmat3/Csparse_reader.h:551:45: warning: comparison of integer expressions of different signedness: ‘int’ and ‘const size_t’ {aka ‘const long unsigned int’} [-Wsign-compare]
  551 |                     if (lastR <= 0 || lastR > NR || lastC <= 0 || lastC > NC) {
      |                                       ~~~~~~^~~~
/home/biocbuild/R/R-beta-2024-04-15_r86425/site-library/beachmat/include/beachmat3/Csparse_reader.h:551:73: warning: comparison of integer expressions of different signedness: ‘int’ and ‘const size_t’ {aka ‘const long unsigned int’} [-Wsign-compare]
  551 |                     if (lastR <= 0 || lastR > NR || lastC <= 0 || lastC > NC) {
      |                                                                   ~~~~~~^~~~
/home/biocbuild/R/R-beta-2024-04-15_r86425/site-library/beachmat/include/beachmat3/Csparse_reader.h:593:35: warning: comparison of integer expressions of different signedness: ‘int’ and ‘const size_t’ {aka ‘const long unsigned int’} [-Wsign-compare]
  593 |                 for (int v = 0; v < nnz; ++v, ++rowIt, ++colIt, ++xIt) {
      |                                 ~~^~~~~
/home/biocbuild/R/R-beta-2024-04-15_r86425/site-library/beachmat/include/beachmat3/Csparse_reader.h: In instantiation of ‘beachmat::sparse_index<OUT, I> beachmat::Csparse_core<TIT, I, P>::get_row(size_t, ALT, I*, size_t, size_t) [with OUT = const int*; ALT = int*; TIT = const double*; I = int; P = long unsigned int; size_t = long unsigned int]’:
/home/biocbuild/R/R-beta-2024-04-15_r86425/site-library/beachmat/include/beachmat3/Csparse_reader.h:650:42:   required from ‘beachmat::sparse_index<OUT, int> beachmat::SparseArraySeed_reader<V, TIT>::get_row(size_t, ALT, int*, size_t, size_t) [with OUT = const int*; ALT = int*; V = Rcpp::Vector<14, Rcpp::PreserveStorage>; TIT = const double*; size_t = long unsigned int]’
/home/biocbuild/R/R-beta-2024-04-15_r86425/site-library/beachmat/include/beachmat3/lin_matrix.h:596:51:   required from ‘beachmat::sparse_index<const int*, int> beachmat::lin_SparseArraySeed<V, TIT>::get_row(size_t, int*, int*, size_t, size_t) [with V = Rcpp::Vector<14, Rcpp::PreserveStorage>; TIT = const double*; size_t = long unsigned int]’
/home/biocbuild/R/R-beta-2024-04-15_r86425/site-library/beachmat/include/beachmat3/lin_matrix.h:595:35:   required from here
/home/biocbuild/R/R-beta-2024-04-15_r86425/site-library/beachmat/include/beachmat3/Csparse_reader.h:250:22: warning: comparison of integer expressions of different signedness: ‘const int’ and ‘const long unsigned int’ [-Wsign-compare]
  250 |             if (idex != *pIt && static_cast<size_t>(i[idex]) == r) {
      |                 ~~~~~^~~~~~~
/home/biocbuild/R/R-beta-2024-04-15_r86425/site-library/beachmat/include/beachmat3/Csparse_reader.h: In instantiation of ‘beachmat::sparse_index<OUT, I> beachmat::Csparse_core<TIT, I, P>::get_row(size_t, ALT, I*, size_t, size_t) [with OUT = const double*; ALT = double*; TIT = const double*; I = int; P = long unsigned int; size_t = long unsigned int]’:
/home/biocbuild/R/R-beta-2024-04-15_r86425/site-library/beachmat/include/beachmat3/Csparse_reader.h:650:42:   required from ‘beachmat::sparse_index<OUT, int> beachmat::SparseArraySeed_reader<V, TIT>::get_row(size_t, ALT, int*, size_t, size_t) [with OUT = const double*; ALT = double*; V = Rcpp::Vector<14, Rcpp::PreserveStorage>; TIT = const double*; size_t = long unsigned int]’
/home/biocbuild/R/R-beta-2024-04-15_r86425/site-library/beachmat/include/beachmat3/lin_matrix.h:602:54:   required from ‘beachmat::sparse_index<const double*, int> beachmat::lin_SparseArraySeed<V, TIT>::get_row(size_t, double*, int*, size_t, size_t) [with V = Rcpp::Vector<14, Rcpp::PreserveStorage>; TIT = const double*; size_t = long unsigned int]’
/home/biocbuild/R/R-beta-2024-04-15_r86425/site-library/beachmat/include/beachmat3/lin_matrix.h:601:38:   required from here
/home/biocbuild/R/R-beta-2024-04-15_r86425/site-library/beachmat/include/beachmat3/Csparse_reader.h:250:22: warning: comparison of integer expressions of different signedness: ‘const int’ and ‘const long unsigned int’ [-Wsign-compare]
/home/biocbuild/R/R-beta-2024-04-15_r86425/site-library/beachmat/include/beachmat3/Csparse_reader.h: In instantiation of ‘beachmat::sparse_index<OUT, I> beachmat::Csparse_core<TIT, I, P>::get_row(size_t, ALT, I*, size_t, size_t) [with OUT = const int*; ALT = int*; TIT = const int*; I = int; P = long unsigned int; size_t = long unsigned int]’:
/home/biocbuild/R/R-beta-2024-04-15_r86425/site-library/beachmat/include/beachmat3/Csparse_reader.h:650:42:   required from ‘beachmat::sparse_index<OUT, int> beachmat::SparseArraySeed_reader<V, TIT>::get_row(size_t, ALT, int*, size_t, size_t) [with OUT = const int*; ALT = int*; V = Rcpp::Vector<10, Rcpp::PreserveStorage>; TIT = const int*; size_t = long unsigned int]’
/home/biocbuild/R/R-beta-2024-04-15_r86425/site-library/beachmat/include/beachmat3/lin_matrix.h:596:51:   required from ‘beachmat::sparse_index<const int*, int> beachmat::lin_SparseArraySeed<V, TIT>::get_row(size_t, int*, int*, size_t, size_t) [with V = Rcpp::Vector<10, Rcpp::PreserveStorage>; TIT = const int*; size_t = long unsigned int]’
/home/biocbuild/R/R-beta-2024-04-15_r86425/site-library/beachmat/include/beachmat3/lin_matrix.h:595:35:   required from here
/home/biocbuild/R/R-beta-2024-04-15_r86425/site-library/beachmat/include/beachmat3/Csparse_reader.h:250:22: warning: comparison of integer expressions of different signedness: ‘const int’ and ‘const long unsigned int’ [-Wsign-compare]
/home/biocbuild/R/R-beta-2024-04-15_r86425/site-library/beachmat/include/beachmat3/Csparse_reader.h: In instantiation of ‘beachmat::sparse_index<OUT, I> beachmat::Csparse_core<TIT, I, P>::get_row(size_t, ALT, I*, size_t, size_t) [with OUT = const double*; ALT = double*; TIT = const int*; I = int; P = long unsigned int; size_t = long unsigned int]’:
/home/biocbuild/R/R-beta-2024-04-15_r86425/site-library/beachmat/include/beachmat3/Csparse_reader.h:650:42:   required from ‘beachmat::sparse_index<OUT, int> beachmat::SparseArraySeed_reader<V, TIT>::get_row(size_t, ALT, int*, size_t, size_t) [with OUT = const double*; ALT = double*; V = Rcpp::Vector<10, Rcpp::PreserveStorage>; TIT = const int*; size_t = long unsigned int]’
/home/biocbuild/R/R-beta-2024-04-15_r86425/site-library/beachmat/include/beachmat3/lin_matrix.h:602:54:   required from ‘beachmat::sparse_index<const double*, int> beachmat::lin_SparseArraySeed<V, TIT>::get_row(size_t, double*, int*, size_t, size_t) [with V = Rcpp::Vector<10, Rcpp::PreserveStorage>; TIT = const int*; size_t = long unsigned int]’
/home/biocbuild/R/R-beta-2024-04-15_r86425/site-library/beachmat/include/beachmat3/lin_matrix.h:601:38:   required from here
/home/biocbuild/R/R-beta-2024-04-15_r86425/site-library/beachmat/include/beachmat3/Csparse_reader.h:250:22: warning: comparison of integer expressions of different signedness: ‘const int’ and ‘const long unsigned int’ [-Wsign-compare]
g++ -std=gnu++11 -I"/home/biocbuild/R/R-beta-2024-04-15_r86425/include" -DNDEBUG  -I'/home/biocbuild/R/R-beta-2024-04-15_r86425/site-library/Rcpp/include' -I'/home/biocbuild/R/R-beta-2024-04-15_r86425/site-library/beachmat/include' -I'/home/biocbuild/R/R-beta-2024-04-15_r86425/site-library/Rhdf5lib/include' -I'/home/biocbuild/R/R-beta-2024-04-15_r86425/site-library/BH/include' -I'/home/biocbuild/R/R-beta-2024-04-15_r86425/site-library/dqrng/include' -I'/home/biocbuild/R/R-beta-2024-04-15_r86425/site-library/scuttle/include' -I/usr/local/include    -fPIC  -g -O2  -Wall  -c get_cell_barcodes.cpp -o get_cell_barcodes.o
g++ -std=gnu++11 -I"/home/biocbuild/R/R-beta-2024-04-15_r86425/include" -DNDEBUG  -I'/home/biocbuild/R/R-beta-2024-04-15_r86425/site-library/Rcpp/include' -I'/home/biocbuild/R/R-beta-2024-04-15_r86425/site-library/beachmat/include' -I'/home/biocbuild/R/R-beta-2024-04-15_r86425/site-library/Rhdf5lib/include' -I'/home/biocbuild/R/R-beta-2024-04-15_r86425/site-library/BH/include' -I'/home/biocbuild/R/R-beta-2024-04-15_r86425/site-library/dqrng/include' -I'/home/biocbuild/R/R-beta-2024-04-15_r86425/site-library/scuttle/include' -I/usr/local/include    -fPIC  -g -O2  -Wall  -c group_cells.cpp -o group_cells.o
group_cells.cpp: In function ‘Rcpp::List group_cells(Rcpp::StringVector, Rcpp::IntegerVector)’:
group_cells.cpp:10:10: warning: comparison of integer expressions of different signedness: ‘const size_t’ {aka ‘const long unsigned int’} and ‘R_xlen_t’ {aka ‘long int’} [-Wsign-compare]
   10 |     if (N!=gems.size()) {
      |         ~^~~~~~~~~~~~~
g++ -std=gnu++11 -I"/home/biocbuild/R/R-beta-2024-04-15_r86425/include" -DNDEBUG  -I'/home/biocbuild/R/R-beta-2024-04-15_r86425/site-library/Rcpp/include' -I'/home/biocbuild/R/R-beta-2024-04-15_r86425/site-library/beachmat/include' -I'/home/biocbuild/R/R-beta-2024-04-15_r86425/site-library/Rhdf5lib/include' -I'/home/biocbuild/R/R-beta-2024-04-15_r86425/site-library/BH/include' -I'/home/biocbuild/R/R-beta-2024-04-15_r86425/site-library/dqrng/include' -I'/home/biocbuild/R/R-beta-2024-04-15_r86425/site-library/scuttle/include' -I/usr/local/include    -fPIC  -g -O2  -Wall  -c hashed_deltas.cpp -o hashed_deltas.o
In file included from /home/biocbuild/R/R-beta-2024-04-15_r86425/site-library/beachmat/include/beachmat3/lin_matrix.h:12,
                 from /home/biocbuild/R/R-beta-2024-04-15_r86425/site-library/beachmat/include/beachmat3/read_lin_block.h:11,
                 from /home/biocbuild/R/R-beta-2024-04-15_r86425/site-library/beachmat/include/beachmat3/beachmat.h:24,
                 from hashed_deltas.cpp:2:
/home/biocbuild/R/R-beta-2024-04-15_r86425/site-library/beachmat/include/beachmat3/Csparse_reader.h: In instantiation of ‘beachmat::SparseArraySeed_reader<V, TIT>::SparseArraySeed_reader(Rcpp::RObject) [with V = Rcpp::Vector<13>; TIT = const int*; Rcpp::RObject = Rcpp::RObject_Impl<Rcpp::PreserveStorage>]’:
/home/biocbuild/R/R-beta-2024-04-15_r86425/site-library/beachmat/include/beachmat3/lin_matrix.h:561:56:   required from ‘beachmat::lin_SparseArraySeed<V, TIT>::lin_SparseArraySeed(Rcpp::RObject) [with V = Rcpp::Vector<13>; TIT = const int*; Rcpp::RObject = Rcpp::RObject_Impl<Rcpp::PreserveStorage>]’
/home/biocbuild/R/R-beta-2024-04-15_r86425/site-library/beachmat/include/beachmat3/read_lin_block.h:36:39:   required from ‘std::unique_ptr<_Codecvt> beachmat::read_lin_sparse_block_raw(Rcpp::RObject) [with M = beachmat::lin_matrix; Rcpp::RObject = Rcpp::RObject_Impl<Rcpp::PreserveStorage>]’
/home/biocbuild/R/R-beta-2024-04-15_r86425/site-library/beachmat/include/beachmat3/read_lin_block.h:65:63:   required from here
/home/biocbuild/R/R-beta-2024-04-15_r86425/site-library/beachmat/include/beachmat3/Csparse_reader.h:535:17: warning: comparison of integer expressions of different signedness: ‘const size_t’ {aka ‘const long unsigned int’} and ‘R_xlen_t’ {aka ‘long int’} [-Wsign-compare]
  535 |         if (nnz != x.size()) {
      |             ~~~~^~~~~~~~~~~
/home/biocbuild/R/R-beta-2024-04-15_r86425/site-library/beachmat/include/beachmat3/Csparse_reader.h:551:45: warning: comparison of integer expressions of different signedness: ‘int’ and ‘const size_t’ {aka ‘const long unsigned int’} [-Wsign-compare]
  551 |                     if (lastR <= 0 || lastR > NR || lastC <= 0 || lastC > NC) {
      |                                       ~~~~~~^~~~
/home/biocbuild/R/R-beta-2024-04-15_r86425/site-library/beachmat/include/beachmat3/Csparse_reader.h:551:73: warning: comparison of integer expressions of different signedness: ‘int’ and ‘const size_t’ {aka ‘const long unsigned int’} [-Wsign-compare]
  551 |                     if (lastR <= 0 || lastR > NR || lastC <= 0 || lastC > NC) {
      |                                                                   ~~~~~~^~~~
/home/biocbuild/R/R-beta-2024-04-15_r86425/site-library/beachmat/include/beachmat3/Csparse_reader.h:593:35: warning: comparison of integer expressions of different signedness: ‘int’ and ‘const size_t’ {aka ‘const long unsigned int’} [-Wsign-compare]
  593 |                 for (int v = 0; v < nnz; ++v, ++rowIt, ++colIt, ++xIt) {
      |                                 ~~^~~~~
/home/biocbuild/R/R-beta-2024-04-15_r86425/site-library/beachmat/include/beachmat3/Csparse_reader.h: In instantiation of ‘beachmat::SparseArraySeed_reader<V, TIT>::SparseArraySeed_reader(Rcpp::RObject) [with V = Rcpp::Vector<14, Rcpp::PreserveStorage>; TIT = const double*; Rcpp::RObject = Rcpp::RObject_Impl<Rcpp::PreserveStorage>]’:
/home/biocbuild/R/R-beta-2024-04-15_r86425/site-library/beachmat/include/beachmat3/lin_matrix.h:561:56:   required from ‘beachmat::lin_SparseArraySeed<V, TIT>::lin_SparseArraySeed(Rcpp::RObject) [with V = Rcpp::Vector<14, Rcpp::PreserveStorage>; TIT = const double*; Rcpp::RObject = Rcpp::RObject_Impl<Rcpp::PreserveStorage>]’
/home/biocbuild/R/R-beta-2024-04-15_r86425/site-library/beachmat/include/beachmat3/read_lin_block.h:38:39:   required from ‘std::unique_ptr<_Codecvt> beachmat::read_lin_sparse_block_raw(Rcpp::RObject) [with M = beachmat::lin_matrix; Rcpp::RObject = Rcpp::RObject_Impl<Rcpp::PreserveStorage>]’
/home/biocbuild/R/R-beta-2024-04-15_r86425/site-library/beachmat/include/beachmat3/read_lin_block.h:65:63:   required from here
/home/biocbuild/R/R-beta-2024-04-15_r86425/site-library/beachmat/include/beachmat3/Csparse_reader.h:535:17: warning: comparison of integer expressions of different signedness: ‘const size_t’ {aka ‘const long unsigned int’} and ‘R_xlen_t’ {aka ‘long int’} [-Wsign-compare]
  535 |         if (nnz != x.size()) {
      |             ~~~~^~~~~~~~~~~
/home/biocbuild/R/R-beta-2024-04-15_r86425/site-library/beachmat/include/beachmat3/Csparse_reader.h:551:45: warning: comparison of integer expressions of different signedness: ‘int’ and ‘const size_t’ {aka ‘const long unsigned int’} [-Wsign-compare]
  551 |                     if (lastR <= 0 || lastR > NR || lastC <= 0 || lastC > NC) {
      |                                       ~~~~~~^~~~
/home/biocbuild/R/R-beta-2024-04-15_r86425/site-library/beachmat/include/beachmat3/Csparse_reader.h:551:73: warning: comparison of integer expressions of different signedness: ‘int’ and ‘const size_t’ {aka ‘const long unsigned int’} [-Wsign-compare]
  551 |                     if (lastR <= 0 || lastR > NR || lastC <= 0 || lastC > NC) {
      |                                                                   ~~~~~~^~~~
/home/biocbuild/R/R-beta-2024-04-15_r86425/site-library/beachmat/include/beachmat3/Csparse_reader.h:593:35: warning: comparison of integer expressions of different signedness: ‘int’ and ‘const size_t’ {aka ‘const long unsigned int’} [-Wsign-compare]
  593 |                 for (int v = 0; v < nnz; ++v, ++rowIt, ++colIt, ++xIt) {
      |                                 ~~^~~~~
/home/biocbuild/R/R-beta-2024-04-15_r86425/site-library/beachmat/include/beachmat3/Csparse_reader.h: In instantiation of ‘beachmat::SparseArraySeed_reader<V, TIT>::SparseArraySeed_reader(Rcpp::RObject) [with V = Rcpp::Vector<10, Rcpp::PreserveStorage>; TIT = const int*; Rcpp::RObject = Rcpp::RObject_Impl<Rcpp::PreserveStorage>]’:
/home/biocbuild/R/R-beta-2024-04-15_r86425/site-library/beachmat/include/beachmat3/lin_matrix.h:561:56:   required from ‘beachmat::lin_SparseArraySeed<V, TIT>::lin_SparseArraySeed(Rcpp::RObject) [with V = Rcpp::Vector<10, Rcpp::PreserveStorage>; TIT = const int*; Rcpp::RObject = Rcpp::RObject_Impl<Rcpp::PreserveStorage>]’
/home/biocbuild/R/R-beta-2024-04-15_r86425/site-library/beachmat/include/beachmat3/read_lin_block.h:40:39:   required from ‘std::unique_ptr<_Codecvt> beachmat::read_lin_sparse_block_raw(Rcpp::RObject) [with M = beachmat::lin_matrix; Rcpp::RObject = Rcpp::RObject_Impl<Rcpp::PreserveStorage>]’
/home/biocbuild/R/R-beta-2024-04-15_r86425/site-library/beachmat/include/beachmat3/read_lin_block.h:65:63:   required from here
/home/biocbuild/R/R-beta-2024-04-15_r86425/site-library/beachmat/include/beachmat3/Csparse_reader.h:535:17: warning: comparison of integer expressions of different signedness: ‘const size_t’ {aka ‘const long unsigned int’} and ‘R_xlen_t’ {aka ‘long int’} [-Wsign-compare]
  535 |         if (nnz != x.size()) {
      |             ~~~~^~~~~~~~~~~
/home/biocbuild/R/R-beta-2024-04-15_r86425/site-library/beachmat/include/beachmat3/Csparse_reader.h:551:45: warning: comparison of integer expressions of different signedness: ‘int’ and ‘const size_t’ {aka ‘const long unsigned int’} [-Wsign-compare]
  551 |                     if (lastR <= 0 || lastR > NR || lastC <= 0 || lastC > NC) {
      |                                       ~~~~~~^~~~
/home/biocbuild/R/R-beta-2024-04-15_r86425/site-library/beachmat/include/beachmat3/Csparse_reader.h:551:73: warning: comparison of integer expressions of different signedness: ‘int’ and ‘const size_t’ {aka ‘const long unsigned int’} [-Wsign-compare]
  551 |                     if (lastR <= 0 || lastR > NR || lastC <= 0 || lastC > NC) {
      |                                                                   ~~~~~~^~~~
/home/biocbuild/R/R-beta-2024-04-15_r86425/site-library/beachmat/include/beachmat3/Csparse_reader.h:593:35: warning: comparison of integer expressions of different signedness: ‘int’ and ‘const size_t’ {aka ‘const long unsigned int’} [-Wsign-compare]
  593 |                 for (int v = 0; v < nnz; ++v, ++rowIt, ++colIt, ++xIt) {
      |                                 ~~^~~~~
/home/biocbuild/R/R-beta-2024-04-15_r86425/site-library/beachmat/include/beachmat3/Csparse_reader.h: In instantiation of ‘beachmat::sparse_index<OUT, I> beachmat::Csparse_core<TIT, I, P>::get_row(size_t, ALT, I*, size_t, size_t) [with OUT = const int*; ALT = int*; TIT = const double*; I = int; P = long unsigned int; size_t = long unsigned int]’:
/home/biocbuild/R/R-beta-2024-04-15_r86425/site-library/beachmat/include/beachmat3/Csparse_reader.h:650:42:   required from ‘beachmat::sparse_index<OUT, int> beachmat::SparseArraySeed_reader<V, TIT>::get_row(size_t, ALT, int*, size_t, size_t) [with OUT = const int*; ALT = int*; V = Rcpp::Vector<14, Rcpp::PreserveStorage>; TIT = const double*; size_t = long unsigned int]’
/home/biocbuild/R/R-beta-2024-04-15_r86425/site-library/beachmat/include/beachmat3/lin_matrix.h:596:51:   required from ‘beachmat::sparse_index<const int*, int> beachmat::lin_SparseArraySeed<V, TIT>::get_row(size_t, int*, int*, size_t, size_t) [with V = Rcpp::Vector<14, Rcpp::PreserveStorage>; TIT = const double*; size_t = long unsigned int]’
/home/biocbuild/R/R-beta-2024-04-15_r86425/site-library/beachmat/include/beachmat3/lin_matrix.h:595:35:   required from here
/home/biocbuild/R/R-beta-2024-04-15_r86425/site-library/beachmat/include/beachmat3/Csparse_reader.h:250:22: warning: comparison of integer expressions of different signedness: ‘const int’ and ‘const long unsigned int’ [-Wsign-compare]
  250 |             if (idex != *pIt && static_cast<size_t>(i[idex]) == r) {
      |                 ~~~~~^~~~~~~
/home/biocbuild/R/R-beta-2024-04-15_r86425/site-library/beachmat/include/beachmat3/Csparse_reader.h: In instantiation of ‘beachmat::sparse_index<OUT, I> beachmat::Csparse_core<TIT, I, P>::get_row(size_t, ALT, I*, size_t, size_t) [with OUT = const double*; ALT = double*; TIT = const double*; I = int; P = long unsigned int; size_t = long unsigned int]’:
/home/biocbuild/R/R-beta-2024-04-15_r86425/site-library/beachmat/include/beachmat3/Csparse_reader.h:650:42:   required from ‘beachmat::sparse_index<OUT, int> beachmat::SparseArraySeed_reader<V, TIT>::get_row(size_t, ALT, int*, size_t, size_t) [with OUT = const double*; ALT = double*; V = Rcpp::Vector<14, Rcpp::PreserveStorage>; TIT = const double*; size_t = long unsigned int]’
/home/biocbuild/R/R-beta-2024-04-15_r86425/site-library/beachmat/include/beachmat3/lin_matrix.h:602:54:   required from ‘beachmat::sparse_index<const double*, int> beachmat::lin_SparseArraySeed<V, TIT>::get_row(size_t, double*, int*, size_t, size_t) [with V = Rcpp::Vector<14, Rcpp::PreserveStorage>; TIT = const double*; size_t = long unsigned int]’
/home/biocbuild/R/R-beta-2024-04-15_r86425/site-library/beachmat/include/beachmat3/lin_matrix.h:601:38:   required from here
/home/biocbuild/R/R-beta-2024-04-15_r86425/site-library/beachmat/include/beachmat3/Csparse_reader.h:250:22: warning: comparison of integer expressions of different signedness: ‘const int’ and ‘const long unsigned int’ [-Wsign-compare]
/home/biocbuild/R/R-beta-2024-04-15_r86425/site-library/beachmat/include/beachmat3/Csparse_reader.h: In instantiation of ‘beachmat::sparse_index<OUT, I> beachmat::Csparse_core<TIT, I, P>::get_row(size_t, ALT, I*, size_t, size_t) [with OUT = const int*; ALT = int*; TIT = const int*; I = int; P = long unsigned int; size_t = long unsigned int]’:
/home/biocbuild/R/R-beta-2024-04-15_r86425/site-library/beachmat/include/beachmat3/Csparse_reader.h:650:42:   required from ‘beachmat::sparse_index<OUT, int> beachmat::SparseArraySeed_reader<V, TIT>::get_row(size_t, ALT, int*, size_t, size_t) [with OUT = const int*; ALT = int*; V = Rcpp::Vector<10, Rcpp::PreserveStorage>; TIT = const int*; size_t = long unsigned int]’
/home/biocbuild/R/R-beta-2024-04-15_r86425/site-library/beachmat/include/beachmat3/lin_matrix.h:596:51:   required from ‘beachmat::sparse_index<const int*, int> beachmat::lin_SparseArraySeed<V, TIT>::get_row(size_t, int*, int*, size_t, size_t) [with V = Rcpp::Vector<10, Rcpp::PreserveStorage>; TIT = const int*; size_t = long unsigned int]’
/home/biocbuild/R/R-beta-2024-04-15_r86425/site-library/beachmat/include/beachmat3/lin_matrix.h:595:35:   required from here
/home/biocbuild/R/R-beta-2024-04-15_r86425/site-library/beachmat/include/beachmat3/Csparse_reader.h:250:22: warning: comparison of integer expressions of different signedness: ‘const int’ and ‘const long unsigned int’ [-Wsign-compare]
/home/biocbuild/R/R-beta-2024-04-15_r86425/site-library/beachmat/include/beachmat3/Csparse_reader.h: In instantiation of ‘beachmat::sparse_index<OUT, I> beachmat::Csparse_core<TIT, I, P>::get_row(size_t, ALT, I*, size_t, size_t) [with OUT = const double*; ALT = double*; TIT = const int*; I = int; P = long unsigned int; size_t = long unsigned int]’:
/home/biocbuild/R/R-beta-2024-04-15_r86425/site-library/beachmat/include/beachmat3/Csparse_reader.h:650:42:   required from ‘beachmat::sparse_index<OUT, int> beachmat::SparseArraySeed_reader<V, TIT>::get_row(size_t, ALT, int*, size_t, size_t) [with OUT = const double*; ALT = double*; V = Rcpp::Vector<10, Rcpp::PreserveStorage>; TIT = const int*; size_t = long unsigned int]’
/home/biocbuild/R/R-beta-2024-04-15_r86425/site-library/beachmat/include/beachmat3/lin_matrix.h:602:54:   required from ‘beachmat::sparse_index<const double*, int> beachmat::lin_SparseArraySeed<V, TIT>::get_row(size_t, double*, int*, size_t, size_t) [with V = Rcpp::Vector<10, Rcpp::PreserveStorage>; TIT = const int*; size_t = long unsigned int]’
/home/biocbuild/R/R-beta-2024-04-15_r86425/site-library/beachmat/include/beachmat3/lin_matrix.h:601:38:   required from here
/home/biocbuild/R/R-beta-2024-04-15_r86425/site-library/beachmat/include/beachmat3/Csparse_reader.h:250:22: warning: comparison of integer expressions of different signedness: ‘const int’ and ‘const long unsigned int’ [-Wsign-compare]
g++ -std=gnu++11 -I"/home/biocbuild/R/R-beta-2024-04-15_r86425/include" -DNDEBUG  -I'/home/biocbuild/R/R-beta-2024-04-15_r86425/site-library/Rcpp/include' -I'/home/biocbuild/R/R-beta-2024-04-15_r86425/site-library/beachmat/include' -I'/home/biocbuild/R/R-beta-2024-04-15_r86425/site-library/Rhdf5lib/include' -I'/home/biocbuild/R/R-beta-2024-04-15_r86425/site-library/BH/include' -I'/home/biocbuild/R/R-beta-2024-04-15_r86425/site-library/dqrng/include' -I'/home/biocbuild/R/R-beta-2024-04-15_r86425/site-library/scuttle/include' -I/usr/local/include    -fPIC  -g -O2  -Wall  -c montecarlo_pval.cpp -o montecarlo_pval.o
In file included from /home/biocbuild/R/R-beta-2024-04-15_r86425/site-library/BH/include/boost/mpl/aux_/na_assert.hpp:23,
                 from /home/biocbuild/R/R-beta-2024-04-15_r86425/site-library/BH/include/boost/mpl/arg.hpp:25,
                 from /home/biocbuild/R/R-beta-2024-04-15_r86425/site-library/BH/include/boost/mpl/placeholders.hpp:24,
                 from /home/biocbuild/R/R-beta-2024-04-15_r86425/site-library/BH/include/boost/iterator/iterator_categories.hpp:16,
                 from /home/biocbuild/R/R-beta-2024-04-15_r86425/site-library/BH/include/boost/iterator/iterator_concepts.hpp:10,
                 from /home/biocbuild/R/R-beta-2024-04-15_r86425/site-library/BH/include/boost/range/concepts.hpp:20,
                 from /home/biocbuild/R/R-beta-2024-04-15_r86425/site-library/BH/include/boost/range/size_type.hpp:20,
                 from /home/biocbuild/R/R-beta-2024-04-15_r86425/site-library/BH/include/boost/range/size.hpp:21,
                 from /home/biocbuild/R/R-beta-2024-04-15_r86425/site-library/BH/include/boost/random/hyperexponential_distribution.hpp:29,
                 from /home/biocbuild/R/R-beta-2024-04-15_r86425/site-library/BH/include/boost/random.hpp:70,
                 from montecarlo_pval.cpp:3:
/home/biocbuild/R/R-beta-2024-04-15_r86425/site-library/BH/include/boost/mpl/assert.hpp:194:21: warning: unnecessary parentheses in declaration of ‘assert_arg’ [-Wparentheses]
  194 | failed ************ (Pred::************
      |                     ^
/home/biocbuild/R/R-beta-2024-04-15_r86425/site-library/BH/include/boost/mpl/assert.hpp:199:21: warning: unnecessary parentheses in declaration of ‘assert_not_arg’ [-Wparentheses]
  199 | failed ************ (boost::mpl::not_<Pred>::************
      |                     ^
montecarlo_pval.cpp: In function ‘Rcpp::IntegerVector montecarlo_pval(Rcpp::IntegerVector, Rcpp::IntegerVector, Rcpp::NumericVector, Rcpp::NumericVector, int, double, Rcpp::List, Rcpp::IntegerVector)’:
montecarlo_pval.cpp:99:23: warning: comparison of integer expressions of different signedness: ‘size_t’ {aka ‘long unsigned int’} and ‘const int’ [-Wsign-compare]
   99 |             if (higher<curlen) {
      |                 ~~~~~~^~~~~~~
g++ -std=gnu++11 -I"/home/biocbuild/R/R-beta-2024-04-15_r86425/include" -DNDEBUG  -I'/home/biocbuild/R/R-beta-2024-04-15_r86425/site-library/Rcpp/include' -I'/home/biocbuild/R/R-beta-2024-04-15_r86425/site-library/beachmat/include' -I'/home/biocbuild/R/R-beta-2024-04-15_r86425/site-library/Rhdf5lib/include' -I'/home/biocbuild/R/R-beta-2024-04-15_r86425/site-library/BH/include' -I'/home/biocbuild/R/R-beta-2024-04-15_r86425/site-library/dqrng/include' -I'/home/biocbuild/R/R-beta-2024-04-15_r86425/site-library/scuttle/include' -I/usr/local/include    -fPIC  -g -O2  -Wall  -c rand_custom.cpp -o rand_custom.o
rand_custom.cpp: In function ‘void check_pcg_vectors(Rcpp::List, Rcpp::IntegerVector, size_t, const char*)’:
rand_custom.cpp:8:21: warning: comparison of integer expressions of different signedness: ‘R_xlen_t’ {aka ‘long int’} and ‘size_t’ {aka ‘long unsigned int’} [-Wsign-compare]
    8 |     if (seeds.size()!=N) {
      |         ~~~~~~~~~~~~^~~
rand_custom.cpp:14:23: warning: comparison of integer expressions of different signedness: ‘R_xlen_t’ {aka ‘long int’} and ‘size_t’ {aka ‘long unsigned int’} [-Wsign-compare]
   14 |     if (streams.size()!=N) {
      |         ~~~~~~~~~~~~~~^~~
g++ -std=gnu++11 -I"/home/biocbuild/R/R-beta-2024-04-15_r86425/include" -DNDEBUG  -I'/home/biocbuild/R/R-beta-2024-04-15_r86425/site-library/Rcpp/include' -I'/home/biocbuild/R/R-beta-2024-04-15_r86425/site-library/beachmat/include' -I'/home/biocbuild/R/R-beta-2024-04-15_r86425/site-library/Rhdf5lib/include' -I'/home/biocbuild/R/R-beta-2024-04-15_r86425/site-library/BH/include' -I'/home/biocbuild/R/R-beta-2024-04-15_r86425/site-library/dqrng/include' -I'/home/biocbuild/R/R-beta-2024-04-15_r86425/site-library/scuttle/include' -I/usr/local/include    -fPIC  -g -O2  -Wall  -c utils.cpp -o utils.o
g++ -std=gnu++11 -shared -L/home/biocbuild/R/R-beta-2024-04-15_r86425/lib -L/usr/local/lib -o DropletUtils.so RcppExports.o downsample_run.o encode_sequences.o find_chimeric.o find_swapped.o get_cell_barcodes.o group_cells.o hashed_deltas.o montecarlo_pval.o rand_custom.o utils.o /home/biocbuild/R/R-beta-2024-04-15_r86425/site-library/Rhdf5lib/lib/libhdf5_cpp.a /home/biocbuild/R/R-beta-2024-04-15_r86425/site-library/Rhdf5lib/lib/libhdf5.a -L/home/biocbuild/R/R-beta-2024-04-15_r86425/site-library/Rhdf5lib/lib -lcrypto -lcurl -lsz -laec -lz -ldl -lm -L/home/biocbuild/R/R-beta-2024-04-15_r86425/lib -lR
installing to /home/biocbuild/R/R-beta-2024-04-15_r86425/site-library/00LOCK-DropletUtils/00new/DropletUtils/libs
** R
** inst
** byte-compile and prepare package for lazy loading
** help
*** installing help indices
** building package indices
** installing vignettes
** testing if installed package can be loaded from temporary location
** checking absolute paths in shared objects and dynamic libraries
** testing if installed package can be loaded from final location
** testing if installed package keeps a record of temporary installation path
* DONE (DropletUtils)

Tests output

DropletUtils.Rcheck/tests/testthat.Rout.fail


R version 4.4.0 beta (2024-04-15 r86425) -- "Puppy Cup"
Copyright (C) 2024 The R Foundation for Statistical Computing
Platform: aarch64-unknown-linux-gnu

R is free software and comes with ABSOLUTELY NO WARRANTY.
You are welcome to redistribute it under certain conditions.
Type 'license()' or 'licence()' for distribution details.

R is a collaborative project with many contributors.
Type 'contributors()' for more information and
'citation()' on how to cite R or R packages in publications.

Type 'demo()' for some demos, 'help()' for on-line help, or
'help.start()' for an HTML browser interface to help.
Type 'q()' to quit R.

> library(testthat)
> library(DropletUtils)
Loading required package: SingleCellExperiment
Loading required package: SummarizedExperiment
Loading required package: MatrixGenerics
Loading required package: matrixStats

Attaching package: 'MatrixGenerics'

The following objects are masked from 'package:matrixStats':

    colAlls, colAnyNAs, colAnys, colAvgsPerRowSet, colCollapse,
    colCounts, colCummaxs, colCummins, colCumprods, colCumsums,
    colDiffs, colIQRDiffs, colIQRs, colLogSumExps, colMadDiffs,
    colMads, colMaxs, colMeans2, colMedians, colMins, colOrderStats,
    colProds, colQuantiles, colRanges, colRanks, colSdDiffs, colSds,
    colSums2, colTabulates, colVarDiffs, colVars, colWeightedMads,
    colWeightedMeans, colWeightedMedians, colWeightedSds,
    colWeightedVars, rowAlls, rowAnyNAs, rowAnys, rowAvgsPerColSet,
    rowCollapse, rowCounts, rowCummaxs, rowCummins, rowCumprods,
    rowCumsums, rowDiffs, rowIQRDiffs, rowIQRs, rowLogSumExps,
    rowMadDiffs, rowMads, rowMaxs, rowMeans2, rowMedians, rowMins,
    rowOrderStats, rowProds, rowQuantiles, rowRanges, rowRanks,
    rowSdDiffs, rowSds, rowSums2, rowTabulates, rowVarDiffs, rowVars,
    rowWeightedMads, rowWeightedMeans, rowWeightedMedians,
    rowWeightedSds, rowWeightedVars

Loading required package: GenomicRanges
Loading required package: stats4
Loading required package: BiocGenerics

Attaching package: 'BiocGenerics'

The following objects are masked from 'package:stats':

    IQR, mad, sd, var, xtabs

The following objects are masked from 'package:base':

    Filter, Find, Map, Position, Reduce, anyDuplicated, aperm, append,
    as.data.frame, basename, cbind, colnames, dirname, do.call,
    duplicated, eval, evalq, get, grep, grepl, intersect, is.unsorted,
    lapply, mapply, match, mget, order, paste, pmax, pmax.int, pmin,
    pmin.int, rank, rbind, rownames, sapply, setdiff, table, tapply,
    union, unique, unsplit, which.max, which.min

Loading required package: S4Vectors

Attaching package: 'S4Vectors'

The following object is masked from 'package:utils':

    findMatches

The following objects are masked from 'package:base':

    I, expand.grid, unname

Loading required package: IRanges
Loading required package: GenomeInfoDb
Loading required package: Biobase
Welcome to Bioconductor

    Vignettes contain introductory material; view with
    'browseVignettes()'. To cite Bioconductor, see
    'citation("Biobase")', and for packages 'citation("pkgname")'.


Attaching package: 'Biobase'

The following object is masked from 'package:MatrixGenerics':

    rowMedians

The following objects are masked from 'package:matrixStats':

    anyMissing, rowMedians

> test_check("DropletUtils")
[ FAIL 1 | WARN 1 | SKIP 0 | PASS 1005 ]

══ Failed tests ════════════════════════════════════════════════════════════════
── Failure ('test-hashing.R:244:9'): edge cases are handled correctly with combinatorial barcodes ──
out$LogFC not identical to .compute_expected_lfc(SCALING, PSEUDO).
Objects equal but not identical

[ FAIL 1 | WARN 1 | SKIP 0 | PASS 1005 ]
Error: Test failures
Execution halted

Example timings

DropletUtils.Rcheck/DropletUtils-Ex.timings

nameusersystemelapsed
ambientContribMaximum0.6160.0040.621
ambientContribNegative0.0360.0000.036
ambientContribSparse0.0500.0000.049
ambientProfileBimodal0.0060.0000.006
ambientProfileEmpty0.9190.0110.933
barcodeRanks0.2580.0030.263
chimericDrops0.2270.0000.231
cleanTagCounts0.0830.0000.084
defaultDrops0.0980.0040.102
downsampleReads0.1640.0070.172
emptyDrops2.9600.0162.982
emptyDropsCellRanger2.5680.0642.637
encodeSequences0.0010.0000.000
get10xMolInfoStats0.1610.0040.165
hashedDrops0.1190.0040.123
makeCountMatrix0.0050.0000.006
read10xCounts0.7260.0080.737
read10xMolInfo0.1290.0160.145
removeAmbience0.3750.0320.408
swappedDrops0.5900.0120.604
write10xCounts0.1500.0000.151