Back to Multiple platform build/check report for BioC 3.14
AB[C]DEFGHIJKLMNOPQRSTUVWXYZ

This page was generated on 2021-08-04 12:05:18 -0400 (Wed, 04 Aug 2021).

CHECK results for CAMERA on merida1

To the developers/maintainers of the CAMERA package:
- Please allow up to 24 hours (and sometimes 48 hours) for your latest push to git@git.bioconductor.org:packages/CAMERA.git to
reflect on this report. See How and When does the builder pull? When will my changes propagate? here for more information.
- Make sure to use the following settings in order to reproduce any error or warning you see on this page.

raw results

Package 230/2015HostnameOS / ArchINSTALLBUILDCHECKBUILD BIN
CAMERA 1.49.0  (landing page)
Steffen Neumann
Snapshot Date: 2021-08-03 14:50:07 -0400 (Tue, 03 Aug 2021)
URL: https://git.bioconductor.org/packages/CAMERA
Branch: master
Last Commit: b8a89bf
Last Changed Date: 2021-05-19 11:42:44 -0400 (Wed, 19 May 2021)
nebbiolo2Linux (Ubuntu 20.04.2 LTS) / x86_64  OK    OK    WARNINGS  UNNEEDED, same version is already published
riesling1Windows Server 2019 Standard / x64  OK    OK    WARNINGS    OK  NO, package depends on 'xcms' which is not available
merida1macOS 10.14.6 Mojave / x86_64  OK    OK    WARNINGS    OK  UNNEEDED, same version is already published

Summary

Package: CAMERA
Version: 1.49.0
Command: /Library/Frameworks/R.framework/Resources/bin/R CMD check --install=check:CAMERA.install-out.txt --library=/Library/Frameworks/R.framework/Resources/library --no-vignettes --timings CAMERA_1.49.0.tar.gz
StartedAt: 2021-08-04 00:27:49 -0400 (Wed, 04 Aug 2021)
EndedAt: 2021-08-04 00:41:12 -0400 (Wed, 04 Aug 2021)
EllapsedTime: 803.0 seconds
RetCode: 0
Status:   WARNINGS  
CheckDir: CAMERA.Rcheck
Warnings: 1

Command output

##############################################################################
##############################################################################
###
### Running command:
###
###   /Library/Frameworks/R.framework/Resources/bin/R CMD check --install=check:CAMERA.install-out.txt --library=/Library/Frameworks/R.framework/Resources/library --no-vignettes --timings CAMERA_1.49.0.tar.gz
###
##############################################################################
##############################################################################


* using log directory ‘/Users/biocbuild/bbs-3.14-bioc/meat/CAMERA.Rcheck’
* using R version 4.1.0 RC (2021-05-16 r80304)
* using platform: x86_64-apple-darwin17.0 (64-bit)
* using session charset: UTF-8
* using option ‘--no-vignettes’
* checking for file ‘CAMERA/DESCRIPTION’ ... OK
* this is package ‘CAMERA’ version ‘1.49.0’
* checking package namespace information ... OK
* checking package dependencies ... OK
* checking if this is a source package ... OK
* checking if there is a namespace ... OK
* checking for hidden files and directories ... NOTE
Found the following hidden files and directories:
  .travis.yml
These were most likely included in error. See section ‘Package
structure’ in the ‘Writing R Extensions’ manual.
* checking for portable file names ... OK
* checking for sufficient/correct file permissions ... OK
* checking whether package ‘CAMERA’ can be installed ... WARNING
Found the following significant warnings:
  Warning: multiple methods tables found for ‘bin’
See ‘/Users/biocbuild/bbs-3.14-bioc/meat/CAMERA.Rcheck/00install.out’ for details.
* checking installed package size ... NOTE
  installed size is  7.8Mb
  sub-directories of 1Mb or more:
    mzdata      1.7Mb
    quantiles   4.9Mb
* checking package directory ... OK
* checking ‘build’ directory ... OK
* checking DESCRIPTION meta-information ... NOTE
Malformed Description field: should contain one or more complete sentences.
Packages listed in more than one of Depends, Imports, Suggests, Enhances:
  ‘methods’ ‘xcms’
A package should be listed in only one of these fields.
* checking top-level files ... OK
* checking for left-over files ... OK
* checking index information ... OK
* checking package subdirectories ... OK
* checking R files for non-ASCII characters ... OK
* checking R files for syntax errors ... OK
* checking whether the package can be loaded ... OK
* checking whether the package can be loaded with stated dependencies ... OK
* checking whether the package can be unloaded cleanly ... OK
* checking whether the namespace can be loaded with stated dependencies ... OK
* checking whether the namespace can be unloaded cleanly ... OK
* checking dependencies in R code ... NOTE
'library' or 'require' call to ‘methods’ which was already attached by Depends.
  Please remove these calls from your code.
There are ::: calls to the package's namespace in its code. A package
  almost never needs to use ::: for its own objects:
  ‘annotateGrp’ ‘combineHypothese’ ‘fastMatch’ ‘naOmit’
* checking S3 generic/method consistency ... OK
* checking replacement functions ... OK
* checking foreign function calls ... NOTE
Foreign function call to a different package:
  .Call("getEIC", ..., PACKAGE = "xcms")
See chapter ‘System and foreign language interfaces’ in the ‘Writing R
Extensions’ manual.
* checking R code for possible problems ... NOTE
File ‘CAMERA/R/zzz.R’:
  .onLoad calls:
    require(methods)

Package startup functions should not change the search path.
See section ‘Good practice’ in '?.onAttach'.

annotateGrp: no visible global function definition for ‘na.omit’
annotateGrpMPI2: no visible binding for global variable
  ‘papply_commondata’
cleanParallel: no visible global function definition for
  ‘mpi.close.Rslaves’
cleanParallel: no visible global function definition for ‘stopCluster’
compoundQuantiles: no visible global function definition for ‘tail’
createHypothese: no visible global function definition for ‘cutree’
createHypothese: no visible global function definition for ‘hclust’
createHypothese: no visible global function definition for ‘dist’
extractfragments: no visible global function definition for ‘median’
fast_corr: no visible global function definition for ‘pt’
findIsotopesForPS: no visible binding for global variable ‘tableMM48’
findKendrickMasses: no visible global function definition for ‘rainbow’
findKendrickMasses : <anonymous>: no visible global function definition
  for ‘lines’
findNeutralLoss: no visible global function definition for ‘dist’
findNeutralLossSpecs : <anonymous>: no visible global function
  definition for ‘dist’
fragments2metfrag : <anonymous>: no visible global function definition
  for ‘write.table’
fragments2metfusion : <anonymous>: no visible binding for global
  variable ‘object’
fragments2metfusion : <anonymous>: no visible global function
  definition for ‘write.table’
getIsotopeCluster : <anonymous>: no visible global function definition
  for ‘na.omit’
xsAnnotate: no visible global function definition for ‘mpi.comm.size’
xsAnnotate: no visible global function definition for
  ‘mpi.spawn.Rslaves’
xsAnnotate: no visible global function definition for ‘makeCluster’
xsAnnotate: no visible binding for global variable ‘graphMethod’
findAdducts,xsAnnotate: no visible global function definition for
  ‘mpi.comm.size’
findAdducts,xsAnnotate: no visible global function definition for
  ‘xcmsPapply’
findIsotopesWithValidation,xsAnnotate : <anonymous>: no visible global
  function definition for ‘median’
getReducedPeaklist,xsAnnotate : <anonymous> : <anonymous>: no visible
  global function definition for ‘median’
getReducedPeaklist,xsAnnotate : <anonymous>: no visible global function
  definition for ‘prcomp’
getReducedPeaklist,xsAnnotate : <anonymous>: no visible global function
  definition for ‘na.omit’
groupComplete,xsAnnotate: no visible global function definition for
  ‘dist’
groupComplete,xsAnnotate: no visible global function definition for
  ‘cutree’
groupComplete,xsAnnotate: no visible global function definition for
  ‘hclust’
groupDen,xsAnnotate: no visible global function definition for
  ‘density’
groupFWHM,xsAnnotate : <anonymous>: no visible global function
  definition for ‘na.omit’
plotEICs,xsAnnotate: no visible global function definition for
  ‘rainbow’
plotEICs,xsAnnotate: no visible global function definition for
  ‘na.omit’
plotPeakEICs,xsAnnotate : <anonymous>: no visible binding for global
  variable ‘pc’
plotPeakEICs,xsAnnotate: no visible binding for global variable ‘pspec’
plotPeakEICs,xsAnnotate: no visible global function definition for
  ‘rainbow’
plotPeakEICs,xsAnnotate: no visible global function definition for
  ‘na.omit’
plotPsSpectrum,xsAnnotate: no visible global function definition for
  ‘median’
plotPsSpectrum,xsAnnotate: no visible global function definition for
  ‘na.omit’
Undefined global functions or variables:
  cutree density dist graphMethod hclust lines makeCluster median
  mpi.close.Rslaves mpi.comm.size mpi.spawn.Rslaves na.omit object
  papply_commondata pc prcomp pspec pt rainbow stopCluster tableMM48
  tail write.table xcmsPapply
Consider adding
  importFrom("grDevices", "rainbow")
  importFrom("graphics", "lines")
  importFrom("stats", "cutree", "density", "dist", "hclust", "median",
             "na.omit", "prcomp", "pt")
  importFrom("utils", "tail", "write.table")
to your NAMESPACE file.
* checking Rd files ... NOTE
prepare_Rd: findKendrickMasses.Rd:21-22: Dropping empty section \details
* checking Rd metadata ... OK
* checking Rd cross-references ... OK
* checking for missing documentation entries ... OK
* checking for code/documentation mismatches ... OK
* checking Rd \usage sections ... OK
* checking Rd contents ... OK
* checking for unstated dependencies in examples ... OK
* checking contents of ‘data’ directory ... OK
* checking data for non-ASCII characters ... OK
* checking data for ASCII and uncompressed saves ... OK
* checking line endings in C/C++/Fortran sources/headers ... OK
* checking line endings in Makefiles ... OK
* checking for GNU extensions in Makefiles ... OK
* checking include directives in Makefiles ... OK
* checking compiled code ... NOTE
Note: information on .o files is not available
* checking sizes of PDF files under ‘inst/doc’ ... OK
* checking files in ‘vignettes’ ... OK
* checking examples ... OK
Examples with CPU (user + system) or elapsed time > 5s
                         user system elapsed
getIsotopeCluster      24.211  7.076  11.713
groupCorr-methods      22.625  0.446  23.098
annotateDiffreport     14.395  3.817  10.504
annotate-methods        6.860  0.211   7.085
findAdducts-methods     5.298  0.244   5.549
pspec2metfrag           5.194  0.065   5.268
getAllPeakEICs-methods  4.970  0.065   5.041
* checking for unstated dependencies in ‘tests’ ... OK
* checking tests ...
  Running ‘runTests.R’
 OK
* checking for unstated dependencies in vignettes ... OK
* checking package vignettes in ‘inst/doc’ ... OK
* checking running R code from vignettes ... SKIPPED
* checking re-building of vignette outputs ... SKIPPED
* checking PDF version of manual ... OK
* DONE

Status: 1 WARNING, 8 NOTEs
See
  ‘/Users/biocbuild/bbs-3.14-bioc/meat/CAMERA.Rcheck/00check.log’
for details.



Installation output

CAMERA.Rcheck/00install.out

##############################################################################
##############################################################################
###
### Running command:
###
###   /Library/Frameworks/R.framework/Resources/bin/R CMD INSTALL CAMERA
###
##############################################################################
##############################################################################


* installing to library ‘/Library/Frameworks/R.framework/Versions/4.1/Resources/library’
* installing *source* package ‘CAMERA’ ...
** using staged installation
** libs
clang -mmacosx-version-min=10.13 -I"/Library/Frameworks/R.framework/Resources/include" -DNDEBUG   -I/usr/local/include   -fPIC  -Wall -g -O2  -c fastMatch.c -o fastMatch.o
clang -mmacosx-version-min=10.13 -dynamiclib -Wl,-headerpad_max_install_names -undefined dynamic_lookup -single_module -multiply_defined suppress -L/Library/Frameworks/R.framework/Resources/lib -L/usr/local/lib -o CAMERA.so fastMatch.o -F/Library/Frameworks/R.framework/.. -framework R -Wl,-framework -Wl,CoreFoundation
installing to /Library/Frameworks/R.framework/Versions/4.1/Resources/library/00LOCK-CAMERA/00new/CAMERA/libs
** R
** data
** inst
** byte-compile and prepare package for lazy loading
Warning message:
multiple methods tables found for ‘bin’ 
** help
*** installing help indices
** building package indices
** installing vignettes
** testing if installed package can be loaded from temporary location
Warning: multiple methods tables found for ‘bin’
** checking absolute paths in shared objects and dynamic libraries
** testing if installed package can be loaded from final location
Warning: multiple methods tables found for ‘bin’
** testing if installed package keeps a record of temporary installation path
* DONE (CAMERA)

Tests output

CAMERA.Rcheck/tests/runTests.Rout


R version 4.1.0 RC (2021-05-16 r80304) -- "Camp Pontanezen"
Copyright (C) 2021 The R Foundation for Statistical Computing
Platform: x86_64-apple-darwin17.0 (64-bit)

R is free software and comes with ABSOLUTELY NO WARRANTY.
You are welcome to redistribute it under certain conditions.
Type 'license()' or 'licence()' for distribution details.

R is a collaborative project with many contributors.
Type 'contributors()' for more information and
'citation()' on how to cite R or R packages in publications.

Type 'demo()' for some demos, 'help()' for on-line help, or
'help.start()' for an HTML browser interface to help.
Type 'q()' to quit R.

> require("CAMERA") || stop("unable to load CAMERA")
Loading required package: CAMERA
Loading required package: Biobase
Loading required package: BiocGenerics

Attaching package: 'BiocGenerics'

The following objects are masked from 'package:stats':

    IQR, mad, sd, var, xtabs

The following objects are masked from 'package:base':

    Filter, Find, Map, Position, Reduce, anyDuplicated, append,
    as.data.frame, basename, cbind, colnames, dirname, do.call,
    duplicated, eval, evalq, get, grep, grepl, intersect, is.unsorted,
    lapply, mapply, match, mget, order, paste, pmax, pmax.int, pmin,
    pmin.int, rank, rbind, rownames, sapply, setdiff, sort, table,
    tapply, union, unique, unsplit, which.max, which.min

Welcome to Bioconductor

    Vignettes contain introductory material; view with
    'browseVignettes()'. To cite Bioconductor, see
    'citation("Biobase")', and for packages 'citation("pkgname")'.

Loading required package: xcms
Loading required package: BiocParallel
Loading required package: MSnbase
Loading required package: mzR
Loading required package: Rcpp
Loading required package: S4Vectors
Loading required package: stats4

Attaching package: 'S4Vectors'

The following objects are masked from 'package:base':

    I, expand.grid, unname

Loading required package: ProtGenerics

Attaching package: 'ProtGenerics'

The following object is masked from 'package:stats':

    smooth


This is MSnbase version 2.19.1 
  Visit https://lgatto.github.io/MSnbase/ to get started.


Attaching package: 'MSnbase'

The following object is masked from 'package:base':

    trimws


This is xcms version 3.15.2 


Attaching package: 'xcms'

The following object is masked from 'package:stats':

    sigma

[1] TRUE
Warning message:
multiple methods tables found for 'bin' 
> BiocGenerics:::testPackage("CAMERA")
Processing 3195 mz slices ... OK
/Library/Frameworks/R.framework/Versions/4.1/Resources/library/faahKO/cdf/WT/wt15.CDF 
method:  bin 
step:  0.1 
/Library/Frameworks/R.framework/Versions/4.1/Resources/library/faahKO/cdf/WT/wt16.CDF 
method:  bin 
step:  0.1 
/Library/Frameworks/R.framework/Versions/4.1/Resources/library/faahKO/cdf/WT/wt18.CDF 
method:  bin 
step:  0.1 
/Library/Frameworks/R.framework/Versions/4.1/Resources/library/faahKO/cdf/KO/ko15.CDF 
method:  bin 
step:  0.1 
/Library/Frameworks/R.framework/Versions/4.1/Resources/library/faahKO/cdf/KO/ko16.CDF 
method:  bin 
step:  0.1 
/Library/Frameworks/R.framework/Versions/4.1/Resources/library/faahKO/cdf/KO/ko18.CDF 
method:  bin 
step:  0.1 
/Library/Frameworks/R.framework/Versions/4.1/Resources/library/faahKO/cdf/WT/wt19.CDF 
method:  bin 
step:  0.1 
/Library/Frameworks/R.framework/Versions/4.1/Resources/library/faahKO/cdf/WT/wt21.CDF 
method:  bin 
step:  0.1 
/Library/Frameworks/R.framework/Versions/4.1/Resources/library/faahKO/cdf/WT/wt22.CDF 
method:  bin 
step:  0.1 
/Library/Frameworks/R.framework/Versions/4.1/Resources/library/faahKO/cdf/KO/ko19.CDF 
method:  bin 
step:  0.1 
/Library/Frameworks/R.framework/Versions/4.1/Resources/library/faahKO/cdf/KO/ko21.CDF 
method:  bin 
step:  0.1 
/Library/Frameworks/R.framework/Versions/4.1/Resources/library/faahKO/cdf/KO/ko22.CDF 
method:  bin 
step:  0.1 
Start grouping after retention time.
Created 133 pseudospectra.
Generating peak matrix!
Run isotope peak annotation
 % finished: 10  20  30  40  50  60  70  80  90  100  
Found isotopes: 61 
Start grouping after correlation.
Generating EIC's .. 

Calculating peak correlations in 133 Groups... 
 % finished: 10  20  30  40  50  60  70  80  90  100  

Calculating graph cross linking in 133 Groups... 
 % finished: 10  20  30  40  50  60  70  80  90  100  
New number of ps-groups:  321 
xsAnnotate has now 321 groups, instead of 133 
Generating peak matrix for peak annotation!

Calculating possible adducts in 321 Groups... 
 % finished: 10  20  30  40  50  60  70  80  90  100  
Start grouping after retention time.
Created 133 pseudospectra.
Generating peak matrix!
Run isotope peak annotation
 % finished: 10  20  30  40  50  60  70  80  90  100  
Found isotopes: 61 
Start grouping after correlation.
Generating EIC's .. 

Calculating peak correlations in 133 Groups... 
 % finished: 10  20  30  40  50  60  70  80  90  100  

Calculating peak correlations across samples.
 % finished: 10  20  30  40  50  60  70  80  90  100  

Calculating graph cross linking in 133 Groups... 
 % finished: 10  20  30  40  50  60  70  80  90  100  
New number of ps-groups:  229 
xsAnnotate has now 229 groups, instead of 133 
Generating peak matrix for peak annotation!

Calculating possible adducts in 229 Groups... 
 % finished: 10  20  30  40  50  60  70  80  90  100  
Start grouping after retention time.
Created 133 pseudospectra.
Generating peak matrix!
Run isotope peak annotation
 % finished: 10  20  30  40  50  60  70  80  90  100  
Found isotopes: 61 
Start grouping after retention time.
Created 133 pseudospectra.
Generating peak matrix!
Run isotope peak annotation
 % finished: 10  20  30  40  50  60  70  80  90  100  
Found isotopes: 61 
Start grouping after correlation.

Calculating peak correlations across samples.
 % finished: 10  20  30  40  50  60  70  80  90  100  

Calculating graph cross linking in 133 Groups... 
 % finished: 10  20  30  40  50  60  70  80  90  100  
New number of ps-groups:  244 
xsAnnotate has now 244 groups, instead of 133 
Generating peak matrix for peak annotation!

Calculating possible adducts in 244 Groups... 
 % finished: 10  20  30  40  50  60  70  80  90  100  
Start grouping after retention time.
Created 133 pseudospectra.
Generating peak matrix!
Run isotope peak annotation
 % finished: 10  20  30  40  50  60  70  80  90  100  
Found isotopes: 61 
Start grouping after correlation.
Generating EIC's .. 

Calculating peak correlations in 133 Groups... 
 % finished: 10  20  30  40  50  60  70  80  90  100  

Calculating graph cross linking in 133 Groups... 
 % finished: 10  20  30  40  50  60  70  80  90  100  
New number of ps-groups:  321 
xsAnnotate has now 321 groups, instead of 133 
Generating peak matrix for peak annotation!

Calculating possible adducts in 321 Groups... 
 % finished: 10  20  30  40  50  60  70  80  90  100  
Start grouping after retention time.
Created 133 pseudospectra.
Generating peak matrix!
Run isotope peak annotation
 % finished: 10  20  30  40  50  60  70  80  90  100  
Found isotopes: 61 
Start grouping after correlation.
Generating EIC's .. 

Calculating peak correlations in 133 Groups... 
 % finished: 10  20  30  40  50  60  70  80  90  100  

Calculating graph cross linking in 133 Groups... 
 % finished: 10  20  30  40  50  60  70  80  90  100  
New number of ps-groups:  321 
xsAnnotate has now 321 groups, instead of 133 
Generating peak matrix for peak annotation!

Calculating possible adducts in 321 Groups... 
 % finished: 10  20  30  40  50  60  70  80  90  100  
Start grouping after retention time.
Created 133 pseudospectra.
Generating peak matrix!
Run isotope peak annotation
 % finished: 10  20  30  40  50  60  70  80  90  100  
Found isotopes: 61 
Start grouping after correlation.
Generating EIC's .. 

Calculating peak correlations in 133 Groups... 
 % finished: 10  20  30  40  50  60  70  80  90  100  

Calculating isotope assignments in 133 Groups... 
 % finished: 10  20  30  40  50  60  70  80  90  100  
Calculating graph cross linking in 133 Groups... 
 % finished: 10  20  30  40  50  60  70  80  90  100  
New number of ps-groups:  289 
xsAnnotate has now 289 groups, instead of 133 
Generating peak matrix for peak annotation!

Calculating possible adducts in 289 Groups... 
 % finished: 10  20  30  40  50  60  70  80  90  100  
Start grouping after retention time.
Created 133 pseudospectra.
Generating peak matrix!
Run isotope peak annotation
 % finished: 10  20  30  40  50  60  70  80  90  100  
Found isotopes: 61 
Start grouping after correlation.
Generating EIC's .. 

Calculating peak correlations in 133 Groups... 
 % finished: 10  20  30  40  50  60  70  80  90  100  

Calculating graph cross linking in 133 Groups... 
 % finished: 10  20  30  40  50  60  70  80  90  100  
New number of ps-groups:  321 
xsAnnotate has now 321 groups, instead of 133 
Generating peak matrix for peak annotation!

Calculating possible adducts in 321 Groups... 
 % finished: 10  20  30  40  50  60  70  80  90  100  
Start grouping after retention time.
Created 133 pseudospectra.
Generating peak matrix!
Run isotope peak annotation
 % finished: 10  20  30  40  50  60  70  80  90  100  
Found isotopes: 61 
Start grouping after correlation.
Generating EIC's .. 

Calculating peak correlations in 133 Groups... 
 % finished: 10  20  30  40  50  60  70  80  90  100  

Calculating graph cross linking in 133 Groups... 
 % finished: 10  20  30  40  50  60  70  80  90  100  
New number of ps-groups:  314 
xsAnnotate has now 314 groups, instead of 133 
Generating peak matrix for peak annotation!

Calculating possible adducts in 314 Groups... 
 % finished: 10  20  30  40  50  60  70  80  90  100  
Start grouping after retention time.
Created 133 pseudospectra.
Generating peak matrix!
Run isotope peak annotation
 % finished: 10  20  30  40  50  60  70  80  90  100  
Found isotopes: 61 
Start grouping after correlation.
Generating EIC's .. 

Calculating peak correlations in 133 Groups... 
 % finished: 10  20  30  40  50  60  70  80  90  100  

Calculating peak correlations across samples.
 % finished: 10  20  30  40  50  60  70  80  90  100  

Calculating graph cross linking in 133 Groups... 
 % finished: 10  20  30  40  50  60  70  80  90  100  
New number of ps-groups:  229 
xsAnnotate has now 229 groups, instead of 133 
Generating peak matrix for peak annotation!

Calculating possible adducts in 229 Groups... 
 % finished: 10  20  30  40  50  60  70  80  90  100  
Start grouping after retention time.
Created 133 pseudospectra.
Generating peak matrix!
Run isotope peak annotation
 % finished: 10  20  30  40  50  60  70  80  90  100  
Found isotopes: 61 
Start grouping after correlation.
Generating EIC's .. 

Calculating peak correlations in 133 Groups... 
 % finished: 10  20  30  40  50  60  70  80  90  100  

Calculating peak correlations across samples.
 % finished: 10  20  30  40  50  60  70  80  90  100  

Calculating graph cross linking in 133 Groups... 
 % finished: 10  20  30  40  50  60  70  80  90  100  
New number of ps-groups:  218 
xsAnnotate has now 218 groups, instead of 133 
Generating peak matrix for peak annotation!

Calculating possible adducts in 218 Groups... 
 % finished: 10  20  30  40  50  60  70  80  90  100  
Start grouping after retention time.
Created 133 pseudospectra.
Generating peak matrix!
Run isotope peak annotation
 % finished: 10  20  30  40  50  60  70  80  90  100  
Found isotopes: 61 
Start grouping after retention time.
Created 133 pseudospectra.
Generating peak matrix!
Run isotope peak annotation
 % finished: 10  20  30  40  50  60  70  80  90  100  
Found isotopes: 61 
Start grouping after retention time.
Created 133 pseudospectra.
Generating peak matrix!
Run isotope peak annotation
 % finished: 10  20  30  40  50  60  70  80  90  100  
Found isotopes: 61 
Start grouping after correlation.
Generating EIC's .. 

Calculating peak correlations in 133 Groups... 
 % finished: 10  20  30  40  50  60  70  80  90  100  

Calculating graph cross linking in 133 Groups... 
 % finished: 10  20  30  40  50  60  70  80  90  100  
New number of ps-groups:  375 
xsAnnotate has now 375 groups, instead of 133 
Generating peak matrix for peak annotation!

Calculating possible adducts in 375 Groups... 
 % finished: 10  20  30  40  50  60  70  80  90  100  
Start grouping after retention time.
Created 133 pseudospectra.
Generating peak matrix!
Run isotope peak annotation
 % finished: 10  20  30  40  50  60  70  80  90  100  
Found isotopes: 61 
Start grouping after correlation.
Generating EIC's .. 

Calculating peak correlations in 133 Groups... 
 % finished: 10  20  30  40  50  60  70  80  90  100  

Calculating graph cross linking in 133 Groups... 
 % finished: 10  20  30  40  50  60  70  80  90  100  
New number of ps-groups:  314 
xsAnnotate has now 314 groups, instead of 133 
Generating peak matrix for peak annotation!

Calculating possible adducts in 314 Groups... 
 % finished: 10  20  30  40  50  60  70  80  90  100  
Start grouping after retention time.
Created 133 pseudospectra.
Generating peak matrix!
Run isotope peak annotation
 % finished: 10  20  30  40  50  60  70  80  90  100  
Found isotopes: 61 
Start grouping after correlation.
Generating EIC's .. 

Calculating peak correlations in 133 Groups... 
 % finished: 10  20  30  40  50  60  70  80  90  100  

Calculating graph cross linking in 133 Groups... 
 % finished: 10  20  30  40  50  60  70  80  90  100  
New number of ps-groups:  375 
xsAnnotate has now 375 groups, instead of 133 
Generating peak matrix for peak annotation!

Calculating possible adducts in 375 Groups... 
 % finished: 10  20  30  40  50  60  70  80  90  100  
Start grouping after retention time.
Created 133 pseudospectra.
Generating peak matrix!
Run isotope peak annotation
 % finished: 10  20  30  40  50  60  70  80  90  100  
Found isotopes: 61 
Start grouping after correlation.
Generating EIC's .. 

Calculating peak correlations in 133 Groups... 
 % finished: 10  20  30  40  50  60  70  80  90  100  

Calculating graph cross linking in 133 Groups... 
 % finished: 10  20  30  40  50  60  70  80  90  100  
New number of ps-groups:  317 
xsAnnotate has now 317 groups, instead of 133 
Generating peak matrix for peak annotation!

Calculating possible adducts in 317 Groups... 
 % finished: 10  20  30  40  50  60  70  80  90  100  
Start grouping after retention time.
Created 133 pseudospectra.
Generating peak matrix!
Run isotope peak annotation
 % finished: 10  20  30  40  50  60  70  80  90  100  
Found isotopes: 61 
Start grouping after correlation.
Generating EIC's .. 

Calculating peak correlations in 133 Groups... 
 % finished: 10  20  30  40  50  60  70  80  90  100  

Calculating graph cross linking in 133 Groups... 
 % finished: 10  20  30  40  50  60  70  80  90  100  
New number of ps-groups:  314 
xsAnnotate has now 314 groups, instead of 133 
Generating peak matrix for peak annotation!

Calculating possible adducts in 314 Groups... 
 % finished: 10  20  30  40  50  60  70  80  90  100  
Processing 3195 mz slices ... OK
Start grouping after retention time.
Created 148 pseudospectra.
Start grouping after correlation.
Generating EIC's .. 
Warning: Found NA peaks in selected sample.

Calculating peak correlations in 148 Groups... 
 % finished: 10  20  30  40  50  60  70  80  90  100  

Calculating graph cross linking in 148 Groups... 
 % finished: 10  20  30  40  50  60  70  80  90  100  
New number of ps-groups:  333 
xsAnnotate has now 333 groups, instead of 148 
Generating peak matrix!
Run isotope peak annotation
 % finished: 10  20  30  40  50  60  70  80  90  100  
Found isotopes: 22 
Generating peak matrix for peak annotation!
Found and use user-defined ruleset!
Calculating possible adducts in 333 Groups... 
 % finished: 10  20  30  40  50  60  70  80  90  100  
Start grouping after retention time.
Created 133 pseudospectra.
Start grouping after correlation.
Generating EIC's .. 
Warning: Found NA peaks in selected sample.

Calculating peak correlations in 133 Groups... 
 % finished: 10  20  30  40  50  60  70  80  90  100  
Generating EIC's .. 
Warning: Found NA peaks in selected sample.

Calculating peak correlations in 133 Groups... 
 % finished: 10  20  30  40  50  60  70  80  90  100  
Generating EIC's .. 
Warning: Found NA peaks in selected sample.

Calculating peak correlations in 133 Groups... 
 % finished: 10  20  30  40  50  60  70  80  90  100  
Generating EIC's .. 
Warning: Found NA peaks in selected sample.

Calculating peak correlations in 133 Groups... 
 % finished: 10  20  30  40  50  60  70  80  90  100  
Generating EIC's .. 
Warning: Found NA peaks in selected sample.

Calculating peak correlations in 133 Groups... 
 % finished: 10  20  30  40  50  60  70  80  90  100  
Generating EIC's .. 
Warning: Found NA peaks in selected sample.

Calculating peak correlations in 133 Groups... 
 % finished: 10  20  30  40  50  60  70  80  90  100  
Generating EIC's .. 
Warning: Found NA peaks in selected sample.

Calculating peak correlations in 133 Groups... 
 % finished: 10  20  30  40  50  60  70  80  90  100  
Generating EIC's .. 
Warning: Found NA peaks in selected sample.

Calculating peak correlations in 133 Groups... 
 % finished: 10  20  30  40  50  60  70  80  90  100  

Calculating graph cross linking in 133 Groups... 
 % finished: 10  20  30  40  50  60  70  80  90  100  
New number of ps-groups:  254 
xsAnnotate has now 254 groups, instead of 133 
Generating peak matrix!
Run isotope peak annotation
 % finished: 10  20  30  40  50  60  70  80  90  100  
Found isotopes: 32 
Generating peak matrix for peak annotation!
Found and use user-defined ruleset!
Calculating possible adducts in 254 Groups... 
 % finished: 10  20  30  40  50  60  70  80  90  100  
Start grouping after retention time.
Created 133 pseudospectra.
Start grouping after correlation.
Generating EIC's .. 
Warning: Found NA peaks in selected sample.

Calculating peak correlations in 133 Groups... 
 % finished: 10  20  30  40  50  60  70  80  90  100  

Calculating graph cross linking in 133 Groups... 
 % finished: 10  20  30  40  50  60  70  80  90  100  
New number of ps-groups:  329 
xsAnnotate has now 329 groups, instead of 133 
Generating peak matrix!
Run isotope peak annotation
 % finished: 10  20  30  40  50  60  70  80  90  100  
Found isotopes: 20 
Generating peak matrix for peak annotation!
Found and use user-defined ruleset!
Calculating possible adducts in 329 Groups... 
 % finished: 10  20  30  40  50  60  70  80  90  100  
Detecting mass traces at 30 ppm ... OK
Detecting chromatographic peaks in 456 regions of interest ... OK: 126 found.
Start grouping after retention time.
Created 14 pseudospectra.
Generating peak matrix!
Run isotope peak annotation
 % finished: 20  50  60  70  80  90  100  
Found isotopes: 32 
Found and use user-defined ruleset!
Calculating possible adducts in 14 Groups... 
 % finished: 20  50  60  70  80  90  100  
Detecting mass traces at 30 ppm ... OK
Detecting chromatographic peaks in 456 regions of interest ... OK: 126 found.
Start grouping after retention time.
Created 14 pseudospectra.
Start grouping after correlation.

Calculating peak correlations in 14 Groups... 
 % finished: 20  50  60  70  80  90  100  

Calculating graph cross linking in 14 Groups... 
 % finished: 20  50  60  70  80  90  100  
New number of ps-groups:  35 
xsAnnotate has now 35 groups, instead of 14 
Detecting mass traces at 30 ppm ... OK
Detecting chromatographic peaks in 456 regions of interest ... OK: 126 found.
Created 11 pseudospectra.
Processing 3195 mz slices ... OK
Start grouping after retention time.
Created 148 pseudospectra.
Start grouping after correlation.
Generating EIC's .. 
Warning: Found NA peaks in selected sample.

Calculating peak correlations in 148 Groups... 
 % finished: 10  20  30  40  50  60  70  80  90  100  

Calculating graph cross linking in 148 Groups... 
 % finished: 10  20  30  40  50  60  70  80  90  100  
New number of ps-groups:  333 
xsAnnotate has now 333 groups, instead of 148 
Start grouping after retention time.
Created 133 pseudospectra.
Start grouping after correlation.
Generating EIC's .. 
Warning: Found NA peaks in selected sample.

Calculating peak correlations in 133 Groups... 
 % finished: 10  20  30  40  50  60  70  80  90  100  

Calculating graph cross linking in 133 Groups... 
 % finished: 10  20  30  40  50  60  70  80  90  100  
New number of ps-groups:  329 
xsAnnotate has now 329 groups, instead of 133 
Start grouping after correlation.
Data was not preprocessed with groupFWHM, creating one pseudospectrum with all peaks.
Generating EIC's .. 
Warning: Found NA peaks in selected sample.

Calculating peak correlations in 1 Groups... 
 % finished: 100  

Calculating graph cross linking in 1 Groups... 
 % finished: 100  
New number of ps-groups:  316 
xsAnnotate has now 316 groups, instead of 1 
Start grouping after correlation.
Data was not preprocessed with groupFWHM, creating one pseudospectrum with all peaks.
Generating EIC's .. 
Warning: Found NA peaks in selected sample.

Calculating peak correlations in 1 Groups... 
 % finished: 100  

Calculating graph cross linking in 1 Groups... 
 % finished: 100  
New number of ps-groups:  316 
xsAnnotate has now 316 groups, instead of 1 
Generating peak matrix!
Run isotope peak annotation
 % finished: 10  20  30  40  50  60  70  80  90  100  
Found isotopes: 22 
Generating peak matrix for peak annotation!
Found and use user-defined ruleset!
Calculating possible adducts in 316 Groups... 
 % finished: 10  20  30  40  50  60  70  80  90  100  
Detecting mass traces at 30 ppm ... OK
Detecting chromatographic peaks in 456 regions of interest ... OK: 126 found.
Start grouping after retention time.
Created 14 pseudospectra.
Start grouping after correlation.
Data was not preprocessed with groupFWHM, creating one pseudospectrum with all peaks.

Calculating peak correlations in 1 Groups... 
 % finished: 100  

Calculating graph cross linking in 1 Groups... 
 % finished: 100  
New number of ps-groups:  48 
xsAnnotate has now 48 groups, instead of 1 
Start grouping after correlation.

Calculating peak correlations in 14 Groups... 
 % finished: 20  50  60  70  80  90  100  

Calculating graph cross linking in 14 Groups... 
 % finished: 20  50  60  70  80  90  100  
New number of ps-groups:  48 
xsAnnotate has now 48 groups, instead of 14 
Start grouping after correlation.

Calculating peak correlations in 8 Groups... 
 % finished: 30  60  70  80  90  100  

Calculating graph cross linking in 8 Groups... 
 % finished: 30  60  70  80  90  100  
New number of ps-groups:  29 
xsAnnotate has now 29 groups, instead of 14 
Generating peak matrix!
Run isotope peak annotation
 % finished: 20  50  60  70  80  90  100  
Found isotopes: 32 
Start grouping after correlation.

Calculating peak correlations in 14 Groups... 
 % finished: 20  50  60  70  80  90  100  

Calculating graph cross linking in 14 Groups... 
 % finished: 20  50  60  70  80  90  100  
New number of ps-groups:  48 
xsAnnotate has now 48 groups, instead of 14 
xsAnnotate contains no pseudospectra. Regroup all peaks into one!
Generating peak matrix!
Run isotope peak annotation
 % finished: 100  
Found isotopes: 32 
Found and use user-defined ruleset!
Calculating possible adducts in 1 Groups... 
 % finished: 100  
Generating peak matrix!
Run isotope peak annotation
 % finished: 20  40  50  60  70  80  90  100  
Found isotopes: 23 

Calculating possible adducts in 48 Groups... 
 % finished: 20  40  50  60  70  80  90  100  

Calculating possible adducts in 8 Groups... 
 % finished: 10  
Processing 3195 mz slices ... OK
Detecting mass traces at 30 ppm ... OK
Detecting chromatographic peaks in 456 regions of interest ... OK: 126 found.
Start grouping after retention time.
Created 14 pseudospectra.
Detecting mass traces at 30 ppm ... OK
Detecting chromatographic peaks in 456 regions of interest ... OK: 126 found.
Start grouping after retention time.
Created 14 pseudospectra.
Generating peak matrix!
Run isotope peak annotation
 % finished: 20  50  60  70  80  90  100  
Found isotopes: 32 

Calculating possible adducts in 14 Groups... 
 % finished: 20  50  60  70  80  90  100  


RUNIT TEST PROTOCOL -- Wed Aug  4 00:41:00 2021 
*********************************************** 
Number of test functions: 20 
Number of errors: 0 
Number of failures: 0 

 
1 Test Suite : 
CAMERA RUnit Tests - 20 test functions, 0 errors, 0 failures
Number of test functions: 20 
Number of errors: 0 
Number of failures: 0 
> 
> proc.time()
   user  system elapsed 
377.543  11.875 368.678 

Example timings

CAMERA.Rcheck/CAMERA-Ex.timings

nameusersystemelapsed
annotate-methods6.8600.2117.085
annotateDiffreport14.395 3.81710.504
calcCaS-methods2.6900.1632.856
cleanParallel000
combinexsAnnos0.0000.0010.000
compoundLibraries0.0010.0010.002
compoundQuantiles0.1210.0090.133
findAdducts-methods5.2980.2445.549
findIsotopes-methods2.2550.0412.298
findIsotopesWithValidation-methods2.8750.0532.930
findKendrickMasses2.3610.0162.380
findNeutralLoss2.0320.0262.060
findNeutralLossSpecs2.0720.0252.099
getAllPeakEICs-methods4.9700.0655.041
getAtomCount-compoundQuantiles-method0.0940.0030.097
getIsotopeCluster24.211 7.07611.713
getIsotopeProportion-compoundQuantiles-method0.1090.0270.136
getPeaklist-methods4.5680.2334.805
getReducedPeaklist-methods4.2980.1244.424
getpspectra2.0180.0512.071
groupCorr-methods22.625 0.44623.098
groupDen-methods4.4280.0494.484
groupFWHM-methods4.4070.0384.451
massWindowSizes0.0010.0000.002
pspec2metfrag5.1940.0655.268
ruleSet-class0.0960.0020.097
xsAnnotate2.3270.0172.347