Back to Multiple platform build/check report for BioC 3.20:   simplified   long
[A]BCDEFGHIJKLMNOPQRSTUVWXYZ

This page was generated on 2024-07-13 11:42 -0400 (Sat, 13 Jul 2024).

HostnameOSArch (*)R versionInstalled pkgs
nebbiolo2Linux (Ubuntu 22.04.3 LTS)x86_644.4.1 (2024-06-14) -- "Race for Your Life" 4677
palomino6Windows Server 2022 Datacenterx644.4.1 (2024-06-14 ucrt) -- "Race for Your Life" 4416
lconwaymacOS 12.7.1 Montereyx86_644.4.1 (2024-06-14) -- "Race for Your Life" 4444
kjohnson3macOS 13.6.5 Venturaarm644.4.1 (2024-06-14) -- "Race for Your Life" 4393
palomino8Windows Server 2022 Datacenterx644.4.1 (2024-06-14 ucrt) -- "Race for Your Life" 4373
Click on any hostname to see more info about the system (e.g. compilers)      (*) as reported by 'uname -p', except on Windows and Mac OS X

Package 97/2243HostnameOS / ArchINSTALLBUILDCHECKBUILD BIN
ASEB 1.49.0  (landing page)
Likun Wang
Snapshot Date: 2024-07-12 14:00 -0400 (Fri, 12 Jul 2024)
git_url: https://git.bioconductor.org/packages/ASEB
git_branch: devel
git_last_commit: cdcd402
git_last_commit_date: 2024-04-30 10:26:29 -0400 (Tue, 30 Apr 2024)
nebbiolo2Linux (Ubuntu 22.04.3 LTS) / x86_64  OK    OK    WARNINGS  UNNEEDED, same version is already published
palomino6Windows Server 2022 Datacenter / x64  OK    OK    OK    OK  
lconwaymacOS 12.7.1 Monterey / x86_64  OK    OK    WARNINGS    OK  UNNEEDED, same version is already published
kjohnson3macOS 13.6.5 Ventura / arm64  OK    OK    WARNINGS    OK  UNNEEDED, same version is already published
palomino8Windows Server 2022 Datacenter / x64  OK    OK    OK    OK  


CHECK results for ASEB on kjohnson3

To the developers/maintainers of the ASEB package:
- Allow up to 24 hours (and sometimes 48 hours) for your latest push to git@git.bioconductor.org:packages/ASEB.git to reflect on this report. See Troubleshooting Build Report for more information.
- Use the following Renviron settings to reproduce errors and warnings.
- If 'R CMD check' started to fail recently on the Linux builder(s) over a missing dependency, add the missing dependency to 'Suggests:' in your DESCRIPTION file. See Renviron.bioc for more information.

raw results


Summary

Package: ASEB
Version: 1.49.0
Command: /Library/Frameworks/R.framework/Resources/bin/R CMD check --install=check:ASEB.install-out.txt --library=/Library/Frameworks/R.framework/Resources/library --no-vignettes --timings ASEB_1.49.0.tar.gz
StartedAt: 2024-07-12 19:20:57 -0400 (Fri, 12 Jul 2024)
EndedAt: 2024-07-12 19:21:09 -0400 (Fri, 12 Jul 2024)
EllapsedTime: 12.1 seconds
RetCode: 0
Status:   WARNINGS  
CheckDir: ASEB.Rcheck
Warnings: 1

Command output

##############################################################################
##############################################################################
###
### Running command:
###
###   /Library/Frameworks/R.framework/Resources/bin/R CMD check --install=check:ASEB.install-out.txt --library=/Library/Frameworks/R.framework/Resources/library --no-vignettes --timings ASEB_1.49.0.tar.gz
###
##############################################################################
##############################################################################


* using log directory ‘/Users/biocbuild/bbs-3.20-bioc/meat/ASEB.Rcheck’
* using R version 4.4.1 (2024-06-14)
* using platform: aarch64-apple-darwin20
* R was compiled by
    Apple clang version 14.0.0 (clang-1400.0.29.202)
    GNU Fortran (GCC) 12.2.0
* running under: macOS Ventura 13.6.5
* using session charset: UTF-8
* using option ‘--no-vignettes’
* checking for file ‘ASEB/DESCRIPTION’ ... OK
* this is package ‘ASEB’ version ‘1.49.0’
* checking package namespace information ... OK
* checking package dependencies ... OK
* checking if this is a source package ... OK
* checking if there is a namespace ... OK
* checking for hidden files and directories ... OK
* checking for portable file names ... OK
* checking for sufficient/correct file permissions ... OK
* checking whether package ‘ASEB’ can be installed ... OK
* used C++ compiler: ‘Apple clang version 15.0.0 (clang-1500.1.0.2.5)’
* used SDK: ‘MacOSX11.3.sdk’
* checking installed package size ... OK
* checking package directory ... OK
* checking ‘build’ directory ... OK
* checking DESCRIPTION meta-information ... NOTE
Package listed in more than one of Depends, Imports, Suggests, Enhances:
  ‘methods’
A package should be listed in only one of these fields.
* checking top-level files ... OK
* checking for left-over files ... OK
* checking index information ... OK
* checking package subdirectories ... OK
* checking code files for non-ASCII characters ... OK
* checking R files for syntax errors ... OK
* checking whether the package can be loaded ... OK
* checking whether the package can be loaded with stated dependencies ... OK
* checking whether the package can be unloaded cleanly ... OK
* checking whether the namespace can be loaded with stated dependencies ... OK
* checking whether the namespace can be unloaded cleanly ... OK
* checking dependencies in R code ... OK
* checking S3 generic/method consistency ... OK
* checking replacement functions ... OK
* checking foreign function calls ... OK
* checking R code for possible problems ... NOTE
SequenceInfo: no visible global function definition for ‘new’
drawEScurve,data.frame: no visible global function definition for ‘pdf’
drawEScurve,data.frame: no visible global function definition for
  ‘jpeg’
drawEScurve,data.frame: no visible global function definition for
  ‘lines’
drawEScurve,data.frame: no visible global function definition for ‘rgb’
drawEScurve,data.frame: no visible global function definition for
  ‘dev.off’
drawStat,data.frame: no visible global function definition for ‘pdf’
drawStat,data.frame: no visible global function definition for ‘jpeg’
drawStat,data.frame: no visible global function definition for ‘lines’
drawStat,data.frame: no visible global function definition for
  ‘dev.off’
ids,SequenceInfo: no visible global function definition for ‘slot’
ids<-,SequenceInfo-character: no visible global function definition for
  ‘slot<-’
sequences,SequenceInfo: no visible global function definition for
  ‘slot’
sequences<-,SequenceInfo-character: no visible global function
  definition for ‘slot<-’
show,SequenceInfo: no visible global function definition for ‘show’
Undefined global functions or variables:
  dev.off jpeg lines new pdf rgb show slot slot<-
Consider adding
  importFrom("grDevices", "dev.off", "jpeg", "pdf", "rgb")
  importFrom("graphics", "lines")
  importFrom("methods", "new", "show", "slot", "slot<-")
to your NAMESPACE file (and ensure that your DESCRIPTION Imports field
contains 'methods').
* checking Rd files ... OK
* checking Rd metadata ... OK
* checking Rd cross-references ... OK
* checking for missing documentation entries ... OK
* checking for code/documentation mismatches ... OK
* checking Rd \usage sections ... OK
* checking Rd contents ... OK
* checking for unstated dependencies in examples ... OK
* checking line endings in C/C++/Fortran sources/headers ... OK
* checking compiled code ... WARNING
Note: information on .o files is not available
File ‘/Library/Frameworks/R.framework/Versions/4.4-arm64/Resources/library/ASEB/libs/ASEB.so’:
  Found ‘_rand’, possibly from ‘rand’ (C)
  Found ‘_sprintf’, possibly from ‘sprintf’ (C)
  Found ‘_srand’, possibly from ‘srand’ (C)

Compiled code should not call entry points which might terminate R nor
write to stdout/stderr instead of to the console, nor use Fortran I/O
nor system RNGs nor [v]sprintf. The detected symbols are linked into
the code but might come from libraries and not actually be called.

See ‘Writing portable packages’ in the ‘Writing R Extensions’ manual.
* checking sizes of PDF files under ‘inst/doc’ ... OK
* checking files in ‘vignettes’ ... OK
* checking examples ... OK
* checking for unstated dependencies in vignettes ... OK
* checking package vignettes ... OK
* checking running R code from vignettes ... SKIPPED
* checking re-building of vignette outputs ... SKIPPED
* checking PDF version of manual ... OK
* DONE

Status: 1 WARNING, 2 NOTEs
See
  ‘/Users/biocbuild/bbs-3.20-bioc/meat/ASEB.Rcheck/00check.log’
for details.


Installation output

ASEB.Rcheck/00install.out

##############################################################################
##############################################################################
###
### Running command:
###
###   /Library/Frameworks/R.framework/Resources/bin/R CMD INSTALL ASEB
###
##############################################################################
##############################################################################


* installing to library ‘/Library/Frameworks/R.framework/Versions/4.4-arm64/Resources/library’
* installing *source* package ‘ASEB’ ...
** using staged installation
** libs
using C++ compiler: ‘Apple clang version 15.0.0 (clang-1500.1.0.2.5)’
using SDK: ‘MacOSX11.3.sdk’
clang++ -arch arm64 -std=gnu++17 -I"/Library/Frameworks/R.framework/Resources/include" -DNDEBUG   -I/opt/R/arm64/include    -fPIC  -falign-functions=64 -Wall -g -O2   -c asebC.cpp -o asebC.o
clang++ -arch arm64 -std=gnu++17 -dynamiclib -Wl,-headerpad_max_install_names -undefined dynamic_lookup -L/Library/Frameworks/R.framework/Resources/lib -L/opt/R/arm64/lib -o ASEB.so asebC.o -F/Library/Frameworks/R.framework/.. -framework R -Wl,-framework -Wl,CoreFoundation
installing to /Library/Frameworks/R.framework/Versions/4.4-arm64/Resources/library/00LOCK-ASEB/00new/ASEB/libs
** R
** inst
** byte-compile and prepare package for lazy loading
** help
*** installing help indices
** building package indices
** installing vignettes
** testing if installed package can be loaded from temporary location
** checking absolute paths in shared objects and dynamic libraries
** testing if installed package can be loaded from final location
** testing if installed package keeps a record of temporary installation path
* DONE (ASEB)

Tests output


Example timings

ASEB.Rcheck/ASEB-Ex.timings

nameusersystemelapsed
SequenceInfo000
asebProteins0.4270.0050.433
asebSites0.2610.0030.265
drawEScurve0.2470.0040.252
drawStat0.4210.0040.426
readSequence0.1360.0010.137