Back to Multiple platform build/check report for BioC 3.19:   simplified   long
ABCDEFGHIJKLMNOPQR[S]TUVWXYZ

This page was generated on 2024-05-29 11:35:40 -0400 (Wed, 29 May 2024).

HostnameOSArch (*)R versionInstalled pkgs
nebbiolo1Linux (Ubuntu 22.04.3 LTS)x86_644.4.0 (2024-04-24) -- "Puppy Cup" 4753
lconwaymacOS 12.7.1 Montereyx86_644.4.0 (2024-04-24) -- "Puppy Cup" 4518
Click on any hostname to see more info about the system (e.g. compilers)      (*) as reported by 'uname -p', except on Windows and Mac OS X

Package 2001/2300HostnameOS / ArchINSTALLBUILDCHECKBUILD BIN
skewr 1.36.0  (landing page)
Ryan Putney
Snapshot Date: 2024-05-28 14:00:10 -0400 (Tue, 28 May 2024)
git_url: https://git.bioconductor.org/packages/skewr
git_branch: RELEASE_3_19
git_last_commit: d67fa99
git_last_commit_date: 2024-04-30 10:41:54 -0400 (Tue, 30 Apr 2024)
nebbiolo1Linux (Ubuntu 22.04.3 LTS) / x86_64  OK    ERROR  skipped
lconwaymacOS 12.7.1 Monterey / x86_64  OK    ERROR  skippedskipped
kjohnson3macOS 13.6.5 Ventura / arm64see weekly results here

BUILD results for skewr on lconway


To the developers/maintainers of the skewr package:
- Allow up to 24 hours (and sometimes 48 hours) for your latest push to git@git.bioconductor.org:packages/skewr.git to reflect on this report. See Troubleshooting Build Report for more information.
- Use the following Renviron settings to reproduce errors and warnings.
- If 'R CMD check' started to fail recently on the Linux builder(s) over a missing dependency, add the missing dependency to 'Suggests:' in your DESCRIPTION file. See Renviron.bioc for more information.

raw results


Summary

Package: skewr
Version: 1.36.0
Command: /Library/Frameworks/R.framework/Resources/bin/R CMD build --keep-empty-dirs --no-resave-data skewr
StartedAt: 2024-05-28 18:33:53 -0400 (Tue, 28 May 2024)
EndedAt: 2024-05-28 18:36:42 -0400 (Tue, 28 May 2024)
EllapsedTime: 169.3 seconds
RetCode: 1
Status:   ERROR  
PackageFile: None
PackageFileSize: NA

Command output

##############################################################################
##############################################################################
###
### Running command:
###
###   /Library/Frameworks/R.framework/Resources/bin/R CMD build --keep-empty-dirs --no-resave-data skewr
###
##############################################################################
##############################################################################


* checking for file ‘skewr/DESCRIPTION’ ... OK
* preparing ‘skewr’:
* checking DESCRIPTION meta-information ... OK
* installing the package to build vignettes
* creating vignettes ... ERROR
--- re-building ‘skewr.Rnw’ using knitr
2024-05-28 18:35:56.532 R[26546:1956266797] XType: com.apple.fonts is not accessible.
2024-05-28 18:35:56.533 R[26546:1956266797] XType: XTFontStaticRegistry is enabled.
Error: processing vignette 'skewr.Rnw' failed with diagnostics:
Running 'texi2dvi' on 'skewr.tex' failed.
LaTeX errors:
! Undefined control sequence.
l.174 \hlkwd{packages.install}\hldef
                                    {(}\hlsng{'mixsmsn'}\hldef{)}
? 
! Emergency stop.
! Emergency stop.
l.174 
      
End of file on the terminal!

!  ==> Fatal error occurred, no output PDF file produced!
--- failed re-building ‘skewr.Rnw’

SUMMARY: processing the following file failed:
  ‘skewr.Rnw’

Error: Vignette re-building failed.
Execution halted