Back to Multiple platform build/check report for BioC 3.19:   simplified   long
ABCDEFGHIJKLMNO[P]QRSTUVWXYZ

This page was generated on 2024-07-12 17:41 -0400 (Fri, 12 Jul 2024).

HostnameOSArch (*)R versionInstalled pkgs
nebbiolo1Linux (Ubuntu 22.04.3 LTS)x86_644.4.1 (2024-06-14) -- "Race for Your Life" 4741
palomino7Windows Server 2022 Datacenterx644.4.1 (2024-06-14 ucrt) -- "Race for Your Life" 4483
merida1macOS 12.7.4 Montereyx86_644.4.1 (2024-06-14) -- "Race for Your Life" 4512
kjohnson1macOS 13.6.6 Venturaarm644.4.1 (2024-06-14) -- "Race for Your Life" 4461
Click on any hostname to see more info about the system (e.g. compilers)      (*) as reported by 'uname -p', except on Windows and Mac OS X

Package 1536/2300HostnameOS / ArchINSTALLBUILDCHECKBUILD BIN
peakPantheR 1.18.0  (landing page)
Arnaud Wolfer
Snapshot Date: 2024-07-10 14:00 -0400 (Wed, 10 Jul 2024)
git_url: https://git.bioconductor.org/packages/peakPantheR
git_branch: RELEASE_3_19
git_last_commit: 80a6cae
git_last_commit_date: 2024-04-30 11:17:40 -0400 (Tue, 30 Apr 2024)
nebbiolo1Linux (Ubuntu 22.04.3 LTS) / x86_64  OK    OK    OK  UNNEEDED, same version is already published
palomino7Windows Server 2022 Datacenter / x64  OK    OK    OK    OK  
merida1macOS 12.7.4 Monterey / x86_64  OK    ERROR  skippedskipped
kjohnson1macOS 13.6.6 Ventura / arm64  OK    ERROR  skippedskipped


BUILD results for peakPantheR on merida1

To the developers/maintainers of the peakPantheR package:
- Allow up to 24 hours (and sometimes 48 hours) for your latest push to git@git.bioconductor.org:packages/peakPantheR.git to reflect on this report. See Troubleshooting Build Report for more information.
- Use the following Renviron settings to reproduce errors and warnings.
- If 'R CMD check' started to fail recently on the Linux builder(s) over a missing dependency, add the missing dependency to 'Suggests:' in your DESCRIPTION file. See Renviron.bioc for more information.

raw results


Summary

Package: peakPantheR
Version: 1.18.0
Command: /Library/Frameworks/R.framework/Resources/bin/R CMD build --keep-empty-dirs --no-resave-data peakPantheR
StartedAt: 2024-07-10 21:39:26 -0400 (Wed, 10 Jul 2024)
EndedAt: 2024-07-10 21:40:09 -0400 (Wed, 10 Jul 2024)
EllapsedTime: 43.3 seconds
RetCode: 1
Status:   ERROR  
PackageFile: None
PackageFileSize: NA

Command output

##############################################################################
##############################################################################
###
### Running command:
###
###   /Library/Frameworks/R.framework/Resources/bin/R CMD build --keep-empty-dirs --no-resave-data peakPantheR
###
##############################################################################
##############################################################################


* checking for file ‘peakPantheR/DESCRIPTION’ ... OK
* preparing ‘peakPantheR’:
* checking DESCRIPTION meta-information ... OK
* installing the package to build vignettes
* creating vignettes ... ERROR
--- re-building ‘getting-started.Rmd’ using rmarkdown

Quitting from lines 32-37 [init] (getting-started.Rmd)
Error: processing vignette 'getting-started.Rmd' failed with diagnostics:
there is no package called 'faahKO'
--- failed re-building ‘getting-started.Rmd’

--- re-building ‘parallel-annotation.Rmd’ using rmarkdown

Quitting from lines 31-38 [init] (parallel-annotation.Rmd)
Error: processing vignette 'parallel-annotation.Rmd' failed with diagnostics:
there is no package called 'faahKO'
--- failed re-building ‘parallel-annotation.Rmd’

--- re-building ‘peakPantheR-GUI.Rmd’ using rmarkdown

Quitting from lines 29-34 [init] (peakPantheR-GUI.Rmd)
Error: processing vignette 'peakPantheR-GUI.Rmd' failed with diagnostics:
there is no package called 'faahKO'
--- failed re-building ‘peakPantheR-GUI.Rmd’

--- re-building ‘real-time-annotation.Rmd’ using rmarkdown

Quitting from lines 31-36 [init] (real-time-annotation.Rmd)
Error: processing vignette 'real-time-annotation.Rmd' failed with diagnostics:
there is no package called 'faahKO'
--- failed re-building ‘real-time-annotation.Rmd’

SUMMARY: processing the following files failed:
  ‘getting-started.Rmd’ ‘parallel-annotation.Rmd’ ‘peakPantheR-GUI.Rmd’
  ‘real-time-annotation.Rmd’

Error: Vignette re-building failed.
Execution halted