Back to Multiple platform build/check report for BioC 3.19:   simplified   long
ABCDEFGHIJK[L]MNOPQRSTUVWXYZ

This page was generated on 2024-06-11 14:39 -0400 (Tue, 11 Jun 2024).

HostnameOSArch (*)R versionInstalled pkgs
nebbiolo1Linux (Ubuntu 22.04.3 LTS)x86_644.4.0 (2024-04-24) -- "Puppy Cup" 4757
palomino3Windows Server 2022 Datacenterx644.4.0 (2024-04-24 ucrt) -- "Puppy Cup" 4491
lconwaymacOS 12.7.1 Montereyx86_644.4.0 (2024-04-24) -- "Puppy Cup" 4522
kjohnson3macOS 13.6.5 Venturaarm644.4.0 (2024-04-24) -- "Puppy Cup" 4468
Click on any hostname to see more info about the system (e.g. compilers)      (*) as reported by 'uname -p', except on Windows and Mac OS X

Package 1129/2300HostnameOS / ArchINSTALLBUILDCHECKBUILD BIN
lpsymphony 1.32.0  (landing page)
Vladislav Kim
Snapshot Date: 2024-06-09 14:00 -0400 (Sun, 09 Jun 2024)
git_url: https://git.bioconductor.org/packages/lpsymphony
git_branch: RELEASE_3_19
git_last_commit: 1fd208b
git_last_commit_date: 2024-04-30 10:47:18 -0400 (Tue, 30 Apr 2024)
nebbiolo1Linux (Ubuntu 22.04.3 LTS) / x86_64  OK    ERROR  skipped
palomino3Windows Server 2022 Datacenter / x64  OK    ERROR  skippedskipped
lconwaymacOS 12.7.1 Monterey / x86_64  OK    ERROR  skippedskipped
kjohnson3macOS 13.6.5 Ventura / arm64  OK    ERROR  skippedskipped


BUILD results for lpsymphony on nebbiolo1

To the developers/maintainers of the lpsymphony package:
- Allow up to 24 hours (and sometimes 48 hours) for your latest push to git@git.bioconductor.org:packages/lpsymphony.git to reflect on this report. See Troubleshooting Build Report for more information.
- Use the following Renviron settings to reproduce errors and warnings.
- If 'R CMD check' started to fail recently on the Linux builder(s) over a missing dependency, add the missing dependency to 'Suggests:' in your DESCRIPTION file. See Renviron.bioc for more information.

raw results


Summary

Package: lpsymphony
Version: 1.32.0
Command: /home/biocbuild/bbs-3.19-bioc/R/bin/R CMD build --keep-empty-dirs --no-resave-data lpsymphony
StartedAt: 2024-06-09 18:04:34 -0400 (Sun, 09 Jun 2024)
EndedAt: 2024-06-09 18:11:40 -0400 (Sun, 09 Jun 2024)
EllapsedTime: 425.8 seconds
RetCode: 1
Status:   ERROR  
PackageFile: None
PackageFileSize: NA

Command output

##############################################################################
##############################################################################
###
### Running command:
###
###   /home/biocbuild/bbs-3.19-bioc/R/bin/R CMD build --keep-empty-dirs --no-resave-data lpsymphony
###
##############################################################################
##############################################################################


* checking for file ‘lpsymphony/DESCRIPTION’ ... OK
* preparing ‘lpsymphony’:
* checking DESCRIPTION meta-information ... OK
* cleaning src
* running ‘cleanup’
* installing the package to build vignettes
* creating vignettes ... ERROR
--- re-building ‘lpsymphony.Rnw’ using knitr
Error: processing vignette 'lpsymphony.Rnw' failed with diagnostics:
Running 'texi2dvi' on 'lpsymphony.tex' failed.
LaTeX errors:
! Package xcolor Error: Undefined color `fgcolor'.

See the xcolor package documentation for explanation.
Type  H <return>  for immediate help.
 ...                                              
! Emergency stop.
 ...                                              
                                                  
l.86 ...}{rgb}{0.941, 0.941, 0.941}\color{fgcolor}
                                                  \begin{kframe}
!  ==> Fatal error occurred, no output PDF file produced!
--- failed re-building ‘lpsymphony.Rnw’

SUMMARY: processing the following file failed:
  ‘lpsymphony.Rnw’

Error: Vignette re-building failed.
Execution halted