Back to Multiple platform build/check report for BioC 3.19:   simplified   long
ABCDEF[G]HIJKLMNOPQRSTUVWXYZ

This page was generated on 2024-06-21 17:39 -0400 (Fri, 21 Jun 2024).

HostnameOSArch (*)R versionInstalled pkgs
nebbiolo1Linux (Ubuntu 22.04.3 LTS)x86_644.4.0 (2024-04-24) -- "Puppy Cup" 4758
palomino3Windows Server 2022 Datacenterx644.4.0 (2024-04-24 ucrt) -- "Puppy Cup" 4492
merida1macOS 12.7.4 Montereyx86_644.4.0 (2024-04-24) -- "Puppy Cup" 4506
kjohnson1macOS 13.6.6 Venturaarm644.4.0 (2024-04-24) -- "Puppy Cup" 4464
Click on any hostname to see more info about the system (e.g. compilers)      (*) as reported by 'uname -p', except on Windows and Mac OS X

Package 824/2300HostnameOS / ArchINSTALLBUILDCHECKBUILD BIN
genomation 1.36.0  (landing page)
Altuna Akalin , Vedran Franke
Snapshot Date: 2024-06-19 14:00 -0400 (Wed, 19 Jun 2024)
git_url: https://git.bioconductor.org/packages/genomation
git_branch: RELEASE_3_19
git_last_commit: 8a85f98
git_last_commit_date: 2024-04-30 10:40:43 -0400 (Tue, 30 Apr 2024)
nebbiolo1Linux (Ubuntu 22.04.3 LTS) / x86_64  OK    OK    WARNINGS  UNNEEDED, same version is already published
palomino3Windows Server 2022 Datacenter / x64  OK    OK    WARNINGS    OK  UNNEEDED, same version is already published
merida1macOS 12.7.4 Monterey / x86_64  OK    OK    WARNINGS    OK  UNNEEDED, same version is already published
kjohnson1macOS 13.6.6 Ventura / arm64  OK    OK    WARNINGS    OK  UNNEEDED, same version is already published


CHECK results for genomation on palomino3

To the developers/maintainers of the genomation package:
- Allow up to 24 hours (and sometimes 48 hours) for your latest push to git@git.bioconductor.org:packages/genomation.git to reflect on this report. See Troubleshooting Build Report for more information.
- Use the following Renviron settings to reproduce errors and warnings.
- If 'R CMD check' started to fail recently on the Linux builder(s) over a missing dependency, add the missing dependency to 'Suggests:' in your DESCRIPTION file. See Renviron.bioc for more information.

raw results


Summary

Package: genomation
Version: 1.36.0
Command: F:\biocbuild\bbs-3.19-bioc\R\bin\R.exe CMD check --no-multiarch --install=check:genomation.install-out.txt --library=F:\biocbuild\bbs-3.19-bioc\R\library --no-vignettes --timings genomation_1.36.0.tar.gz
StartedAt: 2024-06-20 04:29:00 -0400 (Thu, 20 Jun 2024)
EndedAt: 2024-06-20 04:37:21 -0400 (Thu, 20 Jun 2024)
EllapsedTime: 501.3 seconds
RetCode: 0
Status:   WARNINGS  
CheckDir: genomation.Rcheck
Warnings: 1

Command output

##############################################################################
##############################################################################
###
### Running command:
###
###   F:\biocbuild\bbs-3.19-bioc\R\bin\R.exe CMD check --no-multiarch --install=check:genomation.install-out.txt --library=F:\biocbuild\bbs-3.19-bioc\R\library --no-vignettes --timings genomation_1.36.0.tar.gz
###
##############################################################################
##############################################################################


* using log directory 'F:/biocbuild/bbs-3.19-bioc/meat/genomation.Rcheck'
* using R version 4.4.0 (2024-04-24 ucrt)
* using platform: x86_64-w64-mingw32
* R was compiled by
    gcc.exe (GCC) 13.2.0
    GNU Fortran (GCC) 13.2.0
* running under: Windows Server 2022 x64 (build 20348)
* using session charset: UTF-8
* using option '--no-vignettes'
* checking for file 'genomation/DESCRIPTION' ... OK
* checking extension type ... Package
* this is package 'genomation' version '1.36.0'
* package encoding: latin1
* checking package namespace information ... OK
* checking package dependencies ... OK
* checking if this is a source package ... OK
* checking if there is a namespace ... OK
* checking for hidden files and directories ... OK
* checking for portable file names ... OK
* checking whether package 'genomation' can be installed ... WARNING
Found the following significant warnings:
  Warning: replacing previous import 'Biostrings::pattern' by 'grid::pattern' when loading 'genomation'
See 'F:/biocbuild/bbs-3.19-bioc/meat/genomation.Rcheck/00install.out' for details.
* used C++ compiler: 'G__~1.EXE (GCC) 13.2.0'
* checking installed package size ... OK
* checking package directory ... OK
* checking 'build' directory ... OK
* checking DESCRIPTION meta-information ... OK
* checking top-level files ... OK
* checking for left-over files ... OK
* checking index information ... OK
* checking package subdirectories ... NOTE
Problems with news in 'NEWS':
  Cannot process chunk/lines:
    in ScoreMatrixBin() function.
  Cannot process chunk/lines:
    NEW FUNCTIONS AND FEATURES
  Cannot process chunk/lines:
    The character vectors will label the x-axis of heatmaps. Examples: xcoords=c("-2kb","0","2kb")
  Cannot process chunk/lines:
    Implemented by Bozena Mika-Gospodorz.
  Cannot process chunk/lines:
    Implemented by Bozena Mika-Gospodorz.
  Cannot process chunk/lines:
    Implemented by Bozena Mika-Gospodorz.
  Cannot process chunk/lines:
    Implemented by Bozena Mika-Gospodorz.
* checking code files for non-ASCII characters ... OK
* checking R files for syntax errors ... OK
* checking whether the package can be loaded ... OK
* checking whether the package can be loaded with stated dependencies ... OK
* checking whether the package can be unloaded cleanly ... OK
* checking whether the namespace can be loaded with stated dependencies ... OK
* checking whether the namespace can be unloaded cleanly ... OK
* checking dependencies in R code ... NOTE
Unexported object imported by a ':::' call: 'BiocGenerics:::testPackage'
  See the note in ?`:::` about the use of this operator.
* checking S3 generic/method consistency ... OK
* checking replacement functions ... OK
* checking foreign function calls ... OK
* checking R code for possible problems ... NOTE
ScoreMatrixBin,RleList-GRangesList: no visible binding for global
  variable 'id'
ScoreMatrixBin,RleList-GRangesList: no visible global function
  definition for ':='
Undefined global functions or variables:
  := id
* checking Rd files ... NOTE
checkRd: (-1) plotMeta.Rd:57: Lost braces in \itemize; meant \describe ?
checkRd: (-1) plotMeta.Rd:58: Lost braces in \itemize; meant \describe ?
checkRd: (-1) plotMeta.Rd:59-60: Lost braces in \itemize; meant \describe ?
* checking Rd metadata ... OK
* checking Rd cross-references ... OK
* checking for missing documentation entries ... OK
* checking for code/documentation mismatches ... OK
* checking Rd \usage sections ... OK
* checking Rd contents ... OK
* checking for unstated dependencies in examples ... OK
* checking contents of 'data' directory ... OK
* checking data for non-ASCII characters ... OK
* checking data for ASCII and uncompressed saves ... OK
* checking line endings in C/C++/Fortran sources/headers ... OK
* checking compiled code ... NOTE
Note: information on .o files for x64 is not available
File 'F:/biocbuild/bbs-3.19-bioc/R/library/genomation/libs/x64/genomation.dll':
  Found '_exit', possibly from '_exit' (C)
  Found 'abort', possibly from 'abort' (C), 'runtime' (Fortran)
  Found 'exit', possibly from 'exit' (C), 'stop' (Fortran)

Compiled code should not call entry points which might terminate R nor
write to stdout/stderr instead of to the console, nor use Fortran I/O
nor system RNGs nor [v]sprintf. The detected symbols are linked into
the code but might come from libraries and not actually be called.

See 'Writing portable packages' in the 'Writing R Extensions' manual.
* checking files in 'vignettes' ... OK
* checking examples ... OK
Examples with CPU (user + system) or elapsed time > 5s
                                    user system elapsed
enrichmentMatrix-ScoreMatrix-method 2.37    0.5    5.55
* checking for unstated dependencies in 'tests' ... OK
* checking tests ...
  Running 'genomation_unit_tests.R'
 OK
* checking for unstated dependencies in vignettes ... OK
* checking package vignettes ... OK
* checking running R code from vignettes ... SKIPPED
* checking re-building of vignette outputs ... SKIPPED
* checking PDF version of manual ... OK
* DONE

Status: 1 WARNING, 5 NOTEs
See
  'F:/biocbuild/bbs-3.19-bioc/meat/genomation.Rcheck/00check.log'
for details.


Installation output

genomation.Rcheck/00install.out

##############################################################################
##############################################################################
###
### Running command:
###
###   F:\biocbuild\bbs-3.19-bioc\R\bin\R.exe CMD INSTALL genomation
###
##############################################################################
##############################################################################


* installing to library 'F:/biocbuild/bbs-3.19-bioc/R/library'
* installing *source* package 'genomation' ...
** using staged installation
** libs
using C++ compiler: 'G__~1.EXE (GCC) 13.2.0'
g++ -std=gnu++17  -I"F:/biocbuild/bbs-3.19-bioc/R/include" -DNDEBUG  -I'F:/biocbuild/bbs-3.19-bioc/R/library/Rcpp/include'   -I"C:/rtools44/x86_64-w64-mingw32.static.posix/include"     -O2 -Wall  -mfpmath=sse -msse2 -mstackrealign  -c RcppExports.cpp -o RcppExports.o
g++ -std=gnu++17  -I"F:/biocbuild/bbs-3.19-bioc/R/include" -DNDEBUG  -I'F:/biocbuild/bbs-3.19-bioc/R/library/Rcpp/include'   -I"C:/rtools44/x86_64-w64-mingw32.static.posix/include"     -O2 -Wall  -mfpmath=sse -msse2 -mstackrealign  -c binSum.cpp -o binSum.o
g++ -std=gnu++17 -shared -s -static-libgcc -o genomation.dll tmp.def RcppExports.o binSum.o -LC:/rtools44/x86_64-w64-mingw32.static.posix/lib/x64 -LC:/rtools44/x86_64-w64-mingw32.static.posix/lib -LF:/biocbuild/bbs-3.19-bioc/R/bin/x64 -lR
installing to F:/biocbuild/bbs-3.19-bioc/R/library/00LOCK-genomation/00new/genomation/libs/x64
** R
** data
** inst
** byte-compile and prepare package for lazy loading
Warning: replacing previous import 'Biostrings::pattern' by 'grid::pattern' when loading 'genomation'
** help
*** installing help indices
** building package indices
** installing vignettes
** testing if installed package can be loaded from temporary location
Warning: replacing previous import 'Biostrings::pattern' by 'grid::pattern' when loading 'genomation'
** testing if installed package can be loaded from final location
Warning: replacing previous import 'Biostrings::pattern' by 'grid::pattern' when loading 'genomation'
** testing if installed package keeps a record of temporary installation path
* DONE (genomation)

Tests output

genomation.Rcheck/tests/genomation_unit_tests.Rout


R version 4.4.0 (2024-04-24 ucrt) -- "Puppy Cup"
Copyright (C) 2024 The R Foundation for Statistical Computing
Platform: x86_64-w64-mingw32/x64

R is free software and comes with ABSOLUTELY NO WARRANTY.
You are welcome to redistribute it under certain conditions.
Type 'license()' or 'licence()' for distribution details.

R is a collaborative project with many contributors.
Type 'contributors()' for more information and
'citation()' on how to cite R or R packages in publications.

Type 'demo()' for some demos, 'help()' for on-line help, or
'help.start()' for an HTML browser interface to help.
Type 'q()' to quit R.

> (require("genomation") & require("GenomicRanges") & require("GenomicAlignments") & require("rtracklayer") & require("readr") & require("Biostrings")) || stop("unable to load genomation package")
Loading required package: genomation
Loading required package: grid
Loading required package: GenomicRanges
Loading required package: stats4
Loading required package: BiocGenerics

Attaching package: 'BiocGenerics'

The following objects are masked from 'package:stats':

    IQR, mad, sd, var, xtabs

The following objects are masked from 'package:base':

    Filter, Find, Map, Position, Reduce, anyDuplicated, aperm, append,
    as.data.frame, basename, cbind, colnames, dirname, do.call,
    duplicated, eval, evalq, get, grep, grepl, intersect, is.unsorted,
    lapply, mapply, match, mget, order, paste, pmax, pmax.int, pmin,
    pmin.int, rank, rbind, rownames, sapply, setdiff, table, tapply,
    union, unique, unsplit, which.max, which.min

Loading required package: S4Vectors

Attaching package: 'S4Vectors'

The following object is masked from 'package:utils':

    findMatches

The following objects are masked from 'package:base':

    I, expand.grid, unname

Loading required package: IRanges

Attaching package: 'IRanges'

The following object is masked from 'package:grDevices':

    windows

Loading required package: GenomeInfoDb
Loading required package: GenomicAlignments
Loading required package: SummarizedExperiment
Loading required package: MatrixGenerics
Loading required package: matrixStats

Attaching package: 'MatrixGenerics'

The following objects are masked from 'package:matrixStats':

    colAlls, colAnyNAs, colAnys, colAvgsPerRowSet, colCollapse,
    colCounts, colCummaxs, colCummins, colCumprods, colCumsums,
    colDiffs, colIQRDiffs, colIQRs, colLogSumExps, colMadDiffs,
    colMads, colMaxs, colMeans2, colMedians, colMins, colOrderStats,
    colProds, colQuantiles, colRanges, colRanks, colSdDiffs, colSds,
    colSums2, colTabulates, colVarDiffs, colVars, colWeightedMads,
    colWeightedMeans, colWeightedMedians, colWeightedSds,
    colWeightedVars, rowAlls, rowAnyNAs, rowAnys, rowAvgsPerColSet,
    rowCollapse, rowCounts, rowCummaxs, rowCummins, rowCumprods,
    rowCumsums, rowDiffs, rowIQRDiffs, rowIQRs, rowLogSumExps,
    rowMadDiffs, rowMads, rowMaxs, rowMeans2, rowMedians, rowMins,
    rowOrderStats, rowProds, rowQuantiles, rowRanges, rowRanks,
    rowSdDiffs, rowSds, rowSums2, rowTabulates, rowVarDiffs, rowVars,
    rowWeightedMads, rowWeightedMeans, rowWeightedMedians,
    rowWeightedSds, rowWeightedVars

Loading required package: Biobase
Welcome to Bioconductor

    Vignettes contain introductory material; view with
    'browseVignettes()'. To cite Bioconductor, see
    'citation("Biobase")', and for packages 'citation("pkgname")'.


Attaching package: 'Biobase'

The following object is masked from 'package:MatrixGenerics':

    rowMedians

The following objects are masked from 'package:matrixStats':

    anyMissing, rowMedians

Loading required package: Biostrings
Loading required package: XVector

Attaching package: 'Biostrings'

The following object is masked from 'package:grid':

    pattern

The following object is masked from 'package:base':

    strsplit

Loading required package: Rsamtools
Loading required package: rtracklayer
Loading required package: readr
[1] TRUE
Warning message:
replacing previous import 'Biostrings::pattern' by 'grid::pattern' when loading 'genomation' 
> genomation:::.test()
Normalizing to rpm ...
Normalizing to rpm ...
Normalizing to rpm ...
testing:min
testing:max
testing:median
Normalizing to rpm ...
Normalizing to rpm ...
Normalizing to rpm ...
Normalizing to rpm ...
Normalizing to rpm ...
Normalizing to rpm ...
Normalizing to rpm ...
Rows: 2 Columns: 9
── Column specification ────────────────────────────────────────────────────────
Delimiter: "\t"
chr (3): X1, X4, X6
dbl (5): X2, X3, X5, X7, X8
num (1): X9

ℹ Use `spec()` to retrieve the full column specification for this data.
ℹ Specify the column types or set `show_col_types = FALSE` to quiet this message.
Rows: 2 Columns: 9
── Column specification ────────────────────────────────────────────────────────
Delimiter: "\t"
chr (3): X1, X4, X6
dbl (5): X2, X3, X5, X7, X8
num (1): X9

ℹ Use `spec()` to retrieve the full column specification for this data.
ℹ Specify the column types or set `show_col_types = FALSE` to quiet this message.


RUNIT TEST PROTOCOL -- Thu Jun 20 04:37:04 2024 
*********************************************** 
Number of test functions: 24 
Number of errors: 0 
Number of failures: 0 

 
1 Test Suite : 
genomation RUnit Tests - 24 test functions, 0 errors, 0 failures
Number of test functions: 24 
Number of errors: 0 
Number of failures: 0 
Warning messages:
1: In .local(target, windows, strand.aware) :
  1 windows fall off the target
2: In .local(target, windows, strand.aware) :
  2 windows fall off the target
3: In .local(target, windows, strand.aware) :
  2 windows fall off the target
4: In .local(target, windows, strand.aware) :
  2 windows fall off the target
5: In .local(target, windows, strand.aware) :
  2 windows fall off the target
6: In .local(target, windows, strand.aware) :
  2 windows fall off the target
7: In .local(target, windows, bin.num, bin.op, strand.aware) :
  2 windows fall off the target
8: In .local(target, windows, bin.num, bin.op, strand.aware) :
  2 windows fall off the target
> 
> proc.time()
   user  system elapsed 
  25.57    7.82   33.39 

Example timings

genomation.Rcheck/genomation-Ex.timings

nameusersystemelapsed
AnnotationByGeneParts-methods0.780.230.99
ScoreMatrix-methods2.530.813.38
ScoreMatrixBin-methods2.360.663.15
ScoreMatrixList-methods0.400.861.27
annotateWithFeature-methods0.030.020.05
annotateWithFeatureFlank-methods0.280.010.30
annotateWithFeatures-methods0.640.721.53
annotateWithGeneParts-methods0.470.030.50
binMatrix-methods0.230.630.86
convertBed2Exons-methods0.050.000.05
convertBed2Introns-methods0.060.000.06
enrichmentMatrix-ScoreMatrix-method2.370.505.55
enrichmentMatrix-ScoreMatrixList-ScoreMatrix-method4.540.394.98
enrichmentMatrix-ScoreMatrixList-method4.480.515.00
findFeatureComb-methods0.380.641.02
getFeatsWithTargetsStats-methods0.430.070.43
getFlanks-methods0.170.010.19
getRandomEnrichment-methods0.000.020.02
getTargetAnnotationStats-methods0.340.060.41
gffToGRanges0.110.030.45
heatMatrix0.240.060.30
heatMeta0.400.080.48
heatTargetAnnotation-methods0.640.741.36
intersectScoreMatrixList-methods0.330.681.06
multiHeatMatrix0.300.110.41
orderBy-methods0.420.781.21
patternMatrix-methods0.150.770.94
plotMeta1.190.051.24
plotTargetAnnotation-methods0.520.060.54
readBed0.250.050.27
readBroadPeak0.060.010.09
readFeatureFlank-methods0.190.030.21
readGeneric0.110.000.11
readNarrowPeak0.060.020.10
readTranscriptFeatures-methods0.330.060.33
scaleScoreMatrix-methods0.160.660.82
scaleScoreMatrixList0.550.681.28