Back to Multiple platform build/check report for BioC 3.19:   simplified   long
ABCDE[F]GHIJKLMNOPQRSTUVWXYZ

This page was generated on 2024-07-19 17:37 -0400 (Fri, 19 Jul 2024).

HostnameOSArch (*)R versionInstalled pkgs
nebbiolo1Linux (Ubuntu 22.04.3 LTS)x86_644.4.1 (2024-06-14) -- "Race for Your Life" 4742
palomino7Windows Server 2022 Datacenterx644.4.1 (2024-06-14 ucrt) -- "Race for Your Life" 4484
merida1macOS 12.7.5 Montereyx86_644.4.1 (2024-06-14) -- "Race for Your Life" 4513
kjohnson1macOS 13.6.6 Venturaarm644.4.1 (2024-06-14) -- "Race for Your Life" 4462
Click on any hostname to see more info about the system (e.g. compilers)      (*) as reported by 'uname -p', except on Windows and Mac OS X

Package 736/2300HostnameOS / ArchINSTALLBUILDCHECKBUILD BIN
flowCore 2.16.0  (landing page)
Mike Jiang
Snapshot Date: 2024-07-17 14:00 -0400 (Wed, 17 Jul 2024)
git_url: https://git.bioconductor.org/packages/flowCore
git_branch: RELEASE_3_19
git_last_commit: 48fe6de
git_last_commit_date: 2024-04-30 10:16:03 -0400 (Tue, 30 Apr 2024)
nebbiolo1Linux (Ubuntu 22.04.3 LTS) / x86_64  OK    OK    WARNINGS  UNNEEDED, same version is already published
palomino7Windows Server 2022 Datacenter / x64  OK    OK    WARNINGS    OK  
merida1macOS 12.7.5 Monterey / x86_64  OK    OK    WARNINGS    OK  UNNEEDED, same version is already published
kjohnson1macOS 13.6.6 Ventura / arm64  OK    OK    WARNINGS    OK  UNNEEDED, same version is already published


CHECK results for flowCore on nebbiolo1

To the developers/maintainers of the flowCore package:
- Allow up to 24 hours (and sometimes 48 hours) for your latest push to git@git.bioconductor.org:packages/flowCore.git to reflect on this report. See Troubleshooting Build Report for more information.
- Use the following Renviron settings to reproduce errors and warnings.
- If 'R CMD check' started to fail recently on the Linux builder(s) over a missing dependency, add the missing dependency to 'Suggests:' in your DESCRIPTION file. See Renviron.bioc for more information.

raw results


Summary

Package: flowCore
Version: 2.16.0
Command: /home/biocbuild/bbs-3.19-bioc/R/bin/R CMD check --install=check:flowCore.install-out.txt --library=/home/biocbuild/bbs-3.19-bioc/R/site-library --timings flowCore_2.16.0.tar.gz
StartedAt: 2024-07-17 23:39:55 -0400 (Wed, 17 Jul 2024)
EndedAt: 2024-07-17 23:42:37 -0400 (Wed, 17 Jul 2024)
EllapsedTime: 162.4 seconds
RetCode: 0
Status:   WARNINGS  
CheckDir: flowCore.Rcheck
Warnings: 3

Command output

##############################################################################
##############################################################################
###
### Running command:
###
###   /home/biocbuild/bbs-3.19-bioc/R/bin/R CMD check --install=check:flowCore.install-out.txt --library=/home/biocbuild/bbs-3.19-bioc/R/site-library --timings flowCore_2.16.0.tar.gz
###
##############################################################################
##############################################################################


* using log directory ‘/home/biocbuild/bbs-3.19-bioc/meat/flowCore.Rcheck’
* using R version 4.4.1 (2024-06-14)
* using platform: x86_64-pc-linux-gnu
* R was compiled by
    gcc (Ubuntu 11.4.0-1ubuntu1~22.04) 11.4.0
    GNU Fortran (Ubuntu 11.4.0-1ubuntu1~22.04) 11.4.0
* running under: Ubuntu 22.04.4 LTS
* using session charset: UTF-8
* checking for file ‘flowCore/DESCRIPTION’ ... OK
* this is package ‘flowCore’ version ‘2.16.0’
* package encoding: UTF-8
* checking package namespace information ... OK
* checking package dependencies ... OK
* checking if this is a source package ... OK
* checking if there is a namespace ... OK
* checking for hidden files and directories ... OK
* checking for portable file names ... OK
* checking for sufficient/correct file permissions ... OK
* checking whether package ‘flowCore’ can be installed ... OK
* used C++ compiler: ‘g++ (Ubuntu 11.4.0-1ubuntu1~22.04) 11.4.0’
* checking C++ specification ... OK
  Not all R platforms support C++17
* checking installed package size ... NOTE
  installed size is 12.4Mb
  sub-directories of 1Mb or more:
    data      5.5Mb
    extdata   1.1Mb
    libs      4.2Mb
* checking package directory ... OK
* checking ‘build’ directory ... OK
* checking DESCRIPTION meta-information ... OK
* checking top-level files ... OK
* checking for left-over files ... OK
* checking index information ... OK
* checking package subdirectories ... OK
* checking code files for non-ASCII characters ... OK
* checking R files for syntax errors ... OK
* checking whether the package can be loaded ... OK
* checking whether the package can be loaded with stated dependencies ... OK
* checking whether the package can be unloaded cleanly ... OK
* checking whether the namespace can be loaded with stated dependencies ... OK
* checking whether the namespace can be unloaded cleanly ... OK
* checking loading without being on the library search path ... OK
* checking dependencies in R code ... NOTE
Namespace in Imports field not imported from: ‘Rcpp’
  All declared Imports should be used.
* checking S3 generic/method consistency ... OK
* checking replacement functions ... OK
* checking foreign function calls ... OK
* checking R code for possible problems ... NOTE
eval,compensatedParameter-missing : <anonymous>: no visible binding for
  global variable ‘mat’
eval,compensatedParameter-missing : <anonymous>: no visible binding for
  global variable ‘msv’
show,flowFrame: no visible global function definition for
  ‘capture.output’
Undefined global functions or variables:
  capture.output mat msv
Consider adding
  importFrom("utils", "capture.output")
to your NAMESPACE file.
* checking Rd files ... NOTE
checkRd: (-1) identifier-methods.Rd:36: Escaped LaTeX specials: \^
checkRd: (-1) quadraticTransform.Rd:26: Escaped LaTeX specials: \^
checkRd: (-1) read.FCS.Rd:26: Escaped LaTeX specials: \$
* checking Rd metadata ... OK
* checking Rd cross-references ... OK
* checking for missing documentation entries ... WARNING
Undocumented code objects:
  ‘multiRangeGate’
Undocumented S4 classes:
  ‘multiRangeGate’
Undocumented S4 methods:
  generic '%in%' and siglist 'flowFrame,multiRangeGate'
  generic 'show' and siglist 'multiRangeGate'
All user-level objects in a package (including S4 classes and methods)
should have documentation entries.
See chapter ‘Writing R documentation files’ in the ‘Writing R
Extensions’ manual.
* checking for code/documentation mismatches ... OK
* checking Rd \usage sections ... OK
* checking Rd contents ... OK
* checking for unstated dependencies in examples ... OK
* checking contents of ‘data’ directory ... OK
* checking data for non-ASCII characters ... OK
* checking data for ASCII and uncompressed saves ... OK
* checking line endings in C/C++/Fortran sources/headers ... OK
* checking line endings in Makefiles ... OK
* checking compilation flags in Makevars ... WARNING
Non-portable flags in variable 'PKG_CPPFLAGS':
  -w -Wfatal-errors
* checking for GNU extensions in Makefiles ... OK
* checking for portable use of $(BLAS_LIBS) and $(LAPACK_LIBS) ... OK
* checking use of PKG_*FLAGS in Makefiles ... OK
* checking compiled code ... WARNING
Note: information on .o files is not available
File ‘/home/biocbuild/bbs-3.19-bioc/R/site-library/flowCore/libs/flowCore.so’:
  Found ‘_ZSt4cerr’, possibly from ‘std::cerr’ (C++)
  Found ‘__sprintf_chk’, possibly from ‘sprintf’ (C)
  Found ‘rand’, possibly from ‘rand’ (C)
  Found ‘srand’, possibly from ‘srand’ (C)

Compiled code should not call entry points which might terminate R nor
write to stdout/stderr instead of to the console, nor use Fortran I/O
nor system RNGs nor [v]sprintf. The detected symbols are linked into
the code but might come from libraries and not actually be called.

See ‘Writing portable packages’ in the ‘Writing R Extensions’ manual.
* checking installed files from ‘inst/doc’ ... OK
* checking files in ‘vignettes’ ... OK
* checking examples ... OK
Examples with CPU (user + system) or elapsed time > 5s
                        user system elapsed
filterResultList-class 4.848  0.212   5.061
* checking for unstated dependencies in ‘tests’ ... OK
* checking tests ...
  Running ‘testthat.R’
 OK
* checking for unstated dependencies in vignettes ... OK
* checking package vignettes ... OK
* checking re-building of vignette outputs ... OK
* checking PDF version of manual ... OK
* DONE

Status: 3 WARNINGs, 4 NOTEs
See
  ‘/home/biocbuild/bbs-3.19-bioc/meat/flowCore.Rcheck/00check.log’
for details.


Installation output

flowCore.Rcheck/00install.out

##############################################################################
##############################################################################
###
### Running command:
###
###   /home/biocbuild/bbs-3.19-bioc/R/bin/R CMD INSTALL flowCore
###
##############################################################################
##############################################################################


* installing to library ‘/home/biocbuild/bbs-3.19-bioc/R/site-library’
* installing *source* package ‘flowCore’ ...
** using staged installation
** libs
using C++ compiler: ‘g++ (Ubuntu 11.4.0-1ubuntu1~22.04) 11.4.0’
using C++17
g++ -std=gnu++17 -I"/home/biocbuild/bbs-3.19-bioc/R/include" -DNDEBUG -DBOOST_NO_AUTO_PTR -w -Wfatal-errors -I'/home/biocbuild/bbs-3.19-bioc/R/site-library/cpp11/include' -I'/home/biocbuild/bbs-3.19-bioc/R/site-library/BH/include' -I'/home/biocbuild/bbs-3.19-bioc/R/site-library/cytolib/include' -I'/home/biocbuild/bbs-3.19-bioc/R/site-library/RProtoBufLib/include' -I/usr/local/include    -fpic  -g -O2  -Wall  -c FastLogicle.cpp -o FastLogicle.o
g++ -std=gnu++17 -I"/home/biocbuild/bbs-3.19-bioc/R/include" -DNDEBUG -DBOOST_NO_AUTO_PTR -w -Wfatal-errors -I'/home/biocbuild/bbs-3.19-bioc/R/site-library/cpp11/include' -I'/home/biocbuild/bbs-3.19-bioc/R/site-library/BH/include' -I'/home/biocbuild/bbs-3.19-bioc/R/site-library/cytolib/include' -I'/home/biocbuild/bbs-3.19-bioc/R/site-library/RProtoBufLib/include' -I/usr/local/include    -fpic  -g -O2  -Wall  -c Hyperlog.cpp -o Hyperlog.o
g++ -std=gnu++17 -I"/home/biocbuild/bbs-3.19-bioc/R/include" -DNDEBUG -DBOOST_NO_AUTO_PTR -w -Wfatal-errors -I'/home/biocbuild/bbs-3.19-bioc/R/site-library/cpp11/include' -I'/home/biocbuild/bbs-3.19-bioc/R/site-library/BH/include' -I'/home/biocbuild/bbs-3.19-bioc/R/site-library/cytolib/include' -I'/home/biocbuild/bbs-3.19-bioc/R/site-library/RProtoBufLib/include' -I/usr/local/include    -fpic  -g -O2  -Wall  -c Logicle.cpp -o Logicle.o
g++ -std=gnu++17 -I"/home/biocbuild/bbs-3.19-bioc/R/include" -DNDEBUG -DBOOST_NO_AUTO_PTR -w -Wfatal-errors -I'/home/biocbuild/bbs-3.19-bioc/R/site-library/cpp11/include' -I'/home/biocbuild/bbs-3.19-bioc/R/site-library/BH/include' -I'/home/biocbuild/bbs-3.19-bioc/R/site-library/cytolib/include' -I'/home/biocbuild/bbs-3.19-bioc/R/site-library/RProtoBufLib/include' -I/usr/local/include    -fpic  -g -O2  -Wall  -c biexponential.cpp -o biexponential.o
g++ -std=gnu++17 -I"/home/biocbuild/bbs-3.19-bioc/R/include" -DNDEBUG -DBOOST_NO_AUTO_PTR -w -Wfatal-errors -I'/home/biocbuild/bbs-3.19-bioc/R/site-library/cpp11/include' -I'/home/biocbuild/bbs-3.19-bioc/R/site-library/BH/include' -I'/home/biocbuild/bbs-3.19-bioc/R/site-library/cytolib/include' -I'/home/biocbuild/bbs-3.19-bioc/R/site-library/RProtoBufLib/include' -I/usr/local/include    -fpic  -g -O2  -Wall  -c convertRawBytes.cpp -o convertRawBytes.o
g++ -std=gnu++17 -I"/home/biocbuild/bbs-3.19-bioc/R/include" -DNDEBUG -DBOOST_NO_AUTO_PTR -w -Wfatal-errors -I'/home/biocbuild/bbs-3.19-bioc/R/site-library/cpp11/include' -I'/home/biocbuild/bbs-3.19-bioc/R/site-library/BH/include' -I'/home/biocbuild/bbs-3.19-bioc/R/site-library/cytolib/include' -I'/home/biocbuild/bbs-3.19-bioc/R/site-library/RProtoBufLib/include' -I/usr/local/include    -fpic  -g -O2  -Wall  -c cpp11.cpp -o cpp11.o
g++ -std=gnu++17 -I"/home/biocbuild/bbs-3.19-bioc/R/include" -DNDEBUG -DBOOST_NO_AUTO_PTR -w -Wfatal-errors -I'/home/biocbuild/bbs-3.19-bioc/R/site-library/cpp11/include' -I'/home/biocbuild/bbs-3.19-bioc/R/site-library/BH/include' -I'/home/biocbuild/bbs-3.19-bioc/R/site-library/cytolib/include' -I'/home/biocbuild/bbs-3.19-bioc/R/site-library/RProtoBufLib/include' -I/usr/local/include    -fpic  -g -O2  -Wall  -c fcsTextParse.cpp -o fcsTextParse.o
g++ -std=gnu++17 -I"/home/biocbuild/bbs-3.19-bioc/R/include" -DNDEBUG -DBOOST_NO_AUTO_PTR -w -Wfatal-errors -I'/home/biocbuild/bbs-3.19-bioc/R/site-library/cpp11/include' -I'/home/biocbuild/bbs-3.19-bioc/R/site-library/BH/include' -I'/home/biocbuild/bbs-3.19-bioc/R/site-library/cytolib/include' -I'/home/biocbuild/bbs-3.19-bioc/R/site-library/RProtoBufLib/include' -I/usr/local/include    -fpic  -g -O2  -Wall  -c hyperlogTransform.cpp -o hyperlogTransform.o
g++ -std=gnu++17 -I"/home/biocbuild/bbs-3.19-bioc/R/include" -DNDEBUG -DBOOST_NO_AUTO_PTR -w -Wfatal-errors -I'/home/biocbuild/bbs-3.19-bioc/R/site-library/cpp11/include' -I'/home/biocbuild/bbs-3.19-bioc/R/site-library/BH/include' -I'/home/biocbuild/bbs-3.19-bioc/R/site-library/cytolib/include' -I'/home/biocbuild/bbs-3.19-bioc/R/site-library/RProtoBufLib/include' -I/usr/local/include    -fpic  -g -O2  -Wall  -c inPolygon.cpp -o inPolygon.o
g++ -std=gnu++17 -I"/home/biocbuild/bbs-3.19-bioc/R/include" -DNDEBUG -DBOOST_NO_AUTO_PTR -w -Wfatal-errors -I'/home/biocbuild/bbs-3.19-bioc/R/site-library/cpp11/include' -I'/home/biocbuild/bbs-3.19-bioc/R/site-library/BH/include' -I'/home/biocbuild/bbs-3.19-bioc/R/site-library/cytolib/include' -I'/home/biocbuild/bbs-3.19-bioc/R/site-library/RProtoBufLib/include' -I/usr/local/include    -fpic  -g -O2  -Wall  -c inPolytope.cpp -o inPolytope.o
g++ -std=gnu++17 -I"/home/biocbuild/bbs-3.19-bioc/R/include" -DNDEBUG -DBOOST_NO_AUTO_PTR -w -Wfatal-errors -I'/home/biocbuild/bbs-3.19-bioc/R/site-library/cpp11/include' -I'/home/biocbuild/bbs-3.19-bioc/R/site-library/BH/include' -I'/home/biocbuild/bbs-3.19-bioc/R/site-library/cytolib/include' -I'/home/biocbuild/bbs-3.19-bioc/R/site-library/RProtoBufLib/include' -I/usr/local/include    -fpic  -g -O2  -Wall  -c logicleTransform.cpp -o logicleTransform.o
g++ -std=gnu++17 -I"/home/biocbuild/bbs-3.19-bioc/R/include" -DNDEBUG -DBOOST_NO_AUTO_PTR -w -Wfatal-errors -I'/home/biocbuild/bbs-3.19-bioc/R/site-library/cpp11/include' -I'/home/biocbuild/bbs-3.19-bioc/R/site-library/BH/include' -I'/home/biocbuild/bbs-3.19-bioc/R/site-library/cytolib/include' -I'/home/biocbuild/bbs-3.19-bioc/R/site-library/RProtoBufLib/include' -I/usr/local/include    -fpic  -g -O2  -Wall  -c poly_centroid.cpp -o poly_centroid.o
g++ -std=gnu++17 -I"/home/biocbuild/bbs-3.19-bioc/R/include" -DNDEBUG -DBOOST_NO_AUTO_PTR -w -Wfatal-errors -I'/home/biocbuild/bbs-3.19-bioc/R/site-library/cpp11/include' -I'/home/biocbuild/bbs-3.19-bioc/R/site-library/BH/include' -I'/home/biocbuild/bbs-3.19-bioc/R/site-library/cytolib/include' -I'/home/biocbuild/bbs-3.19-bioc/R/site-library/RProtoBufLib/include' -I/usr/local/include    -fpic  -g -O2  -Wall  -c sortBytes.cpp -o sortBytes.o
g++ -std=gnu++17 -I"/home/biocbuild/bbs-3.19-bioc/R/include" -DNDEBUG -DBOOST_NO_AUTO_PTR -w -Wfatal-errors -I'/home/biocbuild/bbs-3.19-bioc/R/site-library/cpp11/include' -I'/home/biocbuild/bbs-3.19-bioc/R/site-library/BH/include' -I'/home/biocbuild/bbs-3.19-bioc/R/site-library/cytolib/include' -I'/home/biocbuild/bbs-3.19-bioc/R/site-library/RProtoBufLib/include' -I/usr/local/include    -fpic  -g -O2  -Wall  -c uint2double.cpp -o uint2double.o
g++ -std=gnu++17 -I"/home/biocbuild/bbs-3.19-bioc/R/include" -DNDEBUG -DBOOST_NO_AUTO_PTR -w -Wfatal-errors -I'/home/biocbuild/bbs-3.19-bioc/R/site-library/cpp11/include' -I'/home/biocbuild/bbs-3.19-bioc/R/site-library/BH/include' -I'/home/biocbuild/bbs-3.19-bioc/R/site-library/cytolib/include' -I'/home/biocbuild/bbs-3.19-bioc/R/site-library/RProtoBufLib/include' -I/usr/local/include    -fpic  -g -O2  -Wall  -c zeroin.cpp -o zeroin.o
g++ -std=gnu++17 -shared -L/home/biocbuild/bbs-3.19-bioc/R/lib -L/usr/local/lib -o flowCore.so FastLogicle.o Hyperlog.o Logicle.o biexponential.o convertRawBytes.o cpp11.o fcsTextParse.o hyperlogTransform.o inPolygon.o inPolytope.o logicleTransform.o poly_centroid.o sortBytes.o uint2double.o zeroin.o /home/biocbuild/bbs-3.19-bioc/R/site-library/cytolib/lib/libcytolib.a -L/home/biocbuild/bbs-3.19-bioc/R/lib -lR
if [ `uname -s` = 'Darwin' ]; then install_name_tool -change /usr/local/clang4/lib/libc++.1.dylib /usr/lib/libc++.1.dylib flowCore.so; fi
installing to /home/biocbuild/bbs-3.19-bioc/R/site-library/00LOCK-flowCore/00new/flowCore/libs
** R
** data
** inst
** byte-compile and prepare package for lazy loading
** help
*** installing help indices
** building package indices
** installing vignettes
** testing if installed package can be loaded from temporary location
** checking absolute paths in shared objects and dynamic libraries
** testing if installed package can be loaded from final location
** testing if installed package keeps a record of temporary installation path
* DONE (flowCore)

Tests output

flowCore.Rcheck/tests/testthat.Rout


R version 4.4.1 (2024-06-14) -- "Race for Your Life"
Copyright (C) 2024 The R Foundation for Statistical Computing
Platform: x86_64-pc-linux-gnu

R is free software and comes with ABSOLUTELY NO WARRANTY.
You are welcome to redistribute it under certain conditions.
Type 'license()' or 'licence()' for distribution details.

R is a collaborative project with many contributors.
Type 'contributors()' for more information and
'citation()' on how to cite R or R packages in publications.

Type 'demo()' for some demos, 'help()' for on-line help, or
'help.start()' for an HTML browser interface to help.
Type 'q()' to quit R.

> library(testthat)
> library(flowCore)
> library(flowStats)
Warning message:
replacing previous import 'flowViz::contour' by 'graphics::contour' when loading 'flowStats' 
> 
> 
> test_check("flowCore")
Loading required package: BiocGenerics

Attaching package: 'BiocGenerics'

The following object is masked from 'package:flowStats':

    normalize

The following object is masked from 'package:flowCore':

    normalize

The following objects are masked from 'package:stats':

    IQR, mad, sd, var, xtabs

The following objects are masked from 'package:base':

    Filter, Find, Map, Position, Reduce, anyDuplicated, aperm, append,
    as.data.frame, basename, cbind, colnames, dirname, do.call,
    duplicated, eval, evalq, get, grep, grepl, intersect, is.unsorted,
    lapply, mapply, match, mget, order, paste, pmax, pmax.int, pmin,
    pmin.int, rank, rbind, rownames, sapply, setdiff, table, tapply,
    union, unique, unsplit, which.max, which.min

Welcome to Bioconductor

    Vignettes contain introductory material; view with
    'browseVignettes()'. To cite Bioconductor, see
    'citation("Biobase")', and for packages 'citation("pkgname")'.

[ FAIL 0 | WARN 2 | SKIP 3 | PASS 324 ]

══ Skipped tests (3) ═══════════════════════════════════════════════════════════
• dir.exists(dataPath) is not TRUE (1): 'test-IO-internal.R:4:1'
• file.exists(filename) is not TRUE (2): 'test-IO.R:32:3', 'test-IO.R:40:3'

[ FAIL 0 | WARN 2 | SKIP 3 | PASS 324 ]
> 
> #devtools::test("~/rglab/workspace/flowCore")
> 
> proc.time()
   user  system elapsed 
 21.017   0.912  21.948 

Example timings

flowCore.Rcheck/flowCore-Ex.timings

nameusersystemelapsed
EHtrans-class0.0560.0120.068
FCSTransTransform1.3950.0231.420
Subset-methods0.1640.0000.164
arcsinhTransform0.0440.0000.043
asinht-class0.0180.0040.021
asinhtGml2-class0.0190.0080.027
biexponentialTransform3.1110.0443.155
boundaryFilter-class0.0590.0050.065
characterOrNumeric-class0.0000.0010.001
characterOrParameters-class0.0010.0000.000
characterOrTransformation-class0.0010.0000.001
coerce0.0380.0000.038
collapse_desc1.4390.0241.462
compensatedParameter-class0.0950.0040.103
compensation-class0.2230.0080.231
decompensate0.0350.0030.039
dg1polynomial-class0.0290.0040.033
each_col0.0220.0000.022
ellipsoidGate-class0.0430.0070.052
exponential-class0.0190.0010.019
expressionFilter-class0.0670.0040.070
filter-methods1.4320.0041.436
filter-on-methods0.0630.0000.063
filterList-class0.0040.0000.004
filterResult-class0.0010.0000.001
filterResultList-class4.8480.2125.061
filterSummary-class0.0590.0040.063
filterSummaryList-class1.8070.0841.891
flowFrame-class4.0990.0724.171
flowSet-class2.8680.1763.045
fr_append_cols1.3120.0081.319
fsApply0.0940.0030.098
getIndexSort0.0170.0010.017
hyperlog-class0.7560.0120.769
hyperlogtGml2-class0.0210.0010.021
identifier-methods0.0160.0000.016
inverseLogicleTransform1.3420.0001.342
invsplitscale-class0.0210.0000.020
keyword-methods1.3630.0311.394
kmeansFilter-class0.0960.0120.108
linearTransform0.0240.0010.024
lintGml2-class0.0150.0040.019
lnTransform1.5540.0321.586
logTransform0.0330.0000.033
logarithm-class0.0190.0000.019
logicalFilterResult-class0.0000.0000.001
logicleTransform1.3420.0311.373
logicletGml2-class0.0310.0000.031
logtGml2-class0.0210.0000.021
manyFilterResult-class0.0010.0000.001
markernames1.3100.0081.318
multipleFilterResult-class0.0000.0000.001
parameters-methods0.0170.0020.020
polygonGate-class0.0510.0010.051
quadGate-class0.5140.0520.565
quadratic-class0.0180.0000.018
quadraticTransform0.0230.0000.023
ratio-class0.0230.0000.023
ratiotGml2-class0.0170.0000.018
read.FCS0.0500.0080.058
read.FCSheader0.0030.0030.007
read.flowSet0.0700.0010.070
rectangleGate-class0.0630.0030.067
rotate_gate000
sampleFilter-class0.0400.0010.040
scaleTransform0.0240.0000.023
scale_gate000
shift_gate0.0010.0000.001
singleParameterTransform-class0.0000.0010.001
sinht-class0.0180.0020.020
split-methods1.5320.0401.571
splitScaleTransform1.8810.0321.913
splitscale-class0.0190.0000.019
squareroot-class0.0190.0000.019
timeFilter-class2.1540.0152.170
transform-class0.0010.0000.001
transform1.5930.0031.598
transformFilter-class0.1140.0010.114
transformList-class1.2650.0151.281
transformMap-class0.0010.0000.001
transform_gate0.0000.0000.001
truncateTransform0.0160.0080.024
unitytransform-class0.0170.0000.016
write.FCS0.0310.0040.035
write.flowSet1.4110.0191.431