Back to Multiple platform build/check report for BioC 3.19:   simplified   long
ABCDEFGHIJKLMNOPQRSTU[V]WXYZ

This page was generated on 2024-05-18 11:37:31 -0400 (Sat, 18 May 2024).

HostnameOSArch (*)R versionInstalled pkgs
nebbiolo1Linux (Ubuntu 22.04.3 LTS)x86_644.4.0 (2024-04-24) -- "Puppy Cup" 4751
palomino3Windows Server 2022 Datacenterx644.4.0 (2024-04-24 ucrt) -- "Puppy Cup" 4485
lconwaymacOS 12.7.1 Montereyx86_644.4.0 (2024-04-24) -- "Puppy Cup" 4515
Click on any hostname to see more info about the system (e.g. compilers)      (*) as reported by 'uname -p', except on Windows and Mac OS X

Package 2250/2300HostnameOS / ArchINSTALLBUILDCHECKBUILD BIN
VariantExperiment 1.18.1  (landing page)
Qian Liu
Snapshot Date: 2024-05-17 14:00:11 -0400 (Fri, 17 May 2024)
git_url: https://git.bioconductor.org/packages/VariantExperiment
git_branch: RELEASE_3_19
git_last_commit: da2da28
git_last_commit_date: 2024-05-11 15:49:48 -0400 (Sat, 11 May 2024)
nebbiolo1Linux (Ubuntu 22.04.3 LTS) / x86_64  OK    OK    OK  UNNEEDED, same version is already published
palomino3Windows Server 2022 Datacenter / x64  OK    ERROR  skippedskipped
lconwaymacOS 12.7.1 Monterey / x86_64  OK    ERROR  skippedskipped
kjohnson3macOS 13.6.5 Ventura / arm64see weekly results here

BUILD results for VariantExperiment on palomino3


To the developers/maintainers of the VariantExperiment package:
- Allow up to 24 hours (and sometimes 48 hours) for your latest push to git@git.bioconductor.org:packages/VariantExperiment.git to reflect on this report. See Troubleshooting Build Report for more information.
- Use the following Renviron settings to reproduce errors and warnings.
- If 'R CMD check' started to fail recently on the Linux builder(s) over a missing dependency, add the missing dependency to 'Suggests:' in your DESCRIPTION file. See Renviron.bioc for more information.

raw results


Summary

Package: VariantExperiment
Version: 1.18.1
Command: chmod a+r VariantExperiment -R && F:\biocbuild\bbs-3.19-bioc\R\bin\R.exe CMD build --keep-empty-dirs --no-resave-data VariantExperiment
StartedAt: 2024-05-17 22:39:19 -0400 (Fri, 17 May 2024)
EndedAt: 2024-05-17 22:40:04 -0400 (Fri, 17 May 2024)
EllapsedTime: 44.9 seconds
RetCode: 1
Status:   ERROR  
PackageFile: None
PackageFileSize: NA

Command output

##############################################################################
##############################################################################
###
### Running command:
###
###   chmod a+r VariantExperiment -R && F:\biocbuild\bbs-3.19-bioc\R\bin\R.exe CMD build --keep-empty-dirs --no-resave-data VariantExperiment
###
##############################################################################
##############################################################################


* checking for file 'VariantExperiment/DESCRIPTION' ... OK
* preparing 'VariantExperiment':
* checking DESCRIPTION meta-information ... OK
* installing the package to build vignettes
* creating vignettes ... ERROR
--- re-building 'VariantExperiment-class.Rmd' using rmarkdown

Quitting from lines 245-248 [makeVariantExperimentFromVCF] (VariantExperiment-class.Rmd)
Error: processing vignette 'VariantExperiment-class.Rmd' failed with diagnostics:
The GDS node "$ref" does not exist.
--- failed re-building 'VariantExperiment-class.Rmd'

SUMMARY: processing the following file failed:
  'VariantExperiment-class.Rmd'

Error: Vignette re-building failed.
Execution halted