Back to Multiple platform build/check report for BioC 3.19:   simplified   long
ABCDEFGHIJKLMNOPQ[R]STUVWXYZ

This page was generated on 2024-05-18 11:37:15 -0400 (Sat, 18 May 2024).

HostnameOSArch (*)R versionInstalled pkgs
nebbiolo1Linux (Ubuntu 22.04.3 LTS)x86_644.4.0 (2024-04-24) -- "Puppy Cup" 4751
palomino3Windows Server 2022 Datacenterx644.4.0 (2024-04-24 ucrt) -- "Puppy Cup" 4485
lconwaymacOS 12.7.1 Montereyx86_644.4.0 (2024-04-24) -- "Puppy Cup" 4515
Click on any hostname to see more info about the system (e.g. compilers)      (*) as reported by 'uname -p', except on Windows and Mac OS X

Package 1707/2300HostnameOS / ArchINSTALLBUILDCHECKBUILD BIN
RCyjs 2.26.1  (landing page)
Paul Shannon
Snapshot Date: 2024-05-17 14:00:11 -0400 (Fri, 17 May 2024)
git_url: https://git.bioconductor.org/packages/RCyjs
git_branch: RELEASE_3_19
git_last_commit: d14903d
git_last_commit_date: 2024-04-30 15:42:03 -0400 (Tue, 30 Apr 2024)
nebbiolo1Linux (Ubuntu 22.04.3 LTS) / x86_64  OK    OK    WARNINGS  UNNEEDED, same version is already published
palomino3Windows Server 2022 Datacenter / x64  OK    OK    WARNINGS    OK  UNNEEDED, same version is already published
lconwaymacOS 12.7.1 Monterey / x86_64  OK    OK    WARNINGS    OK  UNNEEDED, same version is already published
kjohnson3macOS 13.6.5 Ventura / arm64see weekly results here

CHECK results for RCyjs on palomino3


To the developers/maintainers of the RCyjs package:
- Allow up to 24 hours (and sometimes 48 hours) for your latest push to git@git.bioconductor.org:packages/RCyjs.git to reflect on this report. See Troubleshooting Build Report for more information.
- Use the following Renviron settings to reproduce errors and warnings.
- If 'R CMD check' started to fail recently on the Linux builder(s) over a missing dependency, add the missing dependency to 'Suggests:' in your DESCRIPTION file. See Renviron.bioc for more information.

raw results


Summary

Package: RCyjs
Version: 2.26.1
Command: F:\biocbuild\bbs-3.19-bioc\R\bin\R.exe CMD check --no-multiarch --install=check:RCyjs.install-out.txt --library=F:\biocbuild\bbs-3.19-bioc\R\library --no-vignettes --timings RCyjs_2.26.1.tar.gz
StartedAt: 2024-05-18 05:35:55 -0400 (Sat, 18 May 2024)
EndedAt: 2024-05-18 05:36:50 -0400 (Sat, 18 May 2024)
EllapsedTime: 55.1 seconds
RetCode: 0
Status:   WARNINGS  
CheckDir: RCyjs.Rcheck
Warnings: 1

Command output

##############################################################################
##############################################################################
###
### Running command:
###
###   F:\biocbuild\bbs-3.19-bioc\R\bin\R.exe CMD check --no-multiarch --install=check:RCyjs.install-out.txt --library=F:\biocbuild\bbs-3.19-bioc\R\library --no-vignettes --timings RCyjs_2.26.1.tar.gz
###
##############################################################################
##############################################################################


* using log directory 'F:/biocbuild/bbs-3.19-bioc/meat/RCyjs.Rcheck'
* using R version 4.4.0 (2024-04-24 ucrt)
* using platform: x86_64-w64-mingw32
* R was compiled by
    gcc.exe (GCC) 13.2.0
    GNU Fortran (GCC) 13.2.0
* running under: Windows Server 2022 x64 (build 20348)
* using session charset: UTF-8
* using option '--no-vignettes'
* checking for file 'RCyjs/DESCRIPTION' ... OK
* checking extension type ... Package
* this is package 'RCyjs' version '2.26.1'
* checking package namespace information ... OK
* checking package dependencies ... OK
* checking if this is a source package ... OK
* checking if there is a namespace ... OK
* checking for hidden files and directories ... OK
* checking for portable file names ... OK
* checking whether package 'RCyjs' can be installed ... OK
* checking installed package size ... OK
* checking package directory ... OK
* checking 'build' directory ... OK
* checking DESCRIPTION meta-information ... NOTE
License stub is invalid DCF.
* checking top-level files ... OK
* checking for left-over files ... OK
* checking index information ... OK
* checking package subdirectories ... OK
* checking code files for non-ASCII characters ... OK
* checking R files for syntax errors ... OK
* checking whether the package can be loaded ... OK
* checking whether the package can be loaded with stated dependencies ... OK
* checking whether the package can be unloaded cleanly ... OK
* checking whether the namespace can be loaded with stated dependencies ... OK
* checking whether the namespace can be unloaded cleanly ... OK
* checking whether startup messages can be suppressed ... OK
* checking dependencies in R code ... OK
* checking S3 generic/method consistency ... OK
* checking replacement functions ... OK
* checking foreign function calls ... OK
* checking R code for possible problems ... OK
* checking Rd files ... OK
* checking Rd metadata ... OK
* checking Rd cross-references ... OK
* checking for missing documentation entries ... OK
* checking for code/documentation mismatches ... OK
* checking Rd \usage sections ... WARNING
Undocumented arguments in Rd file 'hideNodes.Rd'
  'nodeIDs'

Undocumented arguments in Rd file 'readAndStandardizeJSONNetworkFile.Rd'
  'filename'
Documented arguments not in \usage in Rd file 'readAndStandardizeJSONNetworkFile.Rd':
  'file'

Undocumented arguments in Rd file 'readAndStandardizeJSONStyleFile.Rd'
  'filename'
Documented arguments not in \usage in Rd file 'readAndStandardizeJSONStyleFile.Rd':
  'file'

Undocumented arguments in Rd file 'showNodes.Rd'
  'nodeIDs'

Functions with \usage entries need to have the appropriate \alias
entries, and all their arguments documented.
The \usage entries must correspond to syntactically valid R code.
See chapter 'Writing R documentation files' in the 'Writing R
Extensions' manual.
* checking Rd contents ... OK
* checking for unstated dependencies in examples ... OK
* checking include directives in Makefiles ... OK
* checking files in 'vignettes' ... OK
* checking examples ... OK
* checking for unstated dependencies in 'tests' ... OK
* checking tests ...
  Running 'runTests.R'
 OK
* checking for unstated dependencies in vignettes ... OK
* checking package vignettes ... OK
* checking running R code from vignettes ... SKIPPED
* checking re-building of vignette outputs ... SKIPPED
* checking PDF version of manual ... OK
* DONE

Status: 1 WARNING, 1 NOTE
See
  'F:/biocbuild/bbs-3.19-bioc/meat/RCyjs.Rcheck/00check.log'
for details.


Installation output

RCyjs.Rcheck/00install.out

##############################################################################
##############################################################################
###
### Running command:
###
###   F:\biocbuild\bbs-3.19-bioc\R\bin\R.exe CMD INSTALL RCyjs
###
##############################################################################
##############################################################################


* installing to library 'F:/biocbuild/bbs-3.19-bioc/R/library'
* installing *source* package 'RCyjs' ...
** using staged installation
** R
** inst
** byte-compile and prepare package for lazy loading
Creating a new generic function for 'layout' in package 'RCyjs'
** help
*** installing help indices
** building package indices
** installing vignettes
** testing if installed package can be loaded from temporary location
** testing if installed package can be loaded from final location
** testing if installed package keeps a record of temporary installation path
* DONE (RCyjs)

Tests output

RCyjs.Rcheck/tests/runTests.Rout


R version 4.4.0 (2024-04-24 ucrt) -- "Puppy Cup"
Copyright (C) 2024 The R Foundation for Statistical Computing
Platform: x86_64-w64-mingw32/x64

R is free software and comes with ABSOLUTELY NO WARRANTY.
You are welcome to redistribute it under certain conditions.
Type 'license()' or 'licence()' for distribution details.

R is a collaborative project with many contributors.
Type 'contributors()' for more information and
'citation()' on how to cite R or R packages in publications.

Type 'demo()' for some demos, 'help()' for on-line help, or
'help.start()' for an HTML browser interface to help.
Type 'q()' to quit R.

> # disabled: the bioc build system no longer supports browser use.
> # BiocGenerics:::testPackage("RCyjs")
> 
> proc.time()
   user  system elapsed 
   0.17    0.06    0.21 

Example timings

RCyjs.Rcheck/RCyjs-Ex.timings

nameusersystemelapsed
RCyjs-class000
addGraph000
addGraphFromFile000
clearSelection000
createTestGaph0.010.000.01
deleteGraph000
deleteSelectedNodes000
eda000
edaNames000
fit000
fitSelection000
getEdgeCount000
getJSON000
getLayoutStrategies000
getNodeCount000
getNodes000
getPosition000
getSelectedNodes000
getSupportedEdgeDecoratorShapes000
getSupportedNodeShapes000
getZoom000
graphNELtoJSON.string000
hAlign000
hideAllEdges000
hideEdges000
hideNodes000
hideSelectedNodes000
invertNodeSelection000
layout000
layoutSelectionInGrid000
layoutSelectionInGridInferAnchorm000
loadStyleFile000
noa000
noaNames000
redraw000
restoreLayout000
saveJPG000
saveLayout000
savePNG000
selectFirstNeighborsOfSelectedNodes000
selectNodes000
setBackgroundColor000
setDefaultEdgeColor000
setDefaultEdgeLineColor000
setDefaultEdgeLineStyle000
setDefaultEdgeSourceArrowColor000
setDefaultEdgeSourceArrowShape000
setDefaultEdgeTargetArrowColor000
setDefaultEdgeTargetArrowShape000
setDefaultEdgeWidth000
setDefaultNodeBorderColor000
setDefaultNodeBorderWidth000
setDefaultNodeColor000
setDefaultNodeFontColor000
setDefaultNodeFontSize000
setDefaultNodeHeight000
setDefaultNodeShape000
setDefaultNodeSize000
setDefaultNodeWidth000
setDefaultStyle000
setEdgeStyle000
setGraph000
setNodeAttributes000
setNodeBorderColor000
setNodeBorderWidth000
setNodeColor000
setNodeColorRule000
setNodeFontColor000
setNodeFontSize000
setNodeHeight000
setNodeLabelRule000
setNodeShape000
setNodeSize000
setNodeSizeRule000
setNodeWidth000
setPosition000
setZoom000
sfn000
showAll000
showEdges000
showNodes000
simpleDemoGraph0.070.000.06
vAlign000