Back to Build/check report for BioC 3.14 experimental data
ABCDEFGHIJKLMNOPQR[S]TUVWXYZ

This page was generated on 2021-10-16 15:51:46 -0400 (Sat, 16 Oct 2021).

CHECK results for simpIntLists on nebbiolo2

To the developers/maintainers of the simpIntLists package:
Make sure to use the following settings in order to reproduce any error or warning you see on this page.

raw results

Package 347/404HostnameOS / ArchINSTALLBUILDCHECK
simpIntLists 1.29.0  (landing page)
Kircicegi Korkmaz
Snapshot Date: 2021-10-16 09:30:02 -0400 (Sat, 16 Oct 2021)
git_url: https://git.bioconductor.org/packages/simpIntLists
git_branch: master
git_last_commit: fab2da0
git_last_commit_date: 2021-05-19 11:31:22 -0400 (Wed, 19 May 2021)
nebbiolo2Linux (Ubuntu 20.04.2 LTS) / x86_64  OK    OK    WARNINGS  UNNEEDED, same version is already published

Summary

Package: simpIntLists
Version: 1.29.0
Command: /home/biocbuild/bbs-3.14-bioc/R/bin/R CMD check --install=check:simpIntLists.install-out.txt --library=/home/biocbuild/bbs-3.14-bioc/R/library --no-vignettes --timings simpIntLists_1.29.0.tar.gz
StartedAt: 2021-10-16 12:35:53 -0400 (Sat, 16 Oct 2021)
EndedAt: 2021-10-16 12:36:36 -0400 (Sat, 16 Oct 2021)
EllapsedTime: 42.3 seconds
RetCode: 0
Status:   WARNINGS  
CheckDir: simpIntLists.Rcheck
Warnings: 1

Command output

##############################################################################
##############################################################################
###
### Running command:
###
###   /home/biocbuild/bbs-3.14-bioc/R/bin/R CMD check --install=check:simpIntLists.install-out.txt --library=/home/biocbuild/bbs-3.14-bioc/R/library --no-vignettes --timings simpIntLists_1.29.0.tar.gz
###
##############################################################################
##############################################################################


* using log directory ‘/home/biocbuild/bbs-3.14-data-experiment/meat/simpIntLists.Rcheck’
* using R version 4.1.1 (2021-08-10)
* using platform: x86_64-pc-linux-gnu (64-bit)
* using session charset: UTF-8
* using option ‘--no-vignettes’
* checking for file ‘simpIntLists/DESCRIPTION’ ... OK
* checking extension type ... Package
* this is package ‘simpIntLists’ version ‘1.29.0’
* checking package namespace information ... OK
* checking package dependencies ... OK
* checking if this is a source package ... OK
* checking if there is a namespace ... OK
* checking for hidden files and directories ... OK
* checking for portable file names ... OK
* checking for sufficient/correct file permissions ... OK
* checking whether package ‘simpIntLists’ can be installed ... OK
* checking installed package size ... OK
* checking package directory ... OK
* checking ‘build’ directory ... OK
* checking DESCRIPTION meta-information ... OK
* checking top-level files ... OK
* checking for left-over files ... OK
* checking index information ... OK
* checking package subdirectories ... OK
* checking R files for non-ASCII characters ... OK
* checking R files for syntax errors ... OK
* checking whether the package can be loaded ... OK
* checking whether the package can be loaded with stated dependencies ... OK
* checking whether the package can be unloaded cleanly ... OK
* checking whether the namespace can be loaded with stated dependencies ... OK
* checking whether the namespace can be unloaded cleanly ... OK
* checking dependencies in R code ... OK
* checking S3 generic/method consistency ... OK
* checking replacement functions ... OK
* checking foreign function calls ... OK
* checking R code for possible problems ... NOTE
findInteractionList: no visible global function definition for ‘data’
findInteractionList: no visible binding for global variable
  ‘ArabidopsisBioGRIDInteractionEntrezId’
findInteractionList: no visible binding for global variable
  ‘ArabidopsisBioGRIDInteractionOfficial’
findInteractionList: no visible binding for global variable
  ‘ArabidopsisBioGRIDInteractionUniqueId’
findInteractionList: no visible binding for global variable
  ‘C.elegansBioGRIDInteractionEntrezId’
findInteractionList: no visible binding for global variable
  ‘C.elegansBioGRIDInteractionOfficial’
findInteractionList: no visible binding for global variable
  ‘C.elegansBioGRIDInteractionUniqueId’
findInteractionList: no visible binding for global variable
  ‘FruitFlyBioGRIDInteractionEntrezId’
findInteractionList: no visible binding for global variable
  ‘FruitFlyBioGRIDInteractionOfficial’
findInteractionList: no visible binding for global variable
  ‘FruitFlyBioGRIDInteractionUniqueId’
findInteractionList: no visible binding for global variable
  ‘HumanBioGRIDInteractionEntrezId’
findInteractionList: no visible binding for global variable
  ‘HumanBioGRIDInteractionOfficial’
findInteractionList: no visible binding for global variable
  ‘HumanBioGRIDInteractionUniqueId’
findInteractionList: no visible binding for global variable
  ‘MouseBioGRIDInteractionEntrezId’
findInteractionList: no visible binding for global variable
  ‘MouseBioGRIDInteractionOfficial’
findInteractionList: no visible binding for global variable
  ‘MouseBioGRIDInteractionUniqueId’
findInteractionList: no visible binding for global variable
  ‘YeastBioGRIDInteractionEntrezId’
findInteractionList: no visible binding for global variable
  ‘YeastBioGRIDInteractionOfficial’
findInteractionList: no visible binding for global variable
  ‘YeastBioGRIDInteractionUniqueId’
findInteractionList: no visible binding for global variable
  ‘S.pombeBioGRIDInteractionEntrezId’
findInteractionList: no visible binding for global variable
  ‘S.pombeBioGRIDInteractionOfficial’
findInteractionList: no visible binding for global variable
  ‘S.pombeBioGRIDInteractionUniqueId’
Undefined global functions or variables:
  ArabidopsisBioGRIDInteractionEntrezId
  ArabidopsisBioGRIDInteractionOfficial
  ArabidopsisBioGRIDInteractionUniqueId
  C.elegansBioGRIDInteractionEntrezId
  C.elegansBioGRIDInteractionOfficial
  C.elegansBioGRIDInteractionUniqueId
  FruitFlyBioGRIDInteractionEntrezId FruitFlyBioGRIDInteractionOfficial
  FruitFlyBioGRIDInteractionUniqueId HumanBioGRIDInteractionEntrezId
  HumanBioGRIDInteractionOfficial HumanBioGRIDInteractionUniqueId
  MouseBioGRIDInteractionEntrezId MouseBioGRIDInteractionOfficial
  MouseBioGRIDInteractionUniqueId S.pombeBioGRIDInteractionEntrezId
  S.pombeBioGRIDInteractionOfficial S.pombeBioGRIDInteractionUniqueId
  YeastBioGRIDInteractionEntrezId YeastBioGRIDInteractionOfficial
  YeastBioGRIDInteractionUniqueId data
Consider adding
  importFrom("utils", "data")
to your NAMESPACE file.
* checking Rd files ... OK
* checking Rd metadata ... OK
* checking Rd cross-references ... OK
* checking for missing documentation entries ... OK
* checking for code/documentation mismatches ... OK
* checking Rd \usage sections ... OK
* checking Rd contents ... OK
* checking for unstated dependencies in examples ... OK
* checking contents of ‘data’ directory ... OK
* checking data for non-ASCII characters ... OK
* checking data for ASCII and uncompressed saves ... WARNING
  
  Note: significantly better compression could be obtained
        by using R CMD build --resave-data
                                            old_size new_size compress
  ArabidopsisBioGRIDInteractionEntrezId.rda     26Kb     19Kb    bzip2
  ArabidopsisBioGRIDInteractionOfficial.rda     34Kb     22Kb    bzip2
  ArabidopsisBioGRIDInteractionUniqueId.rda     32Kb     21Kb    bzip2
  C.ElegansBioGRIDInteractionEntrezId.rda       44Kb     32Kb    bzip2
  C.ElegansBioGRIDInteractionOfficial.rda       65Kb     38Kb    bzip2
  C.ElegansBioGRIDInteractionUniqueId.rda       64Kb     37Kb    bzip2
  FruitFlyBioGRIDInteractionEntrezId.rda       165Kb    112Kb    bzip2
  FruitFlyBioGRIDInteractionOfficial.rda       252Kb    139Kb    bzip2
  FruitFlyBioGRIDInteractionUniqueId.rda       208Kb    121Kb    bzip2
  HumanBioGRIDInteractionEntrezId.rda          222Kb    157Kb    bzip2
  HumanBioGRIDInteractionOfficial.rda          318Kb    190Kb    bzip2
  HumanBioGRIDInteractionUniqueId.rda           29Kb     18Kb    bzip2
  MouseBioGRIDInteractionEntrezId.rda           25Kb     20Kb    bzip2
  MouseBioGRIDInteractionOfficial.rda           34Kb     23Kb    bzip2
  S.PombeBioGRIDInteractionEntrezId.rda         55Kb     37Kb    bzip2
  S.PombeBioGRIDInteractionOfficial.rda         76Kb     44Kb    bzip2
  S.PombeBioGRIDInteractionUniqueId.rda         89Kb     43Kb    bzip2
  YeastBioGRIDInteractionEntrezId.rda          685Kb    469Kb    bzip2
  YeastBioGRIDInteractionOfficial.rda          958Kb    572Kb    bzip2
  YeastBioGRIDInteractionUniqueId.rda          903Kb    533Kb    bzip2
* checking files in ‘vignettes’ ... OK
* checking examples ... OK
* checking for unstated dependencies in vignettes ... OK
* checking package vignettes in ‘inst/doc’ ... OK
* checking running R code from vignettes ... SKIPPED
* checking re-building of vignette outputs ... SKIPPED
* checking PDF version of manual ... OK
* DONE

Status: 1 WARNING, 1 NOTE
See
  ‘/home/biocbuild/bbs-3.14-data-experiment/meat/simpIntLists.Rcheck/00check.log’
for details.



Installation output

simpIntLists.Rcheck/00install.out

##############################################################################
##############################################################################
###
### Running command:
###
###   /home/biocbuild/bbs-3.14-bioc/R/bin/R CMD INSTALL simpIntLists
###
##############################################################################
##############################################################################


* installing to library ‘/home/biocbuild/bbs-3.14-bioc/R/library’
* installing *source* package ‘simpIntLists’ ...
** using staged installation
** R
** data
** byte-compile and prepare package for lazy loading
** help
*** installing help indices
** building package indices
** installing vignettes
** testing if installed package can be loaded from temporary location
** testing if installed package can be loaded from final location
** testing if installed package keeps a record of temporary installation path
* DONE (simpIntLists)

Tests output


Example timings

simpIntLists.Rcheck/simpIntLists-Ex.timings

nameusersystemelapsed
ArabidopsisBioGRIDInteractionEntrezId0.0260.0280.055
ArabidopsisBioGRIDInteractionOfficial0.0220.0320.054
ArabidopsisBioGRIDInteractionUniqueId0.0360.0200.056
C.ElegansBioGRIDInteractionEntrezId0.0390.0400.078
C.ElegansBioGRIDInteractionOfficial0.0440.0520.096
C.ElegansBioGRIDInteractionUniqueId0.0530.0440.096
FruitFlyBioGRIDInteractionEntrezId0.0920.1040.196
FruitFlyBioGRIDInteractionOfficial0.1000.1520.252
FruitFlyBioGRIDInteractionUniqueId0.1310.1390.270
HumanBioGRIDInteractionEntrezId0.1080.1520.260
HumanBioGRIDInteractionOfficial0.1910.1390.330
HumanBioGRIDInteractionUniqueId0.020.020.04
MouseBioGRIDInteractionEntrezId0.0210.0290.049
MouseBioGRIDInteractionOfficial0.0270.0350.075
MouseBioGRIDInteractionUniqueId0.0070.0000.007
S.PombeBioGRIDInteractionEntrezId0.0270.0470.073
S.PombeBioGRIDInteractionOfficial0.0450.0560.101
S.PombeBioGRIDInteractionUniqueId0.0480.0720.120
YeastBioGRIDInteractionEntrezId0.2100.3620.572
YeastBioGRIDInteractionOfficial0.3610.4410.802
YeastBioGRIDInteractionUniqueId0.4560.3840.840
findInteractionList0.0180.0260.044
simpIntLists0.1250.0210.146