Back to Build/check report for BioC 3.14 experimental data
ABCDEFGHIJKLMNO[P]QRSTUVWXYZ

This page was generated on 2021-12-01 18:35:25 -0500 (Wed, 01 Dec 2021).

CHECK results for prostateCancerVarambally on nebbiolo2

To the developers/maintainers of the prostateCancerVarambally package:
Make sure to use the following settings in order to reproduce any error or warning you see on this page.

raw results

Package 288/408HostnameOS / ArchINSTALLBUILDCHECK
prostateCancerVarambally 1.22.0  (landing page)
Mark Dunning
Snapshot Date: 2021-12-01 08:30:01 -0500 (Wed, 01 Dec 2021)
git_url: https://git.bioconductor.org/packages/prostateCancerVarambally
git_branch: RELEASE_3_14
git_last_commit: 10f3995
git_last_commit_date: 2021-10-26 12:22:22 -0500 (Tue, 26 Oct 2021)
nebbiolo2Linux (Ubuntu 20.04.3 LTS) / x86_64  OK    OK    WARNINGS  UNNEEDED, same version is already published

Summary

Package: prostateCancerVarambally
Version: 1.22.0
Command: /home/biocbuild/bbs-3.14-bioc/R/bin/R CMD check --install=check:prostateCancerVarambally.install-out.txt --library=/home/biocbuild/bbs-3.14-bioc/R/library --no-vignettes --timings prostateCancerVarambally_1.22.0.tar.gz
StartedAt: 2021-12-01 15:33:02 -0500 (Wed, 01 Dec 2021)
EndedAt: 2021-12-01 15:33:14 -0500 (Wed, 01 Dec 2021)
EllapsedTime: 12.3 seconds
RetCode: 0
Status:   WARNINGS  
CheckDir: prostateCancerVarambally.Rcheck
Warnings: 1

Command output

##############################################################################
##############################################################################
###
### Running command:
###
###   /home/biocbuild/bbs-3.14-bioc/R/bin/R CMD check --install=check:prostateCancerVarambally.install-out.txt --library=/home/biocbuild/bbs-3.14-bioc/R/library --no-vignettes --timings prostateCancerVarambally_1.22.0.tar.gz
###
##############################################################################
##############################################################################


* using log directory ‘/home/biocbuild/bbs-3.14-data-experiment/meat/prostateCancerVarambally.Rcheck’
* using R version 4.1.2 (2021-11-01)
* using platform: x86_64-pc-linux-gnu (64-bit)
* using session charset: UTF-8
* using option ‘--no-vignettes’
* checking for file ‘prostateCancerVarambally/DESCRIPTION’ ... OK
* checking extension type ... Package
* this is package ‘prostateCancerVarambally’ version ‘1.22.0’
* checking package namespace information ... OK
* checking package dependencies ... OK
* checking if this is a source package ... OK
* checking if there is a namespace ... OK
* checking for hidden files and directories ... OK
* checking for portable file names ... OK
* checking for sufficient/correct file permissions ... OK
* checking whether package ‘prostateCancerVarambally’ can be installed ... OK
* checking installed package size ... NOTE
  installed size is  9.7Mb
  sub-directories of 1Mb or more:
    data   9.6Mb
* checking package directory ... OK
* checking ‘build’ directory ... OK
* checking DESCRIPTION meta-information ... NOTE
Malformed Description field: should contain one or more complete sentences.
* checking top-level files ... OK
* checking for left-over files ... OK
* checking index information ... OK
* checking package subdirectories ... OK
* checking whether the package can be loaded ... OK
* checking whether the package can be loaded with stated dependencies ... OK
* checking whether the package can be unloaded cleanly ... OK
* checking whether the namespace can be loaded with stated dependencies ... OK
* checking whether the namespace can be unloaded cleanly ... OK
* checking Rd files ... OK
* checking Rd metadata ... OK
* checking Rd cross-references ... OK
* checking for missing documentation entries ... OK
* checking for code/documentation mismatches ... OK
* checking Rd \usage sections ... OK
* checking Rd contents ... OK
* checking for unstated dependencies in examples ... OK
* checking contents of ‘data’ directory ... OK
* checking data for non-ASCII characters ... OK
* checking LazyData ... WARNING
  LazyData DB of 9.6 MB without LazyDataCompression set
  See §1.1.6 of 'Writing R Extensions'
* checking data for ASCII and uncompressed saves ... OK
* checking files in ‘vignettes’ ... OK
* checking examples ... NONE
* checking for unstated dependencies in vignettes ... OK
* checking package vignettes in ‘inst/doc’ ... OK
* checking running R code from vignettes ... SKIPPED
* checking re-building of vignette outputs ... SKIPPED
* checking PDF version of manual ... OK
* DONE

Status: 1 WARNING, 2 NOTEs
See
  ‘/home/biocbuild/bbs-3.14-data-experiment/meat/prostateCancerVarambally.Rcheck/00check.log’
for details.



Installation output

prostateCancerVarambally.Rcheck/00install.out

##############################################################################
##############################################################################
###
### Running command:
###
###   /home/biocbuild/bbs-3.14-bioc/R/bin/R CMD INSTALL prostateCancerVarambally
###
##############################################################################
##############################################################################


* installing to library ‘/home/biocbuild/bbs-3.14-bioc/R/library’
* installing *source* package ‘prostateCancerVarambally’ ...
** using staged installation
** data
*** moving datasets to lazyload DB
** help
*** installing help indices
** building package indices
** installing vignettes
** testing if installed package can be loaded from temporary location
** testing if installed package can be loaded from final location
** testing if installed package keeps a record of temporary installation path
* DONE (prostateCancerVarambally)

Tests output


Example timings