Back to Build/check report for BioC 3.14 experimental data
ABCDEF[G]HIJKLMNOPQRSTUVWXYZ

This page was generated on 2021-10-23 15:51:47 -0400 (Sat, 23 Oct 2021).

CHECK results for grndata on nebbiolo2

To the developers/maintainers of the grndata package:
Make sure to use the following settings in order to reproduce any error or warning you see on this page.

raw results

Package 147/408HostnameOS / ArchINSTALLBUILDCHECK
grndata 1.25.0  (landing page)
Pau Bellot
Snapshot Date: 2021-10-23 09:30:01 -0400 (Sat, 23 Oct 2021)
git_url: https://git.bioconductor.org/packages/grndata
git_branch: master
git_last_commit: 85cc523
git_last_commit_date: 2021-05-19 11:50:00 -0400 (Wed, 19 May 2021)
nebbiolo2Linux (Ubuntu 20.04.2 LTS) / x86_64  OK    OK    WARNINGS  UNNEEDED, same version is already published

Summary

Package: grndata
Version: 1.25.0
Command: /home/biocbuild/bbs-3.14-bioc/R/bin/R CMD check --install=check:grndata.install-out.txt --library=/home/biocbuild/bbs-3.14-bioc/R/library --no-vignettes --timings grndata_1.25.0.tar.gz
StartedAt: 2021-10-23 12:22:38 -0400 (Sat, 23 Oct 2021)
EndedAt: 2021-10-23 12:23:10 -0400 (Sat, 23 Oct 2021)
EllapsedTime: 31.6 seconds
RetCode: 0
Status:   WARNINGS  
CheckDir: grndata.Rcheck
Warnings: 1

Command output

##############################################################################
##############################################################################
###
### Running command:
###
###   /home/biocbuild/bbs-3.14-bioc/R/bin/R CMD check --install=check:grndata.install-out.txt --library=/home/biocbuild/bbs-3.14-bioc/R/library --no-vignettes --timings grndata_1.25.0.tar.gz
###
##############################################################################
##############################################################################


* using log directory ‘/home/biocbuild/bbs-3.14-data-experiment/meat/grndata.Rcheck’
* using R version 4.1.1 (2021-08-10)
* using platform: x86_64-pc-linux-gnu (64-bit)
* using session charset: UTF-8
* using option ‘--no-vignettes’
* checking for file ‘grndata/DESCRIPTION’ ... OK
* checking extension type ... Package
* this is package ‘grndata’ version ‘1.25.0’
* checking package namespace information ... OK
* checking package dependencies ... OK
* checking if this is a source package ... OK
* checking if there is a namespace ... OK
* checking for hidden files and directories ... OK
* checking for portable file names ... OK
* checking for sufficient/correct file permissions ... OK
* checking whether package ‘grndata’ can be installed ... OK
* checking installed package size ... NOTE
  installed size is 54.4Mb
  sub-directories of 1Mb or more:
    data  54.2Mb
* checking package directory ... OK
* checking ‘build’ directory ... OK
* checking DESCRIPTION meta-information ... NOTE
Malformed Description field: should contain one or more complete sentences.
* checking top-level files ... OK
* checking for left-over files ... OK
* checking index information ... OK
* checking package subdirectories ... OK
* checking R files for non-ASCII characters ... OK
* checking R files for syntax errors ... OK
* checking whether the package can be loaded ... OK
* checking whether the package can be loaded with stated dependencies ... OK
* checking whether the package can be unloaded cleanly ... OK
* checking whether the namespace can be loaded with stated dependencies ... OK
* checking whether the namespace can be unloaded cleanly ... OK
* checking dependencies in R code ... OK
* checking S3 generic/method consistency ... OK
* checking replacement functions ... OK
* checking foreign function calls ... OK
* checking R code for possible problems ... OK
* checking Rd files ... OK
* checking Rd metadata ... OK
* checking Rd cross-references ... OK
* checking for missing documentation entries ... OK
* checking for code/documentation mismatches ... OK
* checking Rd \usage sections ... OK
* checking Rd contents ... OK
* checking for unstated dependencies in examples ... OK
* checking contents of ‘data’ directory ... OK
* checking data for non-ASCII characters ... OK
* checking LazyData ... WARNING
  LazyData DB of 54.2 MB without LazyDataCompression set
  See §1.1.6 of 'Writing R Extensions'
* checking data for ASCII and uncompressed saves ... OK
* checking files in ‘vignettes’ ... OK
* checking examples ... OK
* checking for unstated dependencies in ‘tests’ ... OK
* checking tests ...
  Running ‘runTests.R’
 OK
* checking for unstated dependencies in vignettes ... OK
* checking package vignettes in ‘inst/doc’ ... OK
* checking running R code from vignettes ... SKIPPED
* checking re-building of vignette outputs ... SKIPPED
* checking PDF version of manual ... OK
* DONE

Status: 1 WARNING, 2 NOTEs
See
  ‘/home/biocbuild/bbs-3.14-data-experiment/meat/grndata.Rcheck/00check.log’
for details.



Installation output

grndata.Rcheck/00install.out

##############################################################################
##############################################################################
###
### Running command:
###
###   /home/biocbuild/bbs-3.14-bioc/R/bin/R CMD INSTALL grndata
###
##############################################################################
##############################################################################


* installing to library ‘/home/biocbuild/bbs-3.14-bioc/R/library’
* installing *source* package ‘grndata’ ...
** using staged installation
** R
** data
*** moving datasets to lazyload DB
** inst
** byte-compile and prepare package for lazy loading
** help
*** installing help indices
** building package indices
** installing vignettes
** testing if installed package can be loaded from temporary location
** testing if installed package can be loaded from final location
** testing if installed package keeps a record of temporary installation path
* DONE (grndata)

Tests output

grndata.Rcheck/tests/runTests.Rout


R version 4.1.1 (2021-08-10) -- "Kick Things"
Copyright (C) 2021 The R Foundation for Statistical Computing
Platform: x86_64-pc-linux-gnu (64-bit)

R is free software and comes with ABSOLUTELY NO WARRANTY.
You are welcome to redistribute it under certain conditions.
Type 'license()' or 'licence()' for distribution details.

R is a collaborative project with many contributors.
Type 'contributors()' for more information and
'citation()' on how to cite R or R packages in publications.

Type 'demo()' for some demos, 'help()' for on-line help, or
'help.start()' for an HTML browser interface to help.
Type 'q()' to quit R.

> BiocGenerics:::testPackage("grndata")


RUNIT TEST PROTOCOL -- Sat Oct 23 12:23:08 2021 
*********************************************** 
Number of test functions: 1 
Number of errors: 0 
Number of failures: 0 

 
1 Test Suite : 
grndata RUnit Tests - 1 test function, 0 errors, 0 failures
Number of test functions: 1 
Number of errors: 0 
Number of failures: 0 
> 
> proc.time()
   user  system elapsed 
  1.128   0.294   1.404 

Example timings

grndata.Rcheck/grndata-Ex.timings

nameusersystemelapsed
Availabledata0.0090.0000.009
getData0.0960.0160.112
gnw1565.data0.1790.0430.222
gnw1565.net0.1160.0160.132
gnw2000.data0.2570.0450.301
gnw2000.net0.1320.0440.176
rogers1000.data0.0420.0070.049
rogers1000.net0.0340.0010.033
syntren1000.data0.0420.0150.058
syntren1000.net0.0320.0000.033
syntren300.data0.0130.0000.013
syntren300.net0.0020.0000.003
toy.data0.0010.0000.001
toy.net0.0010.0000.000