Back to Build/check report for BioC 3.14 experimental data
[A]BCDEFGHIJKLMNOPQRSTUVWXYZ

This page was generated on 2021-10-16 15:51:45 -0400 (Sat, 16 Oct 2021).

CHECK results for aracne.networks on nebbiolo2

To the developers/maintainers of the aracne.networks package:
Make sure to use the following settings in order to reproduce any error or warning you see on this page.

raw results

Package 17/404HostnameOS / ArchINSTALLBUILDCHECK
aracne.networks 1.19.0  (landing page)
Federico M. Giorgi , Mariano Alvarez
Snapshot Date: 2021-10-16 09:30:02 -0400 (Sat, 16 Oct 2021)
git_url: https://git.bioconductor.org/packages/aracne.networks
git_branch: master
git_last_commit: 3349cd6
git_last_commit_date: 2021-05-19 11:59:00 -0400 (Wed, 19 May 2021)
nebbiolo2Linux (Ubuntu 20.04.2 LTS) / x86_64  OK    OK    WARNINGS  UNNEEDED, same version is already published

Summary

Package: aracne.networks
Version: 1.19.0
Command: /home/biocbuild/bbs-3.14-bioc/R/bin/R CMD check --install=check:aracne.networks.install-out.txt --library=/home/biocbuild/bbs-3.14-bioc/R/library --no-vignettes --timings aracne.networks_1.19.0.tar.gz
StartedAt: 2021-10-16 12:05:07 -0400 (Sat, 16 Oct 2021)
EndedAt: 2021-10-16 12:12:06 -0400 (Sat, 16 Oct 2021)
EllapsedTime: 419.4 seconds
RetCode: 0
Status:   WARNINGS  
CheckDir: aracne.networks.Rcheck
Warnings: 2

Command output

##############################################################################
##############################################################################
###
### Running command:
###
###   /home/biocbuild/bbs-3.14-bioc/R/bin/R CMD check --install=check:aracne.networks.install-out.txt --library=/home/biocbuild/bbs-3.14-bioc/R/library --no-vignettes --timings aracne.networks_1.19.0.tar.gz
###
##############################################################################
##############################################################################


* using log directory ‘/home/biocbuild/bbs-3.14-data-experiment/meat/aracne.networks.Rcheck’
* using R version 4.1.1 (2021-08-10)
* using platform: x86_64-pc-linux-gnu (64-bit)
* using session charset: UTF-8
* using option ‘--no-vignettes’
* checking for file ‘aracne.networks/DESCRIPTION’ ... OK
* checking extension type ... Package
* this is package ‘aracne.networks’ version ‘1.19.0’
* checking package namespace information ... OK
* checking package dependencies ... OK
* checking if this is a source package ... OK
* checking if there is a namespace ... OK
* checking for hidden files and directories ... OK
* checking for portable file names ... OK
* checking for sufficient/correct file permissions ... OK
* checking whether package ‘aracne.networks’ can be installed ... OK
* checking installed package size ... NOTE
  installed size is 203.3Mb
  sub-directories of 1Mb or more:
    data  203.1Mb
* checking package directory ... OK
* checking ‘build’ directory ... OK
* checking DESCRIPTION meta-information ... OK
* checking top-level files ... OK
* checking for left-over files ... OK
* checking index information ... OK
* checking package subdirectories ... OK
* checking R files for non-ASCII characters ... OK
* checking R files for syntax errors ... OK
* checking whether the package can be loaded ... OK
* checking whether the package can be loaded with stated dependencies ... OK
* checking whether the package can be unloaded cleanly ... OK
* checking whether the namespace can be loaded with stated dependencies ... OK
* checking whether the namespace can be unloaded cleanly ... OK
* checking dependencies in R code ... OK
* checking S3 generic/method consistency ... OK
* checking replacement functions ... OK
* checking foreign function calls ... OK
* checking R code for possible problems ... OK
* checking Rd files ... OK
* checking Rd metadata ... OK
* checking Rd cross-references ... OK
* checking for missing documentation entries ... OK
* checking for code/documentation mismatches ... OK
* checking Rd \usage sections ... OK
* checking Rd contents ... OK
* checking for unstated dependencies in examples ... OK
* checking contents of ‘data’ directory ... OK
* checking data for non-ASCII characters ... OK
* checking LazyData ... WARNING
  LazyData DB of 203.1 MB without LazyDataCompression set
  See §1.1.6 of 'Writing R Extensions'
* checking data for ASCII and uncompressed saves ... WARNING
  
  Note: significantly better compression could be obtained
        by using R CMD build --resave-data
                  old_size new_size compress
  regulonblca.rda    8.2Mb    6.9Mb       xz
  regulonbrca.rda    5.7Mb    4.7Mb       xz
  reguloncesc.rda    9.6Mb    8.0Mb       xz
  reguloncoad.rda    7.0Mb    5.8Mb       xz
  regulonesca.rda    8.7Mb    7.0Mb       xz
  regulongbm.rda     9.2Mb    7.1Mb       xz
  regulonhnsc.rda    7.2Mb    6.0Mb       xz
  regulonkirc.rda    5.9Mb    4.9Mb       xz
  regulonkirp.rda    7.8Mb    6.5Mb       xz
  regulonlaml.rda    8.8Mb    7.0Mb       xz
  regulonlihc.rda    8.0Mb    6.7Mb       xz
  regulonluad.rda    6.8Mb    5.7Mb       xz
  regulonlusc.rda    7.7Mb    6.5Mb       xz
  regulonnet.rda    12.1Mb   10.1Mb       xz
  regulonov.rda     10.5Mb    8.6Mb       xz
  regulonpaad.rda    8.7Mb    7.1Mb       xz
  regulonpcpg.rda    9.9Mb    7.8Mb       xz
  regulonprad.rda    5.6Mb    4.7Mb       xz
  regulonread.rda    9.4Mb    7.6Mb       xz
  regulonsarc.rda    8.8Mb    7.2Mb       xz
  regulonstad.rda    9.7Mb    8.1Mb       xz
  regulontgct.rda    7.7Mb    6.3Mb       xz
  regulonthca.rda    5.2Mb    4.3Mb       xz
  regulonthym.rda    6.7Mb    5.3Mb       xz
  regulonucec.rda    8.2Mb    6.9Mb       xz
* checking files in ‘vignettes’ ... OK
* checking examples ... OK
* checking for unstated dependencies in vignettes ... OK
* checking package vignettes in ‘inst/doc’ ... OK
* checking running R code from vignettes ... SKIPPED
* checking re-building of vignette outputs ... SKIPPED
* checking PDF version of manual ... OK
* DONE

Status: 2 WARNINGs, 1 NOTE
See
  ‘/home/biocbuild/bbs-3.14-data-experiment/meat/aracne.networks.Rcheck/00check.log’
for details.



Installation output

aracne.networks.Rcheck/00install.out

##############################################################################
##############################################################################
###
### Running command:
###
###   /home/biocbuild/bbs-3.14-bioc/R/bin/R CMD INSTALL aracne.networks
###
##############################################################################
##############################################################################


* installing to library ‘/home/biocbuild/bbs-3.14-bioc/R/library’
* installing *source* package ‘aracne.networks’ ...
** using staged installation
** R
** data
*** moving datasets to lazyload DB
** inst
** byte-compile and prepare package for lazy loading
** help
*** installing help indices
** building package indices
** installing vignettes
** testing if installed package can be loaded from temporary location
** testing if installed package can be loaded from final location
** testing if installed package keeps a record of temporary installation path
* DONE (aracne.networks)

Tests output


Example timings

aracne.networks.Rcheck/aracne.networks-Ex.timings

nameusersystemelapsed
aracne.networks-package1.9210.0401.961
regulonblca1.9290.1922.121
regulonbrca1.3660.0201.385
reguloncesc2.1780.0242.201
reguloncoad1.6570.0241.682
regulonesca2.120.022.14
regulongbm2.2510.0242.274
regulonhnsc1.4050.0201.425
regulonkirc2.4690.0202.488
regulonkirp1.6520.0241.676
regulonlaml1.8040.0401.845
regulonlihc1.7930.0121.806
regulonluad1.7120.0001.713
regulonlusc2.2250.0082.233
regulonnet2.1980.0202.217
regulonov2.8540.0162.870
regulonpaad2.2000.0042.203
regulonpcpg2.6090.0312.641
regulonprad1.4990.0121.512
regulonread1.9870.0071.996
regulonsarc1.9880.0322.020
regulonstad2.7200.0322.752
regulontgct2.2300.0032.234
regulonthca1.2190.0081.228
regulonthym1.8850.0081.893
regulonucec2.3550.0122.367
write.regulon2.1120.0122.125