Back to Build/check report for BioC 3.14 experimental data
ABCDEFGHIJKLMNOPQRSTUV[W]XYZ

This page was generated on 2021-10-19 15:52:18 -0400 (Tue, 19 Oct 2021).

CHECK results for WGSmapp on nebbiolo2

To the developers/maintainers of the WGSmapp package:
Make sure to use the following settings in order to reproduce any error or warning you see on this page.

raw results

Package 397/404HostnameOS / ArchINSTALLBUILDCHECK
WGSmapp 1.5.0  (landing page)
Rujin Wang
Snapshot Date: 2021-10-19 09:30:02 -0400 (Tue, 19 Oct 2021)
git_url: https://git.bioconductor.org/packages/WGSmapp
git_branch: master
git_last_commit: b26ffa1
git_last_commit_date: 2021-05-19 12:09:36 -0400 (Wed, 19 May 2021)
nebbiolo2Linux (Ubuntu 20.04.2 LTS) / x86_64  OK    OK    WARNINGS  UNNEEDED, same version is already published

Summary

Package: WGSmapp
Version: 1.5.0
Command: /home/biocbuild/bbs-3.14-bioc/R/bin/R CMD check --install=check:WGSmapp.install-out.txt --library=/home/biocbuild/bbs-3.14-bioc/R/library --no-vignettes --timings WGSmapp_1.5.0.tar.gz
StartedAt: 2021-10-19 12:43:42 -0400 (Tue, 19 Oct 2021)
EndedAt: 2021-10-19 12:45:04 -0400 (Tue, 19 Oct 2021)
EllapsedTime: 82.9 seconds
RetCode: 0
Status:   WARNINGS  
CheckDir: WGSmapp.Rcheck
Warnings: 1

Command output

##############################################################################
##############################################################################
###
### Running command:
###
###   /home/biocbuild/bbs-3.14-bioc/R/bin/R CMD check --install=check:WGSmapp.install-out.txt --library=/home/biocbuild/bbs-3.14-bioc/R/library --no-vignettes --timings WGSmapp_1.5.0.tar.gz
###
##############################################################################
##############################################################################


* using log directory ‘/home/biocbuild/bbs-3.14-data-experiment/meat/WGSmapp.Rcheck’
* using R version 4.1.1 (2021-08-10)
* using platform: x86_64-pc-linux-gnu (64-bit)
* using session charset: UTF-8
* using option ‘--no-vignettes’
* checking for file ‘WGSmapp/DESCRIPTION’ ... OK
* checking extension type ... Package
* this is package ‘WGSmapp’ version ‘1.5.0’
* package encoding: UTF-8
* checking package namespace information ... OK
* checking package dependencies ... OK
* checking if this is a source package ... OK
* checking if there is a namespace ... OK
* checking for hidden files and directories ... OK
* checking for portable file names ... OK
* checking for sufficient/correct file permissions ... OK
* checking whether package ‘WGSmapp’ can be installed ... OK
* checking installed package size ... NOTE
  installed size is 316.3Mb
  sub-directories of 1Mb or more:
    data     161.2Mb
    extdata  154.4Mb
* checking package directory ... OK
* checking DESCRIPTION meta-information ... OK
* checking top-level files ... OK
* checking for left-over files ... OK
* checking index information ... OK
* checking package subdirectories ... OK
* checking R files for non-ASCII characters ... OK
* checking R files for syntax errors ... OK
* checking whether the package can be loaded ... OK
* checking whether the package can be loaded with stated dependencies ... OK
* checking whether the package can be unloaded cleanly ... OK
* checking whether the namespace can be loaded with stated dependencies ... OK
* checking whether the namespace can be unloaded cleanly ... OK
* checking dependencies in R code ... OK
* checking S3 generic/method consistency ... OK
* checking replacement functions ... OK
* checking foreign function calls ... OK
* checking R code for possible problems ... OK
* checking Rd files ... OK
* checking Rd metadata ... OK
* checking Rd cross-references ... OK
* checking for missing documentation entries ... OK
* checking for code/documentation mismatches ... OK
* checking Rd \usage sections ... OK
* checking Rd contents ... OK
* checking for unstated dependencies in examples ... OK
* checking contents of ‘data’ directory ... OK
* checking data for non-ASCII characters ... OK
* checking LazyData ... WARNING
  LazyData DB of 161.2 MB without LazyDataCompression set
  See §1.1.6 of 'Writing R Extensions'
* checking data for ASCII and uncompressed saves ... OK
* checking examples ... NONE
* checking PDF version of manual ... OK
* DONE

Status: 1 WARNING, 1 NOTE
See
  ‘/home/biocbuild/bbs-3.14-data-experiment/meat/WGSmapp.Rcheck/00check.log’
for details.



Installation output

WGSmapp.Rcheck/00install.out

##############################################################################
##############################################################################
###
### Running command:
###
###   /home/biocbuild/bbs-3.14-bioc/R/bin/R CMD INSTALL WGSmapp
###
##############################################################################
##############################################################################


* installing to library ‘/home/biocbuild/bbs-3.14-bioc/R/library’
* installing *source* package ‘WGSmapp’ ...
** using staged installation
** R
** data
*** moving datasets to lazyload DB
** inst
** byte-compile and prepare package for lazy loading
** help
*** installing help indices
** building package indices
** testing if installed package can be loaded from temporary location
** testing if installed package can be loaded from final location
** testing if installed package keeps a record of temporary installation path
* DONE (WGSmapp)

Tests output


Example timings