Back to Build/check report for BioC 3.14 experimental data
ABCDEFGHIJKLMNOPQR[S]TUVWXYZ

This page was generated on 2021-11-24 18:35:27 -0500 (Wed, 24 Nov 2021).

CHECK results for SomatiCAData on nebbiolo2

To the developers/maintainers of the SomatiCAData package:
Make sure to use the following settings in order to reproduce any error or warning you see on this page.

raw results

Package 358/408HostnameOS / ArchINSTALLBUILDCHECK
SomatiCAData 1.32.0  (landing page)
Mengjie Chen
Snapshot Date: 2021-11-24 08:30:01 -0500 (Wed, 24 Nov 2021)
git_url: https://git.bioconductor.org/packages/SomatiCAData
git_branch: RELEASE_3_14
git_last_commit: 79ebd2a
git_last_commit_date: 2021-10-26 11:58:19 -0500 (Tue, 26 Oct 2021)
nebbiolo2Linux (Ubuntu 20.04.3 LTS) / x86_64  OK    OK    WARNINGS  UNNEEDED, same version is already published

Summary

Package: SomatiCAData
Version: 1.32.0
Command: /home/biocbuild/bbs-3.14-bioc/R/bin/R CMD check --install=check:SomatiCAData.install-out.txt --library=/home/biocbuild/bbs-3.14-bioc/R/library --no-vignettes --timings SomatiCAData_1.32.0.tar.gz
StartedAt: 2021-11-24 16:02:02 -0500 (Wed, 24 Nov 2021)
EndedAt: 2021-11-24 16:03:47 -0500 (Wed, 24 Nov 2021)
EllapsedTime: 104.4 seconds
RetCode: 0
Status:   WARNINGS  
CheckDir: SomatiCAData.Rcheck
Warnings: 2

Command output

##############################################################################
##############################################################################
###
### Running command:
###
###   /home/biocbuild/bbs-3.14-bioc/R/bin/R CMD check --install=check:SomatiCAData.install-out.txt --library=/home/biocbuild/bbs-3.14-bioc/R/library --no-vignettes --timings SomatiCAData_1.32.0.tar.gz
###
##############################################################################
##############################################################################


* using log directory ‘/home/biocbuild/bbs-3.14-data-experiment/meat/SomatiCAData.Rcheck’
* using R version 4.1.2 (2021-11-01)
* using platform: x86_64-pc-linux-gnu (64-bit)
* using session charset: UTF-8
* using option ‘--no-vignettes’
* checking for file ‘SomatiCAData/DESCRIPTION’ ... OK
* this is package ‘SomatiCAData’ version ‘1.32.0’
* checking package namespace information ... OK
* checking package dependencies ... OK
* checking if this is a source package ... OK
* checking if there is a namespace ... OK
* checking for hidden files and directories ... OK
* checking for portable file names ... OK
* checking for sufficient/correct file permissions ... OK
* checking whether package ‘SomatiCAData’ can be installed ... OK
* checking installed package size ... NOTE
  installed size is 32.2Mb
  sub-directories of 1Mb or more:
    data  32.1Mb
* checking package directory ... OK
* checking DESCRIPTION meta-information ... NOTE
Malformed Description field: should contain one or more complete sentences.
* checking top-level files ... OK
* checking for left-over files ... OK
* checking index information ... OK
* checking package subdirectories ... OK
* checking R files for non-ASCII characters ... OK
* checking R files for syntax errors ... OK
* checking whether the package can be loaded ... OK
* checking whether the package can be loaded with stated dependencies ... OK
* checking whether the package can be unloaded cleanly ... OK
* checking whether the namespace can be loaded with stated dependencies ... OK
* checking whether the namespace can be unloaded cleanly ... OK
* checking dependencies in R code ... OK
* checking S3 generic/method consistency ... OK
* checking replacement functions ... OK
* checking foreign function calls ... OK
* checking R code for possible problems ... OK
* checking Rd files ... OK
* checking Rd metadata ... OK
* checking Rd cross-references ... OK
* checking for missing documentation entries ... OK
* checking for code/documentation mismatches ... OK
* checking Rd \usage sections ... OK
* checking Rd contents ... OK
* checking for unstated dependencies in examples ... OK
* checking contents of ‘data’ directory ... OK
* checking data for non-ASCII characters ... OK
* checking LazyData ... WARNING
  LazyData DB of 32.1 MB without LazyDataCompression set
  See §1.1.6 of 'Writing R Extensions'
* checking data for ASCII and uncompressed saves ... WARNING
  
  Note: significantly better compression could be obtained
        by using R CMD build --resave-data
           old_size new_size compress
  glio.rda   32.4Mb   18.9Mb       xz
* checking examples ... OK
* checking PDF version of manual ... OK
* DONE

Status: 2 WARNINGs, 2 NOTEs
See
  ‘/home/biocbuild/bbs-3.14-data-experiment/meat/SomatiCAData.Rcheck/00check.log’
for details.



Installation output

SomatiCAData.Rcheck/00install.out

##############################################################################
##############################################################################
###
### Running command:
###
###   /home/biocbuild/bbs-3.14-bioc/R/bin/R CMD INSTALL SomatiCAData
###
##############################################################################
##############################################################################


* installing to library ‘/home/biocbuild/bbs-3.14-bioc/R/library’
* installing *source* package ‘SomatiCAData’ ...
** using staged installation
** R
** data
*** moving datasets to lazyload DB
** byte-compile and prepare package for lazy loading
** help
*** installing help indices
** building package indices
** testing if installed package can be loaded from temporary location
** testing if installed package can be loaded from final location
** testing if installed package keeps a record of temporary installation path
* DONE (SomatiCAData)

Tests output


Example timings

SomatiCAData.Rcheck/SomatiCAData-Ex.timings

nameusersystemelapsed
SomatiCAData-package0.0080.0000.008