Back to Build/check report for BioC 3.14 experimental data
ABCDEFGHIJKLMNO[P]QRSTUVWXYZ

This page was generated on 2021-10-19 15:52:18 -0400 (Tue, 19 Oct 2021).

CHECK results for PepsNMRData on nebbiolo2

To the developers/maintainers of the PepsNMRData package:
Make sure to use the following settings in order to reproduce any error or warning you see on this page.

raw results

Package 272/404HostnameOS / ArchINSTALLBUILDCHECK
PepsNMRData 1.11.0  (landing page)
Manon Martin
Snapshot Date: 2021-10-19 09:30:02 -0400 (Tue, 19 Oct 2021)
git_url: https://git.bioconductor.org/packages/PepsNMRData
git_branch: master
git_last_commit: 919e6c4
git_last_commit_date: 2021-05-19 12:07:01 -0400 (Wed, 19 May 2021)
nebbiolo2Linux (Ubuntu 20.04.2 LTS) / x86_64  OK    OK    WARNINGS  UNNEEDED, same version is already published

Summary

Package: PepsNMRData
Version: 1.11.0
Command: /home/biocbuild/bbs-3.14-bioc/R/bin/R CMD check --install=check:PepsNMRData.install-out.txt --library=/home/biocbuild/bbs-3.14-bioc/R/library --no-vignettes --timings PepsNMRData_1.11.0.tar.gz
StartedAt: 2021-10-19 12:30:07 -0400 (Tue, 19 Oct 2021)
EndedAt: 2021-10-19 12:30:23 -0400 (Tue, 19 Oct 2021)
EllapsedTime: 16.7 seconds
RetCode: 0
Status:   WARNINGS  
CheckDir: PepsNMRData.Rcheck
Warnings: 1

Command output

##############################################################################
##############################################################################
###
### Running command:
###
###   /home/biocbuild/bbs-3.14-bioc/R/bin/R CMD check --install=check:PepsNMRData.install-out.txt --library=/home/biocbuild/bbs-3.14-bioc/R/library --no-vignettes --timings PepsNMRData_1.11.0.tar.gz
###
##############################################################################
##############################################################################


* using log directory ‘/home/biocbuild/bbs-3.14-data-experiment/meat/PepsNMRData.Rcheck’
* using R version 4.1.1 (2021-08-10)
* using platform: x86_64-pc-linux-gnu (64-bit)
* using session charset: UTF-8
* using option ‘--no-vignettes’
* checking for file ‘PepsNMRData/DESCRIPTION’ ... OK
* checking extension type ... Package
* this is package ‘PepsNMRData’ version ‘1.11.0’
* package encoding: UTF-8
* checking package namespace information ... OK
* checking package dependencies ... OK
* checking if this is a source package ... OK
* checking if there is a namespace ... OK
* checking for hidden files and directories ... OK
* checking for portable file names ... OK
* checking for sufficient/correct file permissions ... OK
* checking whether package ‘PepsNMRData’ can be installed ... OK
* checking installed package size ... NOTE
  installed size is 57.2Mb
  sub-directories of 1Mb or more:
    data     47.8Mb
    extdata   9.3Mb
* checking package directory ... OK
* checking DESCRIPTION meta-information ... OK
* checking top-level files ... OK
* checking for left-over files ... OK
* checking index information ... OK
* checking package subdirectories ... OK
* checking whether the package can be loaded ... OK
* checking whether the package can be loaded with stated dependencies ... OK
* checking whether the package can be unloaded cleanly ... OK
* checking whether the namespace can be loaded with stated dependencies ... OK
* checking whether the namespace can be unloaded cleanly ... OK
* checking Rd files ... OK
* checking Rd metadata ... OK
* checking Rd cross-references ... OK
* checking for missing documentation entries ... OK
* checking for code/documentation mismatches ... OK
* checking Rd \usage sections ... OK
* checking Rd contents ... OK
* checking for unstated dependencies in examples ... OK
* checking contents of ‘data’ directory ... OK
* checking data for non-ASCII characters ... OK
* checking LazyData ... WARNING
  LazyData DB of 47.8 MB without LazyDataCompression set
  See §1.1.6 of 'Writing R Extensions'
* checking data for ASCII and uncompressed saves ... OK
* checking examples ... OK
* checking PDF version of manual ... OK
* DONE

Status: 1 WARNING, 1 NOTE
See
  ‘/home/biocbuild/bbs-3.14-data-experiment/meat/PepsNMRData.Rcheck/00check.log’
for details.



Installation output

PepsNMRData.Rcheck/00install.out

##############################################################################
##############################################################################
###
### Running command:
###
###   /home/biocbuild/bbs-3.14-bioc/R/bin/R CMD INSTALL PepsNMRData
###
##############################################################################
##############################################################################


* installing to library ‘/home/biocbuild/bbs-3.14-bioc/R/library’
* installing *source* package ‘PepsNMRData’ ...
** using staged installation
** data
*** moving datasets to lazyload DB
** inst
** help
*** installing help indices
** building package indices
** testing if installed package can be loaded from temporary location
** testing if installed package can be loaded from final location
** testing if installed package keeps a record of temporary installation path
* DONE (PepsNMRData)

Tests output


Example timings

PepsNMRData.Rcheck/PepsNMRData-Ex.timings

nameusersystemelapsed
Data_HS_sp0.2890.0600.370
Data_HU_sp0.3320.0640.452
FidData_HS0.1750.0080.188
FidData_HU0.1240.0040.132
FidInfo_HS0.0010.0000.000
FidInfo_HS_sp0.0010.0000.000
FidInfo_HU0.0000.0000.001
FidInfo_HU_sp0.0000.0000.001
FinalSpecta_HS0.0350.0000.036
FinalSpecta_HU0.0030.0000.004
Group_HS0.0000.0000.001
Group_HU0.0000.0000.001
PEPSNMRData-package0.0030.0000.002
RawFidData_HS0.0020.0000.001