Back to Build/check report for BioC 3.14 experimental data
ABCDEFGHIJKL[M]NOPQRSTUVWXYZ

This page was generated on 2021-10-16 15:51:46 -0400 (Sat, 16 Oct 2021).

CHECK results for MEDIPSData on nebbiolo2

To the developers/maintainers of the MEDIPSData package:
Make sure to use the following settings in order to reproduce any error or warning you see on this page.

raw results

Package 216/404HostnameOS / ArchINSTALLBUILDCHECK
MEDIPSData 1.29.0  (landing page)
Lukas Chavez
Snapshot Date: 2021-10-16 09:30:02 -0400 (Sat, 16 Oct 2021)
git_url: https://git.bioconductor.org/packages/MEDIPSData
git_branch: master
git_last_commit: a4e9e87
git_last_commit_date: 2021-05-19 11:34:51 -0400 (Wed, 19 May 2021)
nebbiolo2Linux (Ubuntu 20.04.2 LTS) / x86_64  OK    OK    WARNINGS  UNNEEDED, same version is already published

Summary

Package: MEDIPSData
Version: 1.29.0
Command: /home/biocbuild/bbs-3.14-bioc/R/bin/R CMD check --install=check:MEDIPSData.install-out.txt --library=/home/biocbuild/bbs-3.14-bioc/R/library --no-vignettes --timings MEDIPSData_1.29.0.tar.gz
StartedAt: 2021-10-16 12:22:09 -0400 (Sat, 16 Oct 2021)
EndedAt: 2021-10-16 12:22:37 -0400 (Sat, 16 Oct 2021)
EllapsedTime: 28.1 seconds
RetCode: 0
Status:   WARNINGS  
CheckDir: MEDIPSData.Rcheck
Warnings: 1

Command output

##############################################################################
##############################################################################
###
### Running command:
###
###   /home/biocbuild/bbs-3.14-bioc/R/bin/R CMD check --install=check:MEDIPSData.install-out.txt --library=/home/biocbuild/bbs-3.14-bioc/R/library --no-vignettes --timings MEDIPSData_1.29.0.tar.gz
###
##############################################################################
##############################################################################


* using log directory ‘/home/biocbuild/bbs-3.14-data-experiment/meat/MEDIPSData.Rcheck’
* using R version 4.1.1 (2021-08-10)
* using platform: x86_64-pc-linux-gnu (64-bit)
* using session charset: UTF-8
* using option ‘--no-vignettes’
* checking for file ‘MEDIPSData/DESCRIPTION’ ... OK
* checking extension type ... Package
* this is package ‘MEDIPSData’ version ‘1.29.0’
* checking package namespace information ... OK
* checking package dependencies ... OK
* checking if this is a source package ... OK
* checking if there is a namespace ... OK
* checking for hidden files and directories ... OK
* checking for portable file names ... OK
* checking for sufficient/correct file permissions ... OK
* checking whether package ‘MEDIPSData’ can be installed ... OK
* checking installed package size ... NOTE
  installed size is 173.9Mb
  sub-directories of 1Mb or more:
    data      30.1Mb
    extdata  143.7Mb
* checking package directory ... OK
* checking DESCRIPTION meta-information ... OK
* checking top-level files ... OK
* checking for left-over files ... OK
* checking index information ... OK
* checking package subdirectories ... OK
* checking whether the package can be loaded ... OK
* checking whether the package can be loaded with stated dependencies ... OK
* checking whether the package can be unloaded cleanly ... OK
* checking whether the namespace can be loaded with stated dependencies ... OK
* checking whether the namespace can be unloaded cleanly ... OK
* checking Rd files ... OK
* checking Rd metadata ... OK
* checking Rd cross-references ... OK
* checking for missing documentation entries ... OK
* checking for code/documentation mismatches ... OK
* checking Rd \usage sections ... OK
* checking Rd contents ... OK
* checking for unstated dependencies in examples ... OK
* checking contents of ‘data’ directory ... WARNING
File ‘data/datalist’ contains malformed line(s):
  ‘’
* checking data for non-ASCII characters ... OK
* checking data for ASCII and uncompressed saves ... OK
* checking examples ... OK
* checking PDF version of manual ... OK
* DONE

Status: 1 WARNING, 1 NOTE
See
  ‘/home/biocbuild/bbs-3.14-data-experiment/meat/MEDIPSData.Rcheck/00check.log’
for details.



Installation output

MEDIPSData.Rcheck/00install.out

##############################################################################
##############################################################################
###
### Running command:
###
###   /home/biocbuild/bbs-3.14-bioc/R/bin/R CMD INSTALL MEDIPSData
###
##############################################################################
##############################################################################


* installing to library ‘/home/biocbuild/bbs-3.14-bioc/R/library’
* installing *source* package ‘MEDIPSData’ ...
** using staged installation
** data
** inst
** help
*** installing help indices
** building package indices
** testing if installed package can be loaded from temporary location
** testing if installed package can be loaded from final location
** testing if installed package keeps a record of temporary installation path
* DONE (MEDIPSData)

Tests output


Example timings

MEDIPSData.Rcheck/MEDIPSData-Ex.timings

nameusersystemelapsed
CS0.0000.0000.001
DE_Input000
DE_MeDIP000
NSCLC_dataset000
annotation000
hESCs_Input000
hESCs_MeDIP000
mart_gene000
resultTable000
samplesNSCLC000
tcga_luad_lusc_450kmeth000