Back to Build/check report for BioC 3.14 experimental data
ABCDEFGHI[J]KLMNOPQRSTUVWXYZ

This page was generated on 2021-10-16 15:51:46 -0400 (Sat, 16 Oct 2021).

CHECK results for JASPAR2014 on nebbiolo2

To the developers/maintainers of the JASPAR2014 package:
Make sure to use the following settings in order to reproduce any error or warning you see on this page.

raw results

Package 190/404HostnameOS / ArchINSTALLBUILDCHECK
JASPAR2014 1.29.0  (landing page)
Ge Tan
Snapshot Date: 2021-10-16 09:30:02 -0400 (Sat, 16 Oct 2021)
git_url: https://git.bioconductor.org/packages/JASPAR2014
git_branch: master
git_last_commit: 2c2878a
git_last_commit_date: 2021-05-19 11:44:10 -0400 (Wed, 19 May 2021)
nebbiolo2Linux (Ubuntu 20.04.2 LTS) / x86_64  OK    OK    WARNINGS  UNNEEDED, same version is already published

Summary

Package: JASPAR2014
Version: 1.29.0
Command: /home/biocbuild/bbs-3.14-bioc/R/bin/R CMD check --install=check:JASPAR2014.install-out.txt --library=/home/biocbuild/bbs-3.14-bioc/R/library --no-vignettes --timings JASPAR2014_1.29.0.tar.gz
StartedAt: 2021-10-16 12:20:05 -0400 (Sat, 16 Oct 2021)
EndedAt: 2021-10-16 12:21:18 -0400 (Sat, 16 Oct 2021)
EllapsedTime: 72.9 seconds
RetCode: 0
Status:   WARNINGS  
CheckDir: JASPAR2014.Rcheck
Warnings: 1

Command output

##############################################################################
##############################################################################
###
### Running command:
###
###   /home/biocbuild/bbs-3.14-bioc/R/bin/R CMD check --install=check:JASPAR2014.install-out.txt --library=/home/biocbuild/bbs-3.14-bioc/R/library --no-vignettes --timings JASPAR2014_1.29.0.tar.gz
###
##############################################################################
##############################################################################


* using log directory ‘/home/biocbuild/bbs-3.14-data-experiment/meat/JASPAR2014.Rcheck’
* using R version 4.1.1 (2021-08-10)
* using platform: x86_64-pc-linux-gnu (64-bit)
* using session charset: UTF-8
* using option ‘--no-vignettes’
* checking for file ‘JASPAR2014/DESCRIPTION’ ... OK
* checking extension type ... Package
* this is package ‘JASPAR2014’ version ‘1.29.0’
* checking package namespace information ... OK
* checking package dependencies ... OK
* checking if this is a source package ... OK
* checking if there is a namespace ... OK
* checking for hidden files and directories ... OK
* checking for portable file names ... OK
* checking for sufficient/correct file permissions ... OK
* checking whether package ‘JASPAR2014’ can be installed ... OK
* checking installed package size ... NOTE
  installed size is 70.0Mb
  sub-directories of 1Mb or more:
    data     49.5Mb
    extdata  20.3Mb
* checking package directory ... OK
* checking DESCRIPTION meta-information ... OK
* checking top-level files ... OK
* checking for left-over files ... OK
* checking index information ... OK
* checking package subdirectories ... OK
* checking R files for non-ASCII characters ... OK
* checking R files for syntax errors ... OK
* checking whether the package can be loaded ... OK
* checking whether the package can be loaded with stated dependencies ... OK
* checking whether the package can be unloaded cleanly ... OK
* checking whether the namespace can be loaded with stated dependencies ... OK
* checking whether the namespace can be unloaded cleanly ... OK
* checking dependencies in R code ... OK
* checking S3 generic/method consistency ... OK
* checking replacement functions ... OK
* checking foreign function calls ... OK
* checking R code for possible problems ... OK
* checking Rd files ... OK
* checking Rd metadata ... OK
* checking Rd cross-references ... OK
* checking for missing documentation entries ... OK
* checking for code/documentation mismatches ... OK
* checking Rd \usage sections ... OK
* checking Rd contents ... OK
* checking for unstated dependencies in examples ... OK
* checking contents of ‘data’ directory ... OK
* checking data for non-ASCII characters ... OK
* checking LazyData ... WARNING
  LazyData DB of 49.5 MB without LazyDataCompression set
  See §1.1.6 of 'Writing R Extensions'
* checking data for ASCII and uncompressed saves ... OK
* checking examples ... OK
* checking PDF version of manual ... OK
* DONE

Status: 1 WARNING, 1 NOTE
See
  ‘/home/biocbuild/bbs-3.14-data-experiment/meat/JASPAR2014.Rcheck/00check.log’
for details.



Installation output

JASPAR2014.Rcheck/00install.out

##############################################################################
##############################################################################
###
### Running command:
###
###   /home/biocbuild/bbs-3.14-bioc/R/bin/R CMD INSTALL JASPAR2014
###
##############################################################################
##############################################################################


* installing to library ‘/home/biocbuild/bbs-3.14-bioc/R/library’
* installing *source* package ‘JASPAR2014’ ...
** using staged installation
** R
** data
*** moving datasets to lazyload DB
** inst
** byte-compile and prepare package for lazy loading
** help
*** installing help indices
** building package indices
** testing if installed package can be loaded from temporary location
** testing if installed package can be loaded from final location
** testing if installed package keeps a record of temporary installation path
* DONE (JASPAR2014)

Tests output


Example timings

JASPAR2014.Rcheck/JASPAR2014-Ex.timings

nameusersystemelapsed
JASPAR2014-class0.0000.0000.001
JASPAR2014-package000
JASPAR2014SitesSeqs0.0010.0000.000