Back to Multiple platform build/check report for BioC 3.14
ABCDEFGHIJKLMNOPQ[R]STUVWXYZ

This page was generated on 2021-12-06 13:05:10 -0500 (Mon, 06 Dec 2021).

CHECK results for rpx on nebbiolo2

To the developers/maintainers of the rpx package:
- Please allow up to 24 hours (and sometimes 48 hours) for your latest push to git@git.bioconductor.org:packages/rpx.git to
reflect on this report. See How and When does the builder pull? When will my changes propagate? here for more information.
- Make sure to use the following settings in order to reproduce any error or warning you see on this page.

raw results

Package 1652/2083HostnameOS / ArchINSTALLBUILDCHECKBUILD BIN
rpx 2.2.0  (landing page)
Laurent Gatto
Snapshot Date: 2021-12-05 01:55:05 -0500 (Sun, 05 Dec 2021)
git_url: https://git.bioconductor.org/packages/rpx
git_branch: RELEASE_3_14
git_last_commit: e4d83a3
git_last_commit_date: 2021-10-26 12:12:24 -0500 (Tue, 26 Oct 2021)
nebbiolo2Linux (Ubuntu 20.04.3 LTS) / x86_64  OK    OK    ERROR  
tokay2Windows Server 2012 R2 Standard / x64  OK    OK    ERROR    OK  
machv2macOS 10.14.6 Mojave / x86_64  OK    ERROR  skippedskipped

Summary

Package: rpx
Version: 2.2.0
Command: /home/biocbuild/bbs-3.14-bioc/R/bin/R CMD check --install=check:rpx.install-out.txt --library=/home/biocbuild/bbs-3.14-bioc/R/library --no-vignettes --timings rpx_2.2.0.tar.gz
StartedAt: 2021-12-05 09:31:40 -0500 (Sun, 05 Dec 2021)
EndedAt: 2021-12-05 09:34:39 -0500 (Sun, 05 Dec 2021)
EllapsedTime: 178.8 seconds
RetCode: 1
Status:   ERROR  
CheckDir: rpx.Rcheck
Warnings: NA

Command output

##############################################################################
##############################################################################
###
### Running command:
###
###   /home/biocbuild/bbs-3.14-bioc/R/bin/R CMD check --install=check:rpx.install-out.txt --library=/home/biocbuild/bbs-3.14-bioc/R/library --no-vignettes --timings rpx_2.2.0.tar.gz
###
##############################################################################
##############################################################################


* using log directory ‘/home/biocbuild/bbs-3.14-bioc/meat/rpx.Rcheck’
* using R version 4.1.2 (2021-11-01)
* using platform: x86_64-pc-linux-gnu (64-bit)
* using session charset: UTF-8
* using option ‘--no-vignettes’
* checking for file ‘rpx/DESCRIPTION’ ... OK
* checking extension type ... Package
* this is package ‘rpx’ version ‘2.2.0’
* package encoding: UTF-8
* checking package namespace information ... OK
* checking package dependencies ... OK
* checking if this is a source package ... OK
* checking if there is a namespace ... OK
* checking for hidden files and directories ... OK
* checking for portable file names ... OK
* checking for sufficient/correct file permissions ... OK
* checking whether package ‘rpx’ can be installed ... OK
* checking installed package size ... OK
* checking package directory ... OK
* checking ‘build’ directory ... OK
* checking DESCRIPTION meta-information ... OK
* checking top-level files ... OK
* checking for left-over files ... OK
* checking index information ... OK
* checking package subdirectories ... OK
* checking R files for non-ASCII characters ... OK
* checking R files for syntax errors ... OK
* checking whether the package can be loaded ... OK
* checking whether the package can be loaded with stated dependencies ... OK
* checking whether the package can be unloaded cleanly ... OK
* checking whether the namespace can be loaded with stated dependencies ... OK
* checking whether the namespace can be unloaded cleanly ... OK
* checking dependencies in R code ... OK
* checking S3 generic/method consistency ... OK
* checking replacement functions ... OK
* checking foreign function calls ... OK
* checking R code for possible problems ... OK
* checking Rd files ... OK
* checking Rd metadata ... OK
* checking Rd cross-references ... OK
* checking for missing documentation entries ... OK
* checking for code/documentation mismatches ... OK
* checking Rd \usage sections ... OK
* checking Rd contents ... OK
* checking for unstated dependencies in examples ... OK
* checking files in ‘vignettes’ ... OK
* checking examples ... ERROR
Running examples in ‘rpx-Ex.R’ failed
The error most likely occurred in:

> base::assign(".ptime", proc.time(), pos = "CheckExEnv")
> ### Name: cache
> ### Title: Package cache
> ### Aliases: cache rpxCache pxCachedProjects
> 
> ### ** Examples
> 
> 
> ## Default rpx cache
> rpxCache()
class: BiocFileCache
bfccache: /home/biocbuild/.cache/R/rpx
bfccount: 8
For more information see: bfcinfo() or bfcquery()
> 
> ## Set up your own cache by providing a file or a directory to
> ## BiocFileCache::BiocFileCache()
> my_cache <- BiocFileCache::BiocFileCache(tempfile())
> my_cache
class: BiocFileCache
bfccache: /tmp/RtmpsHMuo6/file74971c17e850
bfccount: 0
For more information see: bfcinfo() or bfcquery()
> px <- PXDataset("PXD000001", cache = my_cache)
Querying ProteomeXchange for PXD000001.
Warning in file(file, "rt") :
  URL 'ftp://ftp.pride.ebi.ac.uk/pride/data/archive/2012/03/PXD000001/README.txt': Timeout of 300 seconds was reached
Error in file(file, "rt") : 
  cannot open the connection to 'ftp://ftp.pride.ebi.ac.uk/pride/data/archive/2012/03/PXD000001/README.txt'
Calls: PXDataset -> read.delim -> read.table -> file
Execution halted
* checking for unstated dependencies in ‘tests’ ... OK
* checking tests ...
  Running ‘testthat.R’
 OK
* checking for unstated dependencies in vignettes ... OK
* checking package vignettes in ‘inst/doc’ ... OK
* checking running R code from vignettes ... SKIPPED
* checking re-building of vignette outputs ... SKIPPED
* checking PDF version of manual ... OK
* DONE

Status: 1 ERROR
See
  ‘/home/biocbuild/bbs-3.14-bioc/meat/rpx.Rcheck/00check.log’
for details.


Installation output

rpx.Rcheck/00install.out

##############################################################################
##############################################################################
###
### Running command:
###
###   /home/biocbuild/bbs-3.14-bioc/R/bin/R CMD INSTALL rpx
###
##############################################################################
##############################################################################


* installing to library ‘/home/biocbuild/bbs-3.14-bioc/R/library’
* installing *source* package ‘rpx’ ...
** using staged installation
** R
** byte-compile and prepare package for lazy loading
** help
*** installing help indices
** building package indices
** installing vignettes
** testing if installed package can be loaded from temporary location
** testing if installed package can be loaded from final location
** testing if installed package keeps a record of temporary installation path
* DONE (rpx)

Tests output

rpx.Rcheck/tests/testthat.Rout


R version 4.1.2 (2021-11-01) -- "Bird Hippie"
Copyright (C) 2021 The R Foundation for Statistical Computing
Platform: x86_64-pc-linux-gnu (64-bit)

R is free software and comes with ABSOLUTELY NO WARRANTY.
You are welcome to redistribute it under certain conditions.
Type 'license()' or 'licence()' for distribution details.

R is a collaborative project with many contributors.
Type 'contributors()' for more information and
'citation()' on how to cite R or R packages in publications.

Type 'demo()' for some demos, 'help()' for on-line help, or
'help.start()' for an HTML browser interface to help.
Type 'q()' to quit R.

> # setting R_TESTS to empty string because of 
> # https://github.com/hadley/testthat/issues/144
> # revert this when that issue in R is fixed.
> Sys.setenv("R_TESTS" = "")
> library(testthat)
> library(rpx)
> 
> test_check("rpx")
Project PXD000001 with 10 files
  [1] 'erwinia_carotovora.fasta' ... [10] 'PRIDE_Exp_Complete_Ac_22134.pride.mgf.gz'
 Use 'pxfiles(.)' to see all files.
══ Skipped tests ═══════════════════════════════════════════════════════════════
• empty test (1)

[ FAIL 0 | WARN 0 | SKIP 1 | PASS 14 ]
> 
> proc.time()
   user  system elapsed 
  5.780   0.220   8.297 

Example timings

rpx.Rcheck/rpx-Ex.timings

nameusersystemelapsed
PXDataset13.6670.2363.906
PXDataset21.5650.0881.654