Back to Multiple platform build/check report for BioC 3.14
ABCDEFGHIJKLMNO[P]QRSTUVWXYZ

This page was generated on 2021-11-26 15:05:00 -0500 (Fri, 26 Nov 2021).

CHECK results for proFIA on nebbiolo2

To the developers/maintainers of the proFIA package:
- Please allow up to 24 hours (and sometimes 48 hours) for your latest push to git@git.bioconductor.org:packages/proFIA.git to
reflect on this report. See How and When does the builder pull? When will my changes propagate? here for more information.
- Make sure to use the following settings in order to reproduce any error or warning you see on this page.

raw results

Package 1463/2083HostnameOS / ArchINSTALLBUILDCHECKBUILD BIN
proFIA 1.20.0  (landing page)
Alexis Delabriere
Snapshot Date: 2021-11-25 04:15:05 -0500 (Thu, 25 Nov 2021)
git_url: https://git.bioconductor.org/packages/proFIA
git_branch: RELEASE_3_14
git_last_commit: b9efdcd
git_last_commit_date: 2021-10-26 12:31:18 -0500 (Tue, 26 Oct 2021)
nebbiolo2Linux (Ubuntu 20.04.3 LTS) / x86_64  OK    OK    WARNINGS  UNNEEDED, same version is already published
tokay2Windows Server 2012 R2 Standard / x64  OK    OK    WARNINGS    OK  UNNEEDED, same version is already published
machv2macOS 10.14.6 Mojave / x86_64  OK    OK    WARNINGS    OK  UNNEEDED, same version is already published

Summary

Package: proFIA
Version: 1.20.0
Command: /home/biocbuild/bbs-3.14-bioc/R/bin/R CMD check --install=check:proFIA.install-out.txt --library=/home/biocbuild/bbs-3.14-bioc/R/library --no-vignettes --timings proFIA_1.20.0.tar.gz
StartedAt: 2021-11-25 10:42:45 -0500 (Thu, 25 Nov 2021)
EndedAt: 2021-11-25 10:48:29 -0500 (Thu, 25 Nov 2021)
EllapsedTime: 344.9 seconds
RetCode: 0
Status:   WARNINGS  
CheckDir: proFIA.Rcheck
Warnings: 1

Command output

##############################################################################
##############################################################################
###
### Running command:
###
###   /home/biocbuild/bbs-3.14-bioc/R/bin/R CMD check --install=check:proFIA.install-out.txt --library=/home/biocbuild/bbs-3.14-bioc/R/library --no-vignettes --timings proFIA_1.20.0.tar.gz
###
##############################################################################
##############################################################################


* using log directory ‘/home/biocbuild/bbs-3.14-bioc/meat/proFIA.Rcheck’
* using R version 4.1.2 (2021-11-01)
* using platform: x86_64-pc-linux-gnu (64-bit)
* using session charset: UTF-8
* using option ‘--no-vignettes’
* checking for file ‘proFIA/DESCRIPTION’ ... OK
* checking extension type ... Package
* this is package ‘proFIA’ version ‘1.20.0’
* checking package namespace information ... OK
* checking package dependencies ... OK
* checking if this is a source package ... OK
* checking if there is a namespace ... OK
* checking for hidden files and directories ... OK
* checking for portable file names ... OK
* checking for sufficient/correct file permissions ... OK
* checking whether package ‘proFIA’ can be installed ... OK
* checking installed package size ... OK
* checking package directory ... OK
* checking ‘build’ directory ... OK
* checking DESCRIPTION meta-information ... OK
* checking top-level files ... OK
* checking for left-over files ... OK
* checking index information ... OK
* checking package subdirectories ... OK
* checking R files for non-ASCII characters ... OK
* checking R files for syntax errors ... OK
* checking whether the package can be loaded ... OK
* checking whether the package can be loaded with stated dependencies ... OK
* checking whether the package can be unloaded cleanly ... OK
* checking whether the namespace can be loaded with stated dependencies ... OK
* checking whether the namespace can be unloaded cleanly ... OK
* checking dependencies in R code ... OK
* checking S3 generic/method consistency ... OK
* checking replacement functions ... OK
* checking foreign function calls ... OK
* checking R code for possible problems ... OK
* checking Rd files ... OK
* checking Rd metadata ... OK
* checking Rd cross-references ... OK
* checking for missing documentation entries ... OK
* checking for code/documentation mismatches ... OK
* checking Rd \usage sections ... WARNING
Undocumented arguments in documentation object 'proFIAset'
  ‘f’

Functions with \usage entries need to have the appropriate \alias
entries, and all their arguments documented.
The \usage entries must correspond to syntactically valid R code.
See chapter ‘Writing R documentation files’ in the ‘Writing R
Extensions’ manual.
* checking Rd contents ... OK
* checking for unstated dependencies in examples ... OK
* checking line endings in C/C++/Fortran sources/headers ... OK
* checking compiled code ... NOTE
Note: information on .o files is not available
* checking files in ‘vignettes’ ... OK
* checking examples ... OK
Examples with CPU (user + system) or elapsed time > 5s
                                       user system elapsed
proFIAset                            70.579  0.268  70.844
impute.FIA-proFIAset-method          11.343  0.000  11.343
findFIASignal                        11.029  0.107  11.137
impute.randomForest-proFIAset-method 10.898  0.031  10.931
estimateNoiseMS                       4.975  0.088   5.064
plotFlowgrams-proFIAset-method        4.999  0.043   5.054
* checking for unstated dependencies in ‘tests’ ... OK
* checking tests ...
  Running ‘runTests.R’
 OK
* checking for unstated dependencies in vignettes ... OK
* checking package vignettes in ‘inst/doc’ ... OK
* checking running R code from vignettes ... SKIPPED
* checking re-building of vignette outputs ... SKIPPED
* checking PDF version of manual ... OK
* DONE

Status: 1 WARNING, 1 NOTE
See
  ‘/home/biocbuild/bbs-3.14-bioc/meat/proFIA.Rcheck/00check.log’
for details.



Installation output

proFIA.Rcheck/00install.out

##############################################################################
##############################################################################
###
### Running command:
###
###   /home/biocbuild/bbs-3.14-bioc/R/bin/R CMD INSTALL proFIA
###
##############################################################################
##############################################################################


* installing to library ‘/home/biocbuild/bbs-3.14-bioc/R/library’
* installing *source* package ‘proFIA’ ...
** using staged installation
** libs
gcc -I"/home/biocbuild/bbs-3.14-bioc/R/include" -DNDEBUG   -I/usr/local/include   -fpic  -g -O2  -Wall -c FIABandsExtractionCentroid.c -o FIABandsExtractionCentroid.o
gcc -I"/home/biocbuild/bbs-3.14-bioc/R/include" -DNDEBUG   -I/usr/local/include   -fpic  -g -O2  -Wall -c UtilFunc.c -o UtilFunc.o
gcc -I"/home/biocbuild/bbs-3.14-bioc/R/include" -DNDEBUG   -I/usr/local/include   -fpic  -g -O2  -Wall -c fastMatchPpm.c -o fastMatchPpm.o
gcc -shared -L/home/biocbuild/bbs-3.14-bioc/R/lib -L/usr/local/lib -o proFIA.so FIABandsExtractionCentroid.o UtilFunc.o fastMatchPpm.o -L/home/biocbuild/bbs-3.14-bioc/R/lib -lR
installing to /home/biocbuild/bbs-3.14-bioc/R/library/00LOCK-proFIA/00new/proFIA/libs
** R
** inst
** byte-compile and prepare package for lazy loading
** help
*** installing help indices
** building package indices
** installing vignettes
** testing if installed package can be loaded from temporary location
** checking absolute paths in shared objects and dynamic libraries
** testing if installed package can be loaded from final location
** testing if installed package keeps a record of temporary installation path
* DONE (proFIA)

Tests output

proFIA.Rcheck/tests/runTests.Rout


R version 4.1.2 (2021-11-01) -- "Bird Hippie"
Copyright (C) 2021 The R Foundation for Statistical Computing
Platform: x86_64-pc-linux-gnu (64-bit)

R is free software and comes with ABSOLUTELY NO WARRANTY.
You are welcome to redistribute it under certain conditions.
Type 'license()' or 'licence()' for distribution details.

R is a collaborative project with many contributors.
Type 'contributors()' for more information and
'citation()' on how to cite R or R packages in publications.

Type 'demo()' for some demos, 'help()' for on-line help, or
'help.start()' for an HTML browser interface to help.
Type 'q()' to quit R.

> BiocGenerics:::testPackage("proFIA")

Attaching package: 'BiocGenerics'

The following objects are masked from 'package:stats':

    IQR, mad, sd, var, xtabs

The following objects are masked from 'package:base':

    Filter, Find, Map, Position, Reduce, anyDuplicated, append,
    as.data.frame, basename, cbind, colnames, dirname, do.call,
    duplicated, eval, evalq, get, grep, grepl, intersect, is.unsorted,
    lapply, mapply, match, mget, order, paste, pmax, pmax.int, pmin,
    pmin.int, rank, rbind, rownames, sapply, setdiff, sort, table,
    tapply, union, unique, unsplit, which.max, which.min

Welcome to Bioconductor

    Vignettes contain introductory material; view with
    'browseVignettes()'. To cite Bioconductor, see
    'citation("Biobase")', and for packages 'citation("pkgname")'.


Attaching package: 'S4Vectors'

The following objects are masked from 'package:base':

    I, expand.grid, unname


Attaching package: 'ProtGenerics'

The following object is masked from 'package:stats':

    smooth


This is MSnbase version 2.20.3 
  Visit https://lgatto.github.io/MSnbase/ to get started.


Attaching package: 'MSnbase'

The following object is masked from 'package:base':

    trimws


This is xcms version 3.16.1 


Attaching package: 'xcms'

The following object is masked from 'package:stats':

    sigma

Loading required package: plasFIA
A mass interval of 0.0153m/z will be used for the density estimation.
0 :0 10 :29 20 :54 30 :78 30 :105 40 :141 50 :174 60 :196 70 :208 80 :215 90 :219 
 219  groups have been done .


RUNIT TEST PROTOCOL -- Thu Nov 25 10:48:27 2021 
*********************************************** 
Number of test functions: 5 
Number of errors: 0 
Number of failures: 0 

 
1 Test Suite : 
proFIA RUnit Tests - 5 test functions, 0 errors, 0 failures
Number of test functions: 5 
Number of errors: 0 
Number of failures: 0 
> 
> proc.time()
   user  system elapsed 
 13.062   0.883  13.932 

Example timings

proFIA.Rcheck/proFIA-Ex.timings

nameusersystemelapsed
acquisitionDirectory0.0660.0000.067
analyzeAcquisitionFIA0.0140.0000.014
determiningInjectionZone0.9770.0241.003
determiningSizePeak.Geom0.9210.0200.942
estimateNoiseMS4.9750.0885.064
exportDataMatrix-proFIAset-method0.0230.0040.026
exportExpressionSet-proFIAset-method0.0750.0000.075
exportPeakTable-proFIAset-method0.0250.0000.025
exportSampleMetadata-proFIAset-method0.020.000.02
exportVariableMetadata-proFIAset-method0.0220.0000.022
findBandsFIA1.8310.0001.831
findFIASignal11.029 0.10711.137
findMzGroup-proFIAset-method0.0380.0000.038
getInjectionPeak3.5160.0203.537
group.FIA-proFIAset-method1.8520.0071.860
impute.FIA-proFIAset-method11.343 0.00011.343
impute.KNN_TN-proFIAset-method0.3150.0000.315
impute.randomForest-proFIAset-method10.898 0.03110.931
makeDataMatrix-proFIAset-method0.0190.0030.023
peaksGroup-proFIAset-method0.0350.0000.034
plot0.7120.0080.721
plotFlowgrams-proFIAset-method4.9990.0435.054
plotNoise0.1840.0000.183
plotRaw-proFIAset-method1.7030.0081.711
plotSamplePeaks-proFIAset-method0.0150.0040.020
proFIAset70.579 0.26870.844