Back to Multiple platform build/check report for BioC 3.14
ABCDEFGHIJKL[M]NOPQRSTUVWXYZ

This page was generated on 2022-01-19 13:06:58 -0500 (Wed, 19 Jan 2022).

HostnameOSArch (*)R versionInstalled pkgs
nebbiolo2Linux (Ubuntu 20.04.4 LTS)x86_644.1.2 (2021-11-01) -- "Bird Hippie" 4328
tokay2Windows Server 2012 R2 Standardx644.1.2 (2021-11-01) -- "Bird Hippie" 4077
machv2macOS 10.14.6 Mojavex86_644.1.2 (2021-11-01) -- "Bird Hippie" 4138
Click on any hostname to see more info about the system (e.g. compilers)      (*) as reported by 'uname -p', except on Windows and Mac OS X

CHECK results for motifbreakR on tokay2


To the developers/maintainers of the motifbreakR package:
- Please allow up to 24 hours (and sometimes 48 hours) for your latest push to git@git.bioconductor.org:packages/motifbreakR.git to
reflect on this report. See How and When does the builder pull? When will my changes propagate? here for more information.
- Make sure to use the following settings in order to reproduce any error or warning you see on this page.

raw results

Package 1200/2083HostnameOS / ArchINSTALLBUILDCHECKBUILD BIN
motifbreakR 2.8.0  (landing page)
Simon Gert Coetzee
Snapshot Date: 2022-01-18 01:55:07 -0500 (Tue, 18 Jan 2022)
git_url: https://git.bioconductor.org/packages/motifbreakR
git_branch: RELEASE_3_14
git_last_commit: 58931f1
git_last_commit_date: 2021-10-26 12:22:28 -0500 (Tue, 26 Oct 2021)
nebbiolo2Linux (Ubuntu 20.04.4 LTS) / x86_64  OK    OK    WARNINGS  UNNEEDED, same version is already published
tokay2Windows Server 2012 R2 Standard / x64  OK    OK    WARNINGS    OK  UNNEEDED, same version is already published
machv2macOS 10.14.6 Mojave / x86_64  OK    OK    WARNINGS    OK  UNNEEDED, same version is already published

Summary

Package: motifbreakR
Version: 2.8.0
Command: C:\Users\biocbuild\bbs-3.14-bioc\R\bin\R.exe CMD check --force-multiarch --install=check:motifbreakR.install-out.txt --library=C:\Users\biocbuild\bbs-3.14-bioc\R\library --no-vignettes --timings motifbreakR_2.8.0.tar.gz
StartedAt: 2022-01-18 22:56:30 -0500 (Tue, 18 Jan 2022)
EndedAt: 2022-01-18 23:06:41 -0500 (Tue, 18 Jan 2022)
EllapsedTime: 611.6 seconds
RetCode: 0
Status:   WARNINGS  
CheckDir: motifbreakR.Rcheck
Warnings: 3

Command output

##############################################################################
##############################################################################
###
### Running command:
###
###   C:\Users\biocbuild\bbs-3.14-bioc\R\bin\R.exe CMD check --force-multiarch --install=check:motifbreakR.install-out.txt --library=C:\Users\biocbuild\bbs-3.14-bioc\R\library --no-vignettes --timings motifbreakR_2.8.0.tar.gz
###
##############################################################################
##############################################################################


* using log directory 'C:/Users/biocbuild/bbs-3.14-bioc/meat/motifbreakR.Rcheck'
* using R version 4.1.2 (2021-11-01)
* using platform: x86_64-w64-mingw32 (64-bit)
* using session charset: ISO8859-1
* using option '--no-vignettes'
* checking for file 'motifbreakR/DESCRIPTION' ... OK
* this is package 'motifbreakR' version '2.8.0'
* checking package namespace information ... OK
* checking package dependencies ... OK
* checking if this is a source package ... OK
* checking if there is a namespace ... OK
* checking for hidden files and directories ... OK
* checking for portable file names ... OK
* checking whether package 'motifbreakR' can be installed ... WARNING
Found the following significant warnings:
  Warning: replacing previous import 'IRanges::windows' by 'grDevices::windows' when loading 'motifbreakR'
  Warning: replacing previous import 'S4Vectors::as.data.frame' by 'motifStack::as.data.frame' when loading 'motifbreakR'
See 'C:/Users/biocbuild/bbs-3.14-bioc/meat/motifbreakR.Rcheck/00install.out' for details.
* checking installed package size ... OK
* checking package directory ... OK
* checking 'build' directory ... OK
* checking DESCRIPTION meta-information ... OK
* checking top-level files ... OK
* checking for left-over files ... OK
* checking index information ... OK
* checking package subdirectories ... OK
* checking R files for non-ASCII characters ... OK
* checking R files for syntax errors ... OK
* loading checks for arch 'i386'
** checking whether the package can be loaded ... OK
** checking whether the package can be loaded with stated dependencies ... OK
** checking whether the package can be unloaded cleanly ... OK
** checking whether the namespace can be loaded with stated dependencies ... OK
** checking whether the namespace can be unloaded cleanly ... OK
* loading checks for arch 'x64'
** checking whether the package can be loaded ... OK
** checking whether the package can be loaded with stated dependencies ... OK
** checking whether the package can be unloaded cleanly ... OK
** checking whether the namespace can be loaded with stated dependencies ... OK
** checking whether the namespace can be unloaded cleanly ... OK
* checking dependencies in R code ... NOTE
Namespaces in Imports field not imported from:
  'compiler' 'grImport'
  All declared Imports should be used.
Package in Depends field not imported from: 'MotifDb'
  These packages need to be imported from (in the NAMESPACE file)
  for when this namespace is loaded but not attached.
* checking S3 generic/method consistency ... OK
* checking replacement functions ... OK
* checking foreign function calls ... OK
* checking R code for possible problems ... NOTE
formatVcfOut: no visible binding for global variable 'search.genome'
plotMotifLogoStack.2: no visible global function definition for 'par'
preparePWM: no visible binding for global variable 'threshold'
snps.from.file: no visible binding for global variable 'DNA_ALPHABET'
wScore: no visible global function definition for 'scoreMotif'
Undefined global functions or variables:
  DNA_ALPHABET par scoreMotif search.genome threshold
Consider adding
  importFrom("graphics", "par")
to your NAMESPACE file.
* checking Rd files ... OK
* checking Rd metadata ... OK
* checking Rd cross-references ... OK
* checking for missing documentation entries ... WARNING
Undocumented code objects:
  'rs1006140' 'variants.from.file'
Undocumented data sets:
  'rs1006140'
All user-level objects in a package should have documentation entries.
See chapter 'Writing R documentation files' in the 'Writing R
Extensions' manual.
* checking for code/documentation mismatches ... OK
* checking Rd \usage sections ... WARNING
Undocumented arguments in documentation object 'motifbreakR'
  'legacy.score'

Undocumented arguments in documentation object 'scoreAllWindows'
  'snp.seq' 'snp.seq.rc' 'pwm' 'from' 'to' 'pwm.range' 'calcp'

Undocumented arguments in documentation object 'snps.from.file'
  'indels'

Functions with \usage entries need to have the appropriate \alias
entries, and all their arguments documented.
The \usage entries must correspond to syntactically valid R code.
See chapter 'Writing R documentation files' in the 'Writing R
Extensions' manual.
* checking Rd contents ... OK
* checking for unstated dependencies in examples ... OK
* checking contents of 'data' directory ... OK
* checking data for non-ASCII characters ... OK
* checking LazyData ... OK
* checking data for ASCII and uncompressed saves ... OK
* checking files in 'vignettes' ... OK
* checking examples ...
** running examples for arch 'i386' ... OK
Examples with CPU (user + system) or elapsed time > 5s
                user system elapsed
snps.from.rsid 56.71   0.90   57.84
motifbreakR    15.39   1.44   16.84
** running examples for arch 'x64' ... OK
Examples with CPU (user + system) or elapsed time > 5s
                user system elapsed
snps.from.rsid 39.21   1.18   40.44
motifbreakR    13.28   0.37   13.66
* checking for unstated dependencies in vignettes ... OK
* checking package vignettes in 'inst/doc' ... OK
* checking running R code from vignettes ... SKIPPED
* checking re-building of vignette outputs ... SKIPPED
* checking PDF version of manual ... OK
* DONE

Status: 3 WARNINGs, 2 NOTEs
See
  'C:/Users/biocbuild/bbs-3.14-bioc/meat/motifbreakR.Rcheck/00check.log'
for details.



Installation output

motifbreakR.Rcheck/00install.out

##############################################################################
##############################################################################
###
### Running command:
###
###   C:\cygwin\bin\curl.exe -O http://155.52.207.166/BBS/3.14/bioc/src/contrib/motifbreakR_2.8.0.tar.gz && rm -rf motifbreakR.buildbin-libdir && mkdir motifbreakR.buildbin-libdir && C:\Users\biocbuild\bbs-3.14-bioc\R\bin\R.exe CMD INSTALL --merge-multiarch --build --library=motifbreakR.buildbin-libdir motifbreakR_2.8.0.tar.gz && C:\Users\biocbuild\bbs-3.14-bioc\R\bin\R.exe CMD INSTALL motifbreakR_2.8.0.zip && rm motifbreakR_2.8.0.tar.gz motifbreakR_2.8.0.zip
###
##############################################################################
##############################################################################


  % Total    % Received % Xferd  Average Speed   Time    Time     Time  Current
                                 Dload  Upload   Total   Spent    Left  Speed

  0     0    0     0    0     0      0      0 --:--:-- --:--:-- --:--:--     0
 56 1790k   56 1009k    0     0  3267k      0 --:--:-- --:--:-- --:--:-- 3268k
100 1790k  100 1790k    0     0  4091k      0 --:--:-- --:--:-- --:--:-- 4087k

install for i386

* installing *source* package 'motifbreakR' ...
** using staged installation
** R
** data
*** moving datasets to lazyload DB
** inst
** byte-compile and prepare package for lazy loading
See system.file("LICENSE", package="MotifDb") for use restrictions.
Warning: replacing previous import 'IRanges::windows' by 'grDevices::windows' when loading 'motifbreakR'
Warning: replacing previous import 'S4Vectors::as.data.frame' by 'motifStack::as.data.frame' when loading 'motifbreakR'
** help
*** installing help indices
  converting help for package 'motifbreakR'
    finding HTML links ... done
    calculatePvalue                         html  
    finding level-2 HTML links ... done

    encodemotif                             html  
    example.results                         html  
    factorbook                              html  
    hocomoco                                html  
    homer                                   html  
    motifbreakR                             html  
    motifbreakR_motif                       html  
    plotMB                                  html  
    scoreAllWindows                         html  
    snps.from.file                          html  
    snps.from.rsid                          html  
** building package indices
** installing vignettes
** testing if installed package can be loaded from temporary location
See system.file("LICENSE", package="MotifDb") for use restrictions.
Warning: replacing previous import 'IRanges::windows' by 'grDevices::windows' when loading 'motifbreakR'
Warning: replacing previous import 'S4Vectors::as.data.frame' by 'motifStack::as.data.frame' when loading 'motifbreakR'
** testing if installed package can be loaded from final location
See system.file("LICENSE", package="MotifDb") for use restrictions.
Warning: replacing previous import 'IRanges::windows' by 'grDevices::windows' when loading 'motifbreakR'
Warning: replacing previous import 'S4Vectors::as.data.frame' by 'motifStack::as.data.frame' when loading 'motifbreakR'
** testing if installed package keeps a record of temporary installation path

install for x64

* installing *source* package 'motifbreakR' ...
** testing if installed package can be loaded
See system.file("LICENSE", package="MotifDb") for use restrictions.
Warning: replacing previous import 'IRanges::windows' by 'grDevices::windows' when loading 'motifbreakR'
Warning: replacing previous import 'S4Vectors::as.data.frame' by 'motifStack::as.data.frame' when loading 'motifbreakR'
* MD5 sums
packaged installation of 'motifbreakR' as motifbreakR_2.8.0.zip
* DONE (motifbreakR)
* installing to library 'C:/Users/biocbuild/bbs-3.14-bioc/R/library'
package 'motifbreakR' successfully unpacked and MD5 sums checked

Tests output


Example timings

motifbreakR.Rcheck/examples_i386/motifbreakR-Ex.timings

nameusersystemelapsed
calculatePvalue1.530.001.53
encodemotif0.030.020.05
example.results0.100.010.11
factorbook0.010.000.01
hocomoco0.020.000.02
homer0.020.020.03
motifbreakR15.39 1.4416.84
motifbreakR_motif0.030.010.05
plotMB0.060.000.06
snps.from.file1.910.164.14
snps.from.rsid56.71 0.9057.84

motifbreakR.Rcheck/examples_x64/motifbreakR-Ex.timings

nameusersystemelapsed
calculatePvalue1.340.001.34
encodemotif0.030.000.03
example.results0.070.000.08
factorbook0.020.000.01
hocomoco0.020.000.02
homer0.010.000.01
motifbreakR13.28 0.3713.66
motifbreakR_motif0.030.000.03
plotMB0.110.020.13
snps.from.file1.420.011.43
snps.from.rsid39.21 1.1840.44