Back to Multiple platform build/check report for BioC 3.14
ABCDEFGHIJK[L]MNOPQRSTUVWXYZ

This page was generated on 2022-01-19 13:06:50 -0500 (Wed, 19 Jan 2022).

HostnameOSArch (*)R versionInstalled pkgs
nebbiolo2Linux (Ubuntu 20.04.4 LTS)x86_644.1.2 (2021-11-01) -- "Bird Hippie" 4328
tokay2Windows Server 2012 R2 Standardx644.1.2 (2021-11-01) -- "Bird Hippie" 4077
machv2macOS 10.14.6 Mojavex86_644.1.2 (2021-11-01) -- "Bird Hippie" 4138
Click on any hostname to see more info about the system (e.g. compilers)      (*) as reported by 'uname -p', except on Windows and Mac OS X

CHECK results for lumi on tokay2


To the developers/maintainers of the lumi package:
- Please allow up to 24 hours (and sometimes 48 hours) for your latest push to git@git.bioconductor.org:packages/lumi.git to
reflect on this report. See How and When does the builder pull? When will my changes propagate? here for more information.
- Make sure to use the following settings in order to reproduce any error or warning you see on this page.

raw results

Package 1020/2083HostnameOS / ArchINSTALLBUILDCHECKBUILD BIN
lumi 2.46.0  (landing page)
Lei Huang
Snapshot Date: 2022-01-18 01:55:07 -0500 (Tue, 18 Jan 2022)
git_url: https://git.bioconductor.org/packages/lumi
git_branch: RELEASE_3_14
git_last_commit: a68932c
git_last_commit_date: 2021-10-26 11:50:43 -0500 (Tue, 26 Oct 2021)
nebbiolo2Linux (Ubuntu 20.04.4 LTS) / x86_64  OK    OK    WARNINGS  UNNEEDED, same version is already published
tokay2Windows Server 2012 R2 Standard / x64  OK    OK    WARNINGS    OK  UNNEEDED, same version is already published
machv2macOS 10.14.6 Mojave / x86_64  OK    OK    WARNINGS    OK  UNNEEDED, same version is already published

Summary

Package: lumi
Version: 2.46.0
Command: C:\Users\biocbuild\bbs-3.14-bioc\R\bin\R.exe CMD check --force-multiarch --install=check:lumi.install-out.txt --library=C:\Users\biocbuild\bbs-3.14-bioc\R\library --no-vignettes --timings lumi_2.46.0.tar.gz
StartedAt: 2022-01-18 21:52:13 -0500 (Tue, 18 Jan 2022)
EndedAt: 2022-01-18 22:02:42 -0500 (Tue, 18 Jan 2022)
EllapsedTime: 629.6 seconds
RetCode: 0
Status:   WARNINGS  
CheckDir: lumi.Rcheck
Warnings: 3

Command output

##############################################################################
##############################################################################
###
### Running command:
###
###   C:\Users\biocbuild\bbs-3.14-bioc\R\bin\R.exe CMD check --force-multiarch --install=check:lumi.install-out.txt --library=C:\Users\biocbuild\bbs-3.14-bioc\R\library --no-vignettes --timings lumi_2.46.0.tar.gz
###
##############################################################################
##############################################################################


* using log directory 'C:/Users/biocbuild/bbs-3.14-bioc/meat/lumi.Rcheck'
* using R version 4.1.2 (2021-11-01)
* using platform: x86_64-w64-mingw32 (64-bit)
* using session charset: ISO8859-1
* using option '--no-vignettes'
* checking for file 'lumi/DESCRIPTION' ... OK
* checking extension type ... Package
* this is package 'lumi' version '2.46.0'
* checking package namespace information ... OK
* checking package dependencies ... OK
* checking if this is a source package ... OK
* checking if there is a namespace ... OK
* checking for hidden files and directories ... OK
* checking for portable file names ... OK
* checking whether package 'lumi' can be installed ... OK
* checking installed package size ... NOTE
  installed size is  5.6Mb
  sub-directories of 1Mb or more:
    R      1.0Mb
    data   3.6Mb
* checking package directory ... OK
* checking DESCRIPTION meta-information ... OK
* checking top-level files ... OK
* checking for left-over files ... OK
* checking index information ... OK
* checking package subdirectories ... OK
* checking R files for non-ASCII characters ... OK
* checking R files for syntax errors ... OK
* loading checks for arch 'i386'
** checking whether the package can be loaded ... OK
** checking whether the package can be loaded with stated dependencies ... OK
** checking whether the package can be unloaded cleanly ... OK
** checking whether the namespace can be loaded with stated dependencies ... OK
** checking whether the namespace can be unloaded cleanly ... OK
* loading checks for arch 'x64'
** checking whether the package can be loaded ... OK
** checking whether the package can be loaded with stated dependencies ... OK
** checking whether the package can be unloaded cleanly ... OK
** checking whether the namespace can be loaded with stated dependencies ... OK
** checking whether the namespace can be unloaded cleanly ... OK
* checking dependencies in R code ... WARNING
'::' or ':::' imports not declared from:
  'IRanges' 'bigmemoryExtras'
* checking S3 generic/method consistency ... OK
* checking replacement functions ... OK
* checking foreign function calls ... OK
* checking R code for possible problems ... OK
* checking Rd files ... OK
* checking Rd metadata ... OK
* checking Rd cross-references ... WARNING
Unknown package 'bigmemoryExtras' in Rd xrefs
Missing link or links in documentation object 'lumiN.Rd':
  '[vsn]{vsn}'

See section 'Cross-references' in the 'Writing R Extensions' manual.
* checking for missing documentation entries ... OK
* checking for code/documentation mismatches ... OK
* checking Rd \usage sections ... OK
* checking Rd contents ... OK
* checking for unstated dependencies in examples ... OK
* checking contents of 'data' directory ... OK
* checking data for non-ASCII characters ... OK
* checking data for ASCII and uncompressed saves ... OK
* checking files in 'vignettes' ... WARNING
Files in the 'vignettes' directory but no files in 'inst/doc':
  'IlluminaAnnotation.R', 'IlluminaAnnotation.pdf', 'lumi.R',
    'lumi.pdf', 'lumi_VST_evaluation.R', 'lumi_VST_evaluation.pdf',
    'methylationAnalysis.R', 'methylationAnalysis.pdf'
Package has no Sweave vignette sources and no VignetteBuilder field.
* checking examples ...
** running examples for arch 'i386' ... OK
Examples with CPU (user + system) or elapsed time > 5s
                 user system elapsed
lumiMethyStatus 48.84   0.40   49.25
getChipInfo      5.47   0.39   15.60
** running examples for arch 'x64' ... OK
Examples with CPU (user + system) or elapsed time > 5s
                 user system elapsed
lumiMethyStatus 41.35   0.11   41.47
MAplot-methods   5.39   0.02    5.41
* checking PDF version of manual ... OK
* DONE

Status: 3 WARNINGs, 1 NOTE
See
  'C:/Users/biocbuild/bbs-3.14-bioc/meat/lumi.Rcheck/00check.log'
for details.



Installation output

lumi.Rcheck/00install.out

##############################################################################
##############################################################################
###
### Running command:
###
###   C:\cygwin\bin\curl.exe -O http://155.52.207.166/BBS/3.14/bioc/src/contrib/lumi_2.46.0.tar.gz && rm -rf lumi.buildbin-libdir && mkdir lumi.buildbin-libdir && C:\Users\biocbuild\bbs-3.14-bioc\R\bin\R.exe CMD INSTALL --merge-multiarch --build --library=lumi.buildbin-libdir lumi_2.46.0.tar.gz && C:\Users\biocbuild\bbs-3.14-bioc\R\bin\R.exe CMD INSTALL lumi_2.46.0.zip && rm lumi_2.46.0.tar.gz lumi_2.46.0.zip
###
##############################################################################
##############################################################################


  % Total    % Received % Xferd  Average Speed   Time    Time     Time  Current
                                 Dload  Upload   Total   Spent    Left  Speed

  0     0    0     0    0     0      0      0 --:--:-- --:--:-- --:--:--     0
 38 8225k   38 3201k    0     0  3488k      0  0:00:02 --:--:--  0:00:02 3486k
 44 8225k   44 3675k    0     0  1918k      0  0:00:04  0:00:01  0:00:03 1918k
 69 8225k   69 5734k    0     0  1956k      0  0:00:04  0:00:02  0:00:02 1956k
100 8225k  100 8225k    0     0  2336k      0  0:00:03  0:00:03 --:--:-- 2336k

install for i386

* installing *source* package 'lumi' ...
** using staged installation
** R
** data
** inst
** byte-compile and prepare package for lazy loading
No methods found in package 'RSQLite' for request: 'dbListFields' when loading 'lumi'
** help
*** installing help indices
  converting help for package 'lumi'
    finding HTML links ... done
    IlluminaID2nuID                         html  
    LumiBatch-class                         html  
    MAplot-methods                          html  
    addAnnotationInfo                       html  
    addControlData2lumi                     html  
    addControlData2methyLumiM               html  
    addNuID2lumi                            html  
REDIRECT:topic	 Previous alias or file overwritten by alias: C:/Users/biocbuild/bbs-3.14-bioc/meat/lumi.buildbin-libdir/00LOCK-lumi/00new/lumi/help/addNuId2lumi.html
    adjColorBias.quantile                   html  
    adjColorBias.ssn                        html  
    asBigMatrix-methods                     html  
    beta2m                                  html  
    bgAdjust                                html  
    bgAdjustMethylation                     html  
    boxplot-MethyLumiM-methods              html  
    finding level-2 HTML links ... done

    boxplot-methods                         html  
    boxplotColorBias                        html  
    colorBiasSummary                        html  
    density-methods                         html  
    detectOutlier                           html  
    detectionCall                           html  
    estimateBeta                            html  
    estimateIntensity                       html  
    estimateLumiCV                          html  
    estimateM                               html  
    estimateMethylationBG                   html  
    example.lumi                            html  
    example.lumiMethy                       html  
    example.methyTitration                  html  
    gammaFitEM                              html  
    getChipInfo                             html  
    getChrInfo                              html  
    getControlData                          html  
    getControlProbe                         html  
    getControlType                          html  
    getNuIDMappingInfo                      html  
    hist-methods                            html  
    id2seq                                  html  
    importMethyIDAT                         html  
    inverseVST                              html  
    is.nuID                                 html  
    lumi.package                            html  
    lumiB                                   html  
    lumiExpresso                            html  
    lumiMethyB                              html  
    lumiMethyC                              html  
    lumiMethyN                              html  
    lumiMethyR                              html  
    lumiMethyStatus                         html  
    lumiN                                   html  
    lumiQ                                   html  
    lumiR                                   html  
    lumiR.batch                             html  
    lumiT                                   html  
    m2beta                                  html  
    methylationCall                         html  
    monoSmu                                 html  
    monoSpline                              html  
    normalizeMethylation.quantile           html  
    normalizeMethylation.ssn                html  
    nuID2EntrezID                           html  
    nuID2IlluminaID                         html  
    nuID2RefSeqID                           html  
    nuID2probeID                            html  
    nuID2targetID                           html  
    pairs-methods                           html  
    plot-methods                            html  
    plotCDF                                 html  
    plotColorBias1D                         html  
    plotColorBias2D                         html  
    plotControlData                         html  
    plotDensity                             html  
    plotGammaFit                            html  
    plotHousekeepingGene                    html  
    plotSampleRelation                      html  
    plotStringencyGene                      html  
    plotVST                                 html  
    probeID2nuID                            html  
    produceGEOPlatformFile                  html  
    produceGEOSampleInfoTemplate            html  
    produceGEOSubmissionFile                html  
    produceMethylationGEOSubmissionFile     html  
    rankinvariant                           html  
    rsn                                     html  
    seq2id                                  html  
    smoothQuantileNormalization             html  
    ssn                                     html  
    targetID2nuID                           html  
    vst                                     html  
** building package indices
** installing vignettes
** testing if installed package can be loaded from temporary location
No methods found in package 'RSQLite' for request: 'dbListFields' when loading 'lumi'
** testing if installed package can be loaded from final location
No methods found in package 'RSQLite' for request: 'dbListFields' when loading 'lumi'
** testing if installed package keeps a record of temporary installation path

install for x64

* installing *source* package 'lumi' ...
** testing if installed package can be loaded
No methods found in package 'RSQLite' for request: 'dbListFields' when loading 'lumi'
* MD5 sums
packaged installation of 'lumi' as lumi_2.46.0.zip
* DONE (lumi)
* installing to library 'C:/Users/biocbuild/bbs-3.14-bioc/R/library'
package 'lumi' successfully unpacked and MD5 sums checked

Tests output


Example timings

lumi.Rcheck/examples_i386/lumi-Ex.timings

nameusersystemelapsed
LumiBatch-class0.870.411.28
MAplot-methods4.000.034.03
addAnnotationInfo0.040.000.04
addControlData2lumi000
addNuID2lumi000
adjColorBias.quantile1.490.081.57
adjColorBias.ssn0.440.010.45
bgAdjust0.090.030.12
bgAdjustMethylation0.120.020.15
boxplot-MethyLumiM-methods0.580.000.57
boxplot-methods0.100.020.11
boxplotColorBias0.120.000.13
density-methods0.100.010.11
detectOutlier0.850.030.89
detectionCall0.180.000.17
estimateBeta0.150.020.17
estimateIntensity0.170.010.19
estimateLumiCV0.110.030.14
estimateM0.600.020.61
estimateMethylationBG0.140.000.14
example.lumi0.110.000.11
example.lumiMethy0.040.020.06
example.methyTitration0.220.010.24
gammaFitEM2.720.052.76
getChipInfo 5.47 0.3915.60
getControlData000
getControlProbe000
getControlType0.020.000.01
getNuIDMappingInfo1.110.081.89
hist-methods0.260.000.27
id2seq0.020.000.01
inverseVST0.730.040.78
is.nuID000
lumiB0.110.000.11
lumiExpresso0.240.040.27
lumiMethyB0.070.000.08
lumiMethyC1.000.031.03
lumiMethyN0.100.000.09
lumiMethyStatus48.84 0.4049.25
lumiN0.470.000.49
lumiQ0.330.000.32
lumiR000
lumiR.batch000
lumiT0.390.000.40
methylationCall3.610.003.60
normalizeMethylation.quantile0.170.000.18
normalizeMethylation.ssn0.140.000.14
nuID2EntrezID0.720.030.75
nuID2IlluminaID3.300.073.36
nuID2RefSeqID0.780.000.78
nuID2probeID2.950.002.95
nuID2targetID3.060.043.11
pairs-methods1.000.031.03
plot-methods2.140.042.17
plotCDF0.180.000.18
plotColorBias1D0.250.000.25
plotColorBias2D0.180.010.20
plotControlData000
plotDensity0.140.000.14
plotGammaFit3.550.033.58
plotHousekeepingGene000
plotSampleRelation0.450.000.45
plotStringencyGene000
plotVST0.430.020.44
probeID2nuID2.930.002.94
produceGEOPlatformFile000
produceGEOSubmissionFile000
produceMethylationGEOSubmissionFile000
seq2id000
targetID2nuID3.710.013.71
vst0.280.020.30

lumi.Rcheck/examples_x64/lumi-Ex.timings

nameusersystemelapsed
LumiBatch-class0.980.061.05
MAplot-methods5.390.025.41
addAnnotationInfo0.060.000.06
addControlData2lumi000
addNuID2lumi000
adjColorBias.quantile0.750.000.75
adjColorBias.ssn0.420.000.42
bgAdjust0.070.030.10
bgAdjustMethylation0.140.000.14
boxplot-MethyLumiM-methods0.580.030.61
boxplot-methods0.090.000.09
boxplotColorBias0.200.020.22
density-methods0.140.000.14
detectOutlier0.120.000.13
detectionCall0.180.030.20
estimateBeta0.170.000.17
estimateIntensity0.200.010.22
estimateLumiCV0.160.000.16
estimateM0.720.000.72
estimateMethylationBG0.130.020.14
example.lumi0.070.010.10
example.lumiMethy0.070.000.06
example.methyTitration0.180.000.19
gammaFitEM3.220.003.22
getChipInfo3.530.103.62
getControlData000
getControlProbe000
getControlType000
getNuIDMappingInfo0.620.040.68
hist-methods0.100.020.11
id2seq000
inverseVST0.440.000.44
is.nuID000
lumiB0.080.020.09
lumiExpresso0.220.010.24
lumiMethyB0.060.000.06
lumiMethyC0.920.030.95
lumiMethyN0.070.020.08
lumiMethyStatus41.35 0.1141.47
lumiN0.740.010.76
lumiQ0.330.000.33
lumiR000
lumiR.batch000
lumiT0.390.000.39
methylationCall2.740.002.73
normalizeMethylation.quantile0.140.000.14
normalizeMethylation.ssn0.150.000.16
nuID2EntrezID1.910.021.92
nuID2IlluminaID2.930.012.95
nuID2RefSeqID0.770.040.80
nuID2probeID2.870.012.89
nuID2targetID2.940.022.96
pairs-methods0.920.010.93
plot-methods1.730.021.75
plotCDF0.140.010.16
plotColorBias1D0.210.000.20
plotColorBias2D0.170.000.17
plotControlData000
plotDensity0.120.000.13
plotGammaFit3.050.023.06
plotHousekeepingGene000
plotSampleRelation0.490.000.49
plotStringencyGene000
plotVST0.350.010.36
probeID2nuID3.840.023.86
produceGEOPlatformFile000
produceGEOSubmissionFile000
produceMethylationGEOSubmissionFile000
seq2id000
targetID2nuID2.840.022.86
vst0.240.010.25