Back to Multiple platform build/check report for BioC 3.14
ABCDEF[G]HIJKLMNOPQRSTUVWXYZ

This page was generated on 2022-01-14 13:06:26 -0500 (Fri, 14 Jan 2022).

HostnameOSArch (*)R versionInstalled pkgs
nebbiolo2Linux (Ubuntu 20.04.4 LTS)x86_644.1.2 (2021-11-01) -- "Bird Hippie" 4327
tokay2Windows Server 2012 R2 Standardx644.1.2 (2021-11-01) -- "Bird Hippie" 4076
machv2macOS 10.14.6 Mojavex86_644.1.2 (2021-11-01) -- "Bird Hippie" 4137
Click on any hostname to see more info about the system (e.g. compilers)      (*) as reported by 'uname -p', except on Windows and Mac OS X

CHECK results for geneXtendeR on tokay2


To the developers/maintainers of the geneXtendeR package:
- Please allow up to 24 hours (and sometimes 48 hours) for your latest push to git@git.bioconductor.org:packages/geneXtendeR.git to
reflect on this report. See How and When does the builder pull? When will my changes propagate? here for more information.
- Make sure to use the following settings in order to reproduce any error or warning you see on this page.

raw results

Package 740/2083HostnameOS / ArchINSTALLBUILDCHECKBUILD BIN
geneXtendeR 1.20.0  (landing page)
Bohdan Khomtchouk
Snapshot Date: 2022-01-13 01:55:04 -0500 (Thu, 13 Jan 2022)
git_url: https://git.bioconductor.org/packages/geneXtendeR
git_branch: RELEASE_3_14
git_last_commit: 37a9c1c
git_last_commit_date: 2021-10-26 12:30:30 -0500 (Tue, 26 Oct 2021)
nebbiolo2Linux (Ubuntu 20.04.4 LTS) / x86_64  OK    OK    WARNINGS  UNNEEDED, same version is already published
tokay2Windows Server 2012 R2 Standard / x64  OK    OK    WARNINGS    OK  UNNEEDED, same version is already published
machv2macOS 10.14.6 Mojave / x86_64  OK    OK    WARNINGS    OK  UNNEEDED, same version is already published

Summary

Package: geneXtendeR
Version: 1.20.0
Command: C:\Users\biocbuild\bbs-3.14-bioc\R\bin\R.exe CMD check --force-multiarch --install=check:geneXtendeR.install-out.txt --library=C:\Users\biocbuild\bbs-3.14-bioc\R\library --no-vignettes --timings geneXtendeR_1.20.0.tar.gz
StartedAt: 2022-01-13 19:56:42 -0500 (Thu, 13 Jan 2022)
EndedAt: 2022-01-13 20:22:39 -0500 (Thu, 13 Jan 2022)
EllapsedTime: 1557.0 seconds
RetCode: 0
Status:   WARNINGS  
CheckDir: geneXtendeR.Rcheck
Warnings: 1

Command output

##############################################################################
##############################################################################
###
### Running command:
###
###   C:\Users\biocbuild\bbs-3.14-bioc\R\bin\R.exe CMD check --force-multiarch --install=check:geneXtendeR.install-out.txt --library=C:\Users\biocbuild\bbs-3.14-bioc\R\library --no-vignettes --timings geneXtendeR_1.20.0.tar.gz
###
##############################################################################
##############################################################################


* using log directory 'C:/Users/biocbuild/bbs-3.14-bioc/meat/geneXtendeR.Rcheck'
* using R version 4.1.2 (2021-11-01)
* using platform: x86_64-w64-mingw32 (64-bit)
* using session charset: ISO8859-1
* using option '--no-vignettes'
* checking for file 'geneXtendeR/DESCRIPTION' ... OK
* checking extension type ... Package
* this is package 'geneXtendeR' version '1.20.0'
* package encoding: UTF-8
* checking package namespace information ... OK
* checking package dependencies ... OK
* checking if this is a source package ... OK
* checking if there is a namespace ... OK
* checking for hidden files and directories ... OK
* checking for portable file names ... OK
* checking whether package 'geneXtendeR' can be installed ... OK
* checking installed package size ... NOTE
  installed size is 11.6Mb
  sub-directories of 1Mb or more:
    data      5.8Mb
    doc       1.9Mb
    extdata   3.5Mb
* checking package directory ... OK
* checking DESCRIPTION meta-information ... NOTE
Package listed in more than one of Depends, Imports, Suggests, Enhances:
  'rtracklayer'
A package should be listed in only one of these fields.
* checking top-level files ... OK
* checking for left-over files ... OK
* checking index information ... OK
* checking package subdirectories ... OK
* checking R files for non-ASCII characters ... OK
* checking R files for syntax errors ... OK
* loading checks for arch 'i386'
** checking whether the package can be loaded ... OK
** checking whether the package can be loaded with stated dependencies ... OK
** checking whether the package can be unloaded cleanly ... OK
** checking whether the namespace can be loaded with stated dependencies ... OK
** checking whether the namespace can be unloaded cleanly ... OK
* loading checks for arch 'x64'
** checking whether the package can be loaded ... OK
** checking whether the package can be loaded with stated dependencies ... OK
** checking whether the package can be unloaded cleanly ... OK
** checking whether the namespace can be loaded with stated dependencies ... OK
** checking whether the namespace can be unloaded cleanly ... OK
* checking dependencies in R code ... NOTE
Namespaces in Imports field not imported from:
  'BiocStyle' 'SnowballC' 'org.Rn.eg.db'
  All declared Imports should be used.
* checking S3 generic/method consistency ... OK
* checking replacement functions ... OK
* checking foreign function calls ... OK
* checking R code for possible problems ... NOTE
.geneXtender: no visible binding for global variable 'type'
.geneXtender: no visible binding for global variable 'seqid'
.geneXtender: no visible binding for global variable 'gene_id'
.geneXtender: no visible binding for global variable 'gene_name'
annotate_n: no visible binding for global variable '..I'
annotate_n: no visible binding for global variable 'seqid'
diffGO: no visible binding for global variable 'rat'
gene_annotate: no visible global function definition for '.'
gene_annotate: no visible binding for global variable
  'Distance-of-Gene-to-Nearest-Peak'
gene_annotate: no visible global function definition for 'sd'
gene_annotate: no visible binding for global variable 'Chromosome'
gene_annotate: no visible binding for global variable 'Gene-Start'
gene_annotate: no visible binding for global variable 'Gene-End'
gene_annotate: no visible binding for global variable 'Gene-ID'
gene_annotate: no visible binding for global variable 'Gene-Name'
gene_annotate: no visible binding for global variable
  'Peaks-on-Gene-Body'
gene_annotate: no visible binding for global variable
  'Number-of-Peaks-Associated-with-Gene'
gene_lookup: no visible binding for global variable 'gene_name_id'
gene_lookup: no visible binding for global variable 'gene_id'
gene_lookup : internal_find: no visible binding for global variable
  'Chromosome'
gene_lookup : internal_find: no visible binding for global variable
  'distance'
gene_lookup : internal_find: no visible global function definition for
  'na.omit'
gene_lookup: no visible binding for global variable '..I'
gene_lookup: no visible binding for global variable 'distance'
makeWordCloud: no visible binding for global variable 'rat'
meanPeakLength: no visible binding for global variable 'rat'
peaksInput: no visible binding for global variable 'chr'
peaksInput: no visible global function definition for 'na.omit'
peaksMerge: no visible binding for global variable 'chr'
peaksMerge: no visible binding for global variable 'g'
peaksMerge: no visible global function definition for '.'
plotWordFreq : geneXtender: no visible binding for global variable
  'type'
plotWordFreq : geneXtender: no visible binding for global variable
  'seqid'
plotWordFreq : geneXtender: no visible binding for global variable
  'gene_id'
plotWordFreq : geneXtender: no visible binding for global variable
  'gene_name'
Undefined global functions or variables:
  . ..I Chromosome Distance-of-Gene-to-Nearest-Peak Gene-End Gene-ID
  Gene-Name Gene-Start Number-of-Peaks-Associated-with-Gene
  Peaks-on-Gene-Body chr distance g gene_id gene_name gene_name_id
  na.omit rat sd seqid type
Consider adding
  importFrom("stats", "na.omit", "sd")
to your NAMESPACE file.
* checking Rd files ... OK
* checking Rd metadata ... OK
* checking Rd cross-references ... OK
* checking for missing documentation entries ... OK
* checking for code/documentation mismatches ... OK
* checking Rd \usage sections ... OK
* checking Rd contents ... OK
* checking for unstated dependencies in examples ... OK
* checking contents of 'data' directory ... OK
* checking data for non-ASCII characters ... OK
* checking LazyData ... WARNING
  LazyData DB of 5.8 MB without LazyDataCompression set
  See ยง1.1.6 of 'Writing R Extensions'
* checking data for ASCII and uncompressed saves ... OK
* checking line endings in C/C++/Fortran sources/headers ... OK
* checking compiled code ... NOTE
Note: information on .o files for i386 is not available
Note: information on .o files for x64 is not available
File 'C:/Users/biocbuild/bbs-3.14-bioc/R/library/geneXtendeR/libs/i386/geneXtendeR.dll':
  Found 'abort', possibly from 'abort' (C), 'runtime' (Fortran)
File 'C:/Users/biocbuild/bbs-3.14-bioc/R/library/geneXtendeR/libs/x64/geneXtendeR.dll':
  Found 'abort', possibly from 'abort' (C), 'runtime' (Fortran)

Compiled code should not call entry points which might terminate R nor
write to stdout/stderr instead of to the console, nor use Fortran I/O
nor system RNGs. The detected symbols are linked into the code but
might come from libraries and not actually be called.

See 'Writing portable packages' in the 'Writing R Extensions' manual.
* checking installed files from 'inst/doc' ... OK
* checking files in 'vignettes' ... NOTE
Files named as vignettes but with no recognized vignette engine:
   'vignettes/geneXtendeR.Rnw'
(Is a VignetteBuilder field missing?)
* checking examples ...
** running examples for arch 'i386' ... OK
Examples with CPU (user + system) or elapsed time > 5s
                    user system elapsed
meanPeakLengthPlot 46.95   0.89   54.30
hotspotPlot        37.48   0.78   42.11
barChart           28.35   0.72   32.98
linePlot           27.63   0.32   32.63
cumlinePlot        25.71   0.48   30.13
annotate           22.44   0.78   29.03
diffGO             21.47   0.47   26.56
makeWordCloud      20.39   0.23   24.98
plotWordFreq       20.00   0.49   23.97
makeNetwork        19.58   0.39   24.19
gene_annotate      19.73   0.14   24.14
meanPeakLength     19.45   0.36   23.25
peakLengthBoxplot  18.69   0.27   22.64
distinct           18.18   0.38   22.22
gene_lookup        17.81   0.26   22.25
** running examples for arch 'x64' ... OK
Examples with CPU (user + system) or elapsed time > 5s
                    user system elapsed
meanPeakLengthPlot 38.37   0.47   42.53
hotspotPlot        34.24   0.38   38.94
linePlot           28.41   0.37   35.33
barChart           25.70   0.53   30.26
cumlinePlot        22.45   0.57   28.95
annotate           20.58   0.37   25.39
diffGO             18.89   0.46   22.69
plotWordFreq       18.46   0.33   22.24
makeNetwork        17.73   0.28   22.64
makeWordCloud      17.54   0.39   33.21
gene_annotate      16.81   0.21   20.42
distinct           16.60   0.40   21.22
meanPeakLength     16.13   0.30   19.69
peakLengthBoxplot  16.17   0.23   19.63
gene_lookup        15.48   0.16   19.03
* checking for unstated dependencies in 'tests' ... OK
* checking tests ...
** running tests for arch 'i386' ...
  Running 'testthat.R'
 OK
** running tests for arch 'x64' ...
  Running 'testthat.R'
 OK
* checking PDF version of manual ... OK
* DONE

Status: 1 WARNING, 6 NOTEs
See
  'C:/Users/biocbuild/bbs-3.14-bioc/meat/geneXtendeR.Rcheck/00check.log'
for details.



Installation output

geneXtendeR.Rcheck/00install.out

##############################################################################
##############################################################################
###
### Running command:
###
###   C:\cygwin\bin\curl.exe -O http://155.52.207.166/BBS/3.14/bioc/src/contrib/geneXtendeR_1.20.0.tar.gz && rm -rf geneXtendeR.buildbin-libdir && mkdir geneXtendeR.buildbin-libdir && C:\Users\biocbuild\bbs-3.14-bioc\R\bin\R.exe CMD INSTALL --merge-multiarch --build --library=geneXtendeR.buildbin-libdir geneXtendeR_1.20.0.tar.gz && C:\Users\biocbuild\bbs-3.14-bioc\R\bin\R.exe CMD INSTALL geneXtendeR_1.20.0.zip && rm geneXtendeR_1.20.0.tar.gz geneXtendeR_1.20.0.zip
###
##############################################################################
##############################################################################


  % Total    % Received % Xferd  Average Speed   Time    Time     Time  Current
                                 Dload  Upload   Total   Spent    Left  Speed

  0     0    0     0    0     0      0      0 --:--:-- --:--:-- --:--:--     0
 27 11.7M   27 3256k    0     0  4247k      0  0:00:02 --:--:--  0:00:02 4245k
 98 11.7M   98 11.5M    0     0  6778k      0  0:00:01  0:00:01 --:--:-- 6777k
100 11.7M  100 11.7M    0     0  6824k      0  0:00:01  0:00:01 --:--:-- 6825k

install for i386

* installing *source* package 'geneXtendeR' ...
** using staged installation
** libs
"C:/rtools40/mingw32/bin/"gcc  -I"C:/Users/BIOCBU~1/BBS-3~1.14-/R/include" -DNDEBUG     -I"C:/extsoft/include"     -O2 -Wall  -std=gnu99 -mfpmath=sse -msse2 -mstackrealign  -c annotate.c -o annotate.o
"C:/rtools40/mingw32/bin/"gcc  -I"C:/Users/BIOCBU~1/BBS-3~1.14-/R/include" -DNDEBUG     -I"C:/extsoft/include"     -O2 -Wall  -std=gnu99 -mfpmath=sse -msse2 -mstackrealign  -c extract_number.c -o extract_number.o
extract_number.c: In function 'extractnumber':
extract_number.c:72:10: warning: variable 'n_1' set but not used [-Wunused-but-set-variable]
     long n_1;
          ^~~
extract_number.c:66:10: warning: variable 'j_1' set but not used [-Wunused-but-set-variable]
     long j_1;
          ^~~
extract_number.c:54:12: warning: variable 'pvcfcol5_5' set but not used [-Wunused-but-set-variable]
     char * pvcfcol5_5;
            ^~~~~~~~~~
extract_number.c:53:12: warning: variable 'pvcfcol4_4' set but not used [-Wunused-but-set-variable]
     char * pvcfcol4_4;
            ^~~~~~~~~~
extract_number.c:52:12: warning: variable 'pvcfcol3_3' set but not used [-Wunused-but-set-variable]
     char * pvcfcol3_3;
            ^~~~~~~~~~
extract_number.c:51:12: warning: variable 'pvcfcol2_2' set but not used [-Wunused-but-set-variable]
     char * pvcfcol2_2;
            ^~~~~~~~~~
extract_number.c:50:12: warning: variable 'pvcfcol1_1' set but not used [-Wunused-but-set-variable]
     char * pvcfcol1_1;
            ^~~~~~~~~~
"C:/rtools40/mingw32/bin/"gcc  -I"C:/Users/BIOCBU~1/BBS-3~1.14-/R/include" -DNDEBUG     -I"C:/extsoft/include"     -O2 -Wall  -std=gnu99 -mfpmath=sse -msse2 -mstackrealign  -c extract_peaks.c -o extract_peaks.o
C:/rtools40/mingw32/bin/gcc -shared -s -static-libgcc -o geneXtendeR.dll tmp.def annotate.o extract_number.o extract_peaks.o -LC:/extsoft/lib/i386 -LC:/extsoft/lib -LC:/Users/BIOCBU~1/BBS-3~1.14-/R/bin/i386 -lR
installing to C:/Users/biocbuild/bbs-3.14-bioc/meat/geneXtendeR.buildbin-libdir/00LOCK-geneXtendeR/00new/geneXtendeR/libs/i386
** R
** data
*** moving datasets to lazyload DB
** inst
** byte-compile and prepare package for lazy loading
** help
*** installing help indices
  converting help for package 'geneXtendeR'
    finding HTML links ... done
    allPeakLengths                          html  
    annotate                                html  
    annotate_n                              html  
    barChart                                html  
    cumlinePlot                             html  
    diffGO                                  html  
    distinct                                html  
    dot-geneXtender                         html  
    gene_annotate                           html  
    gene_lookup                             html  
    hotspotPlot                             html  
    linePlot                                html  
    makeNetwork                             html  
    makeWordCloud                           html  
    meanPeakLength                          html  
    meanPeakLengthPlot                      html  
    peakLengthBoxplot                       html  
    peaksInput                              html  
    peaksMerge                              html  
    plotWordFreq                            html  
    rat                                     html  
    samplepeaksinput                        html  
** building package indices
** installing vignettes
** testing if installed package can be loaded from temporary location
** testing if installed package can be loaded from final location
** testing if installed package keeps a record of temporary installation path

install for x64

* installing *source* package 'geneXtendeR' ...
** libs
"C:/rtools40/mingw64/bin/"gcc  -I"C:/Users/BIOCBU~1/BBS-3~1.14-/R/include" -DNDEBUG     -I"C:/extsoft/include"     -O2 -Wall  -std=gnu99 -mfpmath=sse -msse2 -mstackrealign  -c annotate.c -o annotate.o
"C:/rtools40/mingw64/bin/"gcc  -I"C:/Users/BIOCBU~1/BBS-3~1.14-/R/include" -DNDEBUG     -I"C:/extsoft/include"     -O2 -Wall  -std=gnu99 -mfpmath=sse -msse2 -mstackrealign  -c extract_number.c -o extract_number.o
extract_number.c: In function 'extractnumber':
extract_number.c:72:10: warning: variable 'n_1' set but not used [-Wunused-but-set-variable]
     long n_1;
          ^~~
extract_number.c:66:10: warning: variable 'j_1' set but not used [-Wunused-but-set-variable]
     long j_1;
          ^~~
extract_number.c:54:12: warning: variable 'pvcfcol5_5' set but not used [-Wunused-but-set-variable]
     char * pvcfcol5_5;
            ^~~~~~~~~~
extract_number.c:53:12: warning: variable 'pvcfcol4_4' set but not used [-Wunused-but-set-variable]
     char * pvcfcol4_4;
            ^~~~~~~~~~
extract_number.c:52:12: warning: variable 'pvcfcol3_3' set but not used [-Wunused-but-set-variable]
     char * pvcfcol3_3;
            ^~~~~~~~~~
extract_number.c:51:12: warning: variable 'pvcfcol2_2' set but not used [-Wunused-but-set-variable]
     char * pvcfcol2_2;
            ^~~~~~~~~~
extract_number.c:50:12: warning: variable 'pvcfcol1_1' set but not used [-Wunused-but-set-variable]
     char * pvcfcol1_1;
            ^~~~~~~~~~
"C:/rtools40/mingw64/bin/"gcc  -I"C:/Users/BIOCBU~1/BBS-3~1.14-/R/include" -DNDEBUG     -I"C:/extsoft/include"     -O2 -Wall  -std=gnu99 -mfpmath=sse -msse2 -mstackrealign  -c extract_peaks.c -o extract_peaks.o
C:/rtools40/mingw64/bin/gcc -shared -s -static-libgcc -o geneXtendeR.dll tmp.def annotate.o extract_number.o extract_peaks.o -LC:/extsoft/lib/x64 -LC:/extsoft/lib -LC:/Users/BIOCBU~1/BBS-3~1.14-/R/bin/x64 -lR
installing to C:/Users/biocbuild/bbs-3.14-bioc/meat/geneXtendeR.buildbin-libdir/geneXtendeR/libs/x64
** testing if installed package can be loaded
* MD5 sums
packaged installation of 'geneXtendeR' as geneXtendeR_1.20.0.zip
* DONE (geneXtendeR)
* installing to library 'C:/Users/biocbuild/bbs-3.14-bioc/R/library'
package 'geneXtendeR' successfully unpacked and MD5 sums checked

Tests output

geneXtendeR.Rcheck/tests_i386/testthat.Rout


R version 4.1.2 (2021-11-01) -- "Bird Hippie"
Copyright (C) 2021 The R Foundation for Statistical Computing
Platform: i386-w64-mingw32/i386 (32-bit)

R is free software and comes with ABSOLUTELY NO WARRANTY.
You are welcome to redistribute it under certain conditions.
Type 'license()' or 'licence()' for distribution details.

R is a collaborative project with many contributors.
Type 'contributors()' for more information and
'citation()' on how to cite R or R packages in publications.

Type 'demo()' for some demos, 'help()' for on-line help, or
'help.start()' for an HTML browser interface to help.
Type 'q()' to quit R.

> library(testthat)
> library(geneXtendeR)
Loading required package: rtracklayer
Loading required package: GenomicRanges
Loading required package: stats4
Loading required package: BiocGenerics

Attaching package: 'BiocGenerics'

The following objects are masked from 'package:stats':

    IQR, mad, sd, var, xtabs

The following objects are masked from 'package:base':

    Filter, Find, Map, Position, Reduce, anyDuplicated, append,
    as.data.frame, basename, cbind, colnames, dirname, do.call,
    duplicated, eval, evalq, get, grep, grepl, intersect, is.unsorted,
    lapply, mapply, match, mget, order, paste, pmax, pmax.int, pmin,
    pmin.int, rank, rbind, rownames, sapply, setdiff, sort, table,
    tapply, union, unique, unsplit, which.max, which.min

Loading required package: S4Vectors

Attaching package: 'S4Vectors'

The following objects are masked from 'package:base':

    I, expand.grid, unname

Loading required package: IRanges

Attaching package: 'IRanges'

The following object is masked from 'package:grDevices':

    windows

Loading required package: GenomeInfoDb
Loading required package: GO.db
Loading required package: AnnotationDbi
Loading required package: Biobase
Welcome to Bioconductor

    Vignettes contain introductory material; view with
    'browseVignettes()'. To cite Bioconductor, see
    'citation("Biobase")', and for packages 'citation("pkgname")'.


> 
> test_check("geneXtendeR")
[ FAIL 0 | WARN 0 | SKIP 0 | PASS 86 ]
> 
> proc.time()
   user  system elapsed 
 176.12   29.25  206.39 

geneXtendeR.Rcheck/tests_x64/testthat.Rout


R version 4.1.2 (2021-11-01) -- "Bird Hippie"
Copyright (C) 2021 The R Foundation for Statistical Computing
Platform: x86_64-w64-mingw32/x64 (64-bit)

R is free software and comes with ABSOLUTELY NO WARRANTY.
You are welcome to redistribute it under certain conditions.
Type 'license()' or 'licence()' for distribution details.

R is a collaborative project with many contributors.
Type 'contributors()' for more information and
'citation()' on how to cite R or R packages in publications.

Type 'demo()' for some demos, 'help()' for on-line help, or
'help.start()' for an HTML browser interface to help.
Type 'q()' to quit R.

> library(testthat)
> library(geneXtendeR)
Loading required package: rtracklayer
Loading required package: GenomicRanges
Loading required package: stats4
Loading required package: BiocGenerics

Attaching package: 'BiocGenerics'

The following objects are masked from 'package:stats':

    IQR, mad, sd, var, xtabs

The following objects are masked from 'package:base':

    Filter, Find, Map, Position, Reduce, anyDuplicated, append,
    as.data.frame, basename, cbind, colnames, dirname, do.call,
    duplicated, eval, evalq, get, grep, grepl, intersect, is.unsorted,
    lapply, mapply, match, mget, order, paste, pmax, pmax.int, pmin,
    pmin.int, rank, rbind, rownames, sapply, setdiff, sort, table,
    tapply, union, unique, unsplit, which.max, which.min

Loading required package: S4Vectors

Attaching package: 'S4Vectors'

The following objects are masked from 'package:base':

    I, expand.grid, unname

Loading required package: IRanges

Attaching package: 'IRanges'

The following object is masked from 'package:grDevices':

    windows

Loading required package: GenomeInfoDb
Loading required package: GO.db
Loading required package: AnnotationDbi
Loading required package: Biobase
Welcome to Bioconductor

    Vignettes contain introductory material; view with
    'browseVignettes()'. To cite Bioconductor, see
    'citation("Biobase")', and for packages 'citation("pkgname")'.


> 
> test_check("geneXtendeR")
[ FAIL 0 | WARN 0 | SKIP 0 | PASS 86 ]
> 
> proc.time()
   user  system elapsed 
 189.96    4.35  194.48 

Example timings

geneXtendeR.Rcheck/examples_i386/geneXtendeR-Ex.timings

nameusersystemelapsed
allPeakLengths0.100.030.21
annotate22.44 0.7829.03
annotate_n000
barChart28.35 0.7232.98
cumlinePlot25.71 0.4830.13
diffGO21.47 0.4726.56
distinct18.18 0.3822.22
gene_annotate19.73 0.1424.14
gene_lookup17.81 0.2622.25
hotspotPlot37.48 0.7842.11
linePlot27.63 0.3232.63
makeNetwork19.58 0.3924.19
makeWordCloud20.39 0.2324.98
meanPeakLength19.45 0.3623.25
meanPeakLengthPlot46.95 0.8954.30
peakLengthBoxplot18.69 0.2722.64
peaksInput0.550.042.20
peaksMerge0.370.030.41
plotWordFreq20.00 0.4923.97
rat3.670.173.84
samplepeaksinput000

geneXtendeR.Rcheck/examples_x64/geneXtendeR-Ex.timings

nameusersystemelapsed
allPeakLengths0.050.000.04
annotate20.58 0.3725.39
annotate_n000
barChart25.70 0.5330.26
cumlinePlot22.45 0.5728.95
diffGO18.89 0.4622.69
distinct16.60 0.4021.22
gene_annotate16.81 0.2120.42
gene_lookup15.48 0.1619.03
hotspotPlot34.24 0.3838.94
linePlot28.41 0.3735.33
makeNetwork17.73 0.2822.64
makeWordCloud17.54 0.3933.21
meanPeakLength16.13 0.3019.69
meanPeakLengthPlot38.37 0.4742.53
peakLengthBoxplot16.17 0.2319.63
peaksInput1.070.021.08
peaksMerge0.180.000.18
plotWordFreq18.46 0.3322.24
rat4.330.184.51
samplepeaksinput0.010.000.02