Back to Multiple platform build/check report for BioC 3.14
ABCDE[F]GHIJKLMNOPQRSTUVWXYZ

This page was generated on 2022-01-14 13:07:49 -0500 (Fri, 14 Jan 2022).

HostnameOSArch (*)R versionInstalled pkgs
nebbiolo2Linux (Ubuntu 20.04.4 LTS)x86_644.1.2 (2021-11-01) -- "Bird Hippie" 4327
tokay2Windows Server 2012 R2 Standardx644.1.2 (2021-11-01) -- "Bird Hippie" 4076
machv2macOS 10.14.6 Mojavex86_644.1.2 (2021-11-01) -- "Bird Hippie" 4137
Click on any hostname to see more info about the system (e.g. compilers)      (*) as reported by 'uname -p', except on Windows and Mac OS X

CHECK results for flowClean on machv2


To the developers/maintainers of the flowClean package:
- Please allow up to 24 hours (and sometimes 48 hours) for your latest push to git@git.bioconductor.org:packages/flowClean.git to
reflect on this report. See How and When does the builder pull? When will my changes propagate? here for more information.
- Make sure to use the following settings in order to reproduce any error or warning you see on this page.

raw results

Package 655/2083HostnameOS / ArchINSTALLBUILDCHECKBUILD BIN
flowClean 1.32.0  (landing page)
Kipper Fletez-Brant
Snapshot Date: 2022-01-13 01:55:04 -0500 (Thu, 13 Jan 2022)
git_url: https://git.bioconductor.org/packages/flowClean
git_branch: RELEASE_3_14
git_last_commit: e9d397d
git_last_commit_date: 2021-10-26 12:13:53 -0500 (Tue, 26 Oct 2021)
nebbiolo2Linux (Ubuntu 20.04.4 LTS) / x86_64  OK    OK    WARNINGS  UNNEEDED, same version is already published
tokay2Windows Server 2012 R2 Standard / x64  OK    OK    WARNINGS    OK  UNNEEDED, same version is already published
machv2macOS 10.14.6 Mojave / x86_64  OK    OK    WARNINGS    OK  UNNEEDED, same version is already published

Summary

Package: flowClean
Version: 1.32.0
Command: /Library/Frameworks/R.framework/Resources/bin/R CMD check --install=check:flowClean.install-out.txt --library=/Library/Frameworks/R.framework/Resources/library --no-vignettes --timings flowClean_1.32.0.tar.gz
StartedAt: 2022-01-13 13:03:58 -0500 (Thu, 13 Jan 2022)
EndedAt: 2022-01-13 13:05:43 -0500 (Thu, 13 Jan 2022)
EllapsedTime: 104.6 seconds
RetCode: 0
Status:   WARNINGS  
CheckDir: flowClean.Rcheck
Warnings: 3

Command output

##############################################################################
##############################################################################
###
### Running command:
###
###   /Library/Frameworks/R.framework/Resources/bin/R CMD check --install=check:flowClean.install-out.txt --library=/Library/Frameworks/R.framework/Resources/library --no-vignettes --timings flowClean_1.32.0.tar.gz
###
##############################################################################
##############################################################################


* using log directory ‘/Users/biocbuild/bbs-3.14-bioc/meat/flowClean.Rcheck’
* using R version 4.1.2 (2021-11-01)
* using platform: x86_64-apple-darwin17.0 (64-bit)
* using session charset: UTF-8
* using option ‘--no-vignettes’
* checking for file ‘flowClean/DESCRIPTION’ ... OK
* this is package ‘flowClean’ version ‘1.32.0’
* checking package namespace information ... OK
* checking package dependencies ... OK
* checking if this is a source package ... OK
* checking if there is a namespace ... OK
* checking for hidden files and directories ... OK
* checking for portable file names ... OK
* checking for sufficient/correct file permissions ... OK
* checking whether package ‘flowClean’ can be installed ... OK
* checking installed package size ... OK
* checking package directory ... OK
* checking ‘build’ directory ... OK
* checking DESCRIPTION meta-information ... OK
* checking top-level files ... OK
* checking for left-over files ... OK
* checking index information ... OK
* checking package subdirectories ... OK
* checking R files for non-ASCII characters ... OK
* checking R files for syntax errors ... OK
* checking whether the package can be loaded ... OK
* checking whether the package can be loaded with stated dependencies ... OK
* checking whether the package can be unloaded cleanly ... OK
* checking whether the namespace can be loaded with stated dependencies ... OK
* checking whether the namespace can be unloaded cleanly ... OK
* checking dependencies in R code ... OK
* checking S3 generic/method consistency ... OK
* checking replacement functions ... OK
* checking foreign function calls ... OK
* checking R code for possible problems ... NOTE
clean: no visible global function definition for ‘runif’
clean: no visible global function definition for ‘png’
clean: no visible global function definition for ‘dev.off’
diagnosticPlot: no visible global function definition for ‘points’
diagnosticPlot: no visible global function definition for ‘abline’
makeFCS: no visible global function definition for ‘new’
make_pops : <anonymous>: no visible global function definition for
  ‘quantile’
make_pops : <anonymous>: no visible global function definition for
  ‘median’
Undefined global functions or variables:
  abline dev.off median new png points quantile runif
Consider adding
  importFrom("grDevices", "dev.off", "png")
  importFrom("graphics", "abline", "points")
  importFrom("methods", "new")
  importFrom("stats", "median", "quantile", "runif")
to your NAMESPACE file (and ensure that your DESCRIPTION Imports field
contains 'methods').
* checking Rd files ... OK
* checking Rd metadata ... OK
* checking Rd cross-references ... OK
* checking for missing documentation entries ... OK
* checking for code/documentation mismatches ... WARNING
Codoc mismatches from documentation object 'clean':
clean
  Code: function(fF, vectMarkers, filePrefixWithDir, ext, binSize =
                 0.01, nCellCutoff = 500, announce = TRUE, cutoff =
                 "median", diagnostic = FALSE, fcMax = 1.3,
                 returnVector = FALSE, nstable = 5)
  Docs: function(fF, vectMarkers, filePrefixWithDir, ext, binSize =
                 0.01, nCellCutoff = 500, announce = TRUE, cutoff =
                 "median", diagnostic = FALSE, fcMax = 1.3)
  Argument names in code not in docs:
    returnVector nstable

* checking Rd \usage sections ... WARNING
Duplicated \argument entries in documentation object 'clean':
  ‘announce’
Documented arguments not in \usage in documentation object 'clean':
  ‘returnVector’ ‘nstable’

Functions with \usage entries need to have the appropriate \alias
entries, and all their arguments documented.
The \usage entries must correspond to syntactically valid R code.
See chapter ‘Writing R documentation files’ in the ‘Writing R
Extensions’ manual.
* checking Rd contents ... OK
* checking for unstated dependencies in examples ... OK
* checking contents of ‘data’ directory ... OK
* checking data for non-ASCII characters ... OK
* checking data for ASCII and uncompressed saves ... OK
* checking sizes of PDF files under ‘inst/doc’ ... OK
* checking files in ‘vignettes’ ... OK
* checking examples ... WARNING
Found the following significant warnings:

  Warning: '.local' is deprecated.
  Warning: '.local' is deprecated.
  Warning: '.local' is deprecated.
  Warning: '.local' is deprecated.
  Warning: '.local' is deprecated.
  Warning: 'description<-' is deprecated.
  Warning: '.local' is deprecated.
  Warning: '.local' is deprecated.
  Warning: 'description<-' is deprecated.
  Warning: '.local' is deprecated.
  Warning: '.local' is deprecated.
  Warning: 'description<-' is deprecated.
  Warning: '.local' is deprecated.
  Warning: 'description<-' is deprecated.
  Warning: '.local' is deprecated.
  Warning: 'description<-' is deprecated.
  Warning: '.local' is deprecated.
  Warning: 'description<-' is deprecated.
  Warning: '.local' is deprecated.
  Warning: 'description<-' is deprecated.
  Warning: '.local' is deprecated.
  Warning: 'description<-' is deprecated.
  Warning: '.local' is deprecated.
  Warning: 'description<-' is deprecated.
  Warning: '.local' is deprecated.
  Warning: 'description<-' is deprecated.
  Warning: '.local' is deprecated.
  Warning: '.local' is deprecated.
  Warning: 'description<-' is deprecated.
  Warning: '.local' is deprecated.
  Warning: 'description<-' is deprecated.
  Warning: '.local' is deprecated.
Deprecated functions may be defunct as soon as of the next release of
R.
See ?Deprecated.
Examples with CPU (user + system) or elapsed time > 5s
        user system elapsed
clean 18.739  1.636  20.395
* checking for unstated dependencies in vignettes ... OK
* checking package vignettes in ‘inst/doc’ ... OK
* checking running R code from vignettes ... SKIPPED
* checking re-building of vignette outputs ... SKIPPED
* checking PDF version of manual ... OK
* DONE

Status: 3 WARNINGs, 1 NOTE
See
  ‘/Users/biocbuild/bbs-3.14-bioc/meat/flowClean.Rcheck/00check.log’
for details.



Installation output

flowClean.Rcheck/00install.out

##############################################################################
##############################################################################
###
### Running command:
###
###   /Library/Frameworks/R.framework/Resources/bin/R CMD INSTALL flowClean
###
##############################################################################
##############################################################################


* installing to library ‘/Library/Frameworks/R.framework/Versions/4.1/Resources/library’
* installing *source* package ‘flowClean’ ...
** using staged installation
** R
** data
** inst
** byte-compile and prepare package for lazy loading
** help
*** installing help indices
** building package indices
** installing vignettes
** testing if installed package can be loaded from temporary location
** testing if installed package can be loaded from final location
** testing if installed package keeps a record of temporary installation path
* DONE (flowClean)

Tests output


Example timings

flowClean.Rcheck/flowClean-Ex.timings

nameusersystemelapsed
clean18.739 1.63620.395
synPerturbed0.4920.0130.506