Back to Multiple platform build/check report for BioC 3.14
ABCDE[F]GHIJKLMNOPQRSTUVWXYZ

This page was generated on 2022-01-26 13:06:34 -0500 (Wed, 26 Jan 2022).

HostnameOSArch (*)R versionInstalled pkgs
nebbiolo2Linux (Ubuntu 20.04.4 LTS)x86_644.1.2 (2021-11-01) -- "Bird Hippie" 4329
tokay2Windows Server 2012 R2 Standardx644.1.2 (2021-11-01) -- "Bird Hippie" 4080
machv2macOS 10.14.6 Mojavex86_644.1.2 (2021-11-01) -- "Bird Hippie" 4141
Click on any hostname to see more info about the system (e.g. compilers)      (*) as reported by 'uname -p', except on Windows and Mac OS X

CHECK results for flagme on tokay2


To the developers/maintainers of the flagme package:
- Please allow up to 24 hours (and sometimes 48 hours) for your latest push to git@git.bioconductor.org:packages/flagme.git to
reflect on this report. See How and When does the builder pull? When will my changes propagate? here for more information.
- Make sure to use the following settings in order to reproduce any error or warning you see on this page.

raw results

Package 647/2083HostnameOS / ArchINSTALLBUILDCHECKBUILD BIN
flagme 1.50.0  (landing page)
Mark Robinson , Riccardo Romoli
Snapshot Date: 2022-01-25 01:55:07 -0500 (Tue, 25 Jan 2022)
git_url: https://git.bioconductor.org/packages/flagme
git_branch: RELEASE_3_14
git_last_commit: 4dd88f1
git_last_commit_date: 2021-10-26 11:53:20 -0500 (Tue, 26 Oct 2021)
nebbiolo2Linux (Ubuntu 20.04.4 LTS) / x86_64  OK    OK    WARNINGS  UNNEEDED, same version is already published
tokay2Windows Server 2012 R2 Standard / x64  OK    OK    WARNINGS    OK  UNNEEDED, same version is already published
machv2macOS 10.14.6 Mojave / x86_64  OK    OK    WARNINGS    OK  UNNEEDED, same version is already published

Summary

Package: flagme
Version: 1.50.0
Command: C:\Users\biocbuild\bbs-3.14-bioc\R\bin\R.exe CMD check --force-multiarch --install=check:flagme.install-out.txt --library=C:\Users\biocbuild\bbs-3.14-bioc\R\library --no-vignettes --timings flagme_1.50.0.tar.gz
StartedAt: 2022-01-25 19:34:58 -0500 (Tue, 25 Jan 2022)
EndedAt: 2022-01-25 20:07:38 -0500 (Tue, 25 Jan 2022)
EllapsedTime: 1959.4 seconds
RetCode: 0
Status:   WARNINGS  
CheckDir: flagme.Rcheck
Warnings: 2

Command output

##############################################################################
##############################################################################
###
### Running command:
###
###   C:\Users\biocbuild\bbs-3.14-bioc\R\bin\R.exe CMD check --force-multiarch --install=check:flagme.install-out.txt --library=C:\Users\biocbuild\bbs-3.14-bioc\R\library --no-vignettes --timings flagme_1.50.0.tar.gz
###
##############################################################################
##############################################################################


* using log directory 'C:/Users/biocbuild/bbs-3.14-bioc/meat/flagme.Rcheck'
* using R version 4.1.2 (2021-11-01)
* using platform: x86_64-w64-mingw32 (64-bit)
* using session charset: ISO8859-1
* using option '--no-vignettes'
* checking for file 'flagme/DESCRIPTION' ... OK
* this is package 'flagme' version '1.50.0'
* checking package namespace information ... NOTE
  Namespace with empty importFrom: 'gcspikelite'
* checking package dependencies ... OK
* checking if this is a source package ... OK
* checking if there is a namespace ... OK
* checking for hidden files and directories ... OK
* checking for portable file names ... OK
* checking whether package 'flagme' can be installed ... OK
* checking installed package size ... OK
* checking package directory ... OK
* checking 'build' directory ... OK
* checking DESCRIPTION meta-information ... NOTE
Malformed Description field: should contain one or more complete sentences.
* checking top-level files ... OK
* checking for left-over files ... OK
* checking index information ... OK
* checking package subdirectories ... OK
* checking R files for non-ASCII characters ... OK
* checking R files for syntax errors ... OK
* loading checks for arch 'i386'
** checking whether the package can be loaded ... OK
** checking whether the package can be loaded with stated dependencies ... OK
** checking whether the package can be unloaded cleanly ... OK
** checking whether the namespace can be loaded with stated dependencies ... OK
** checking whether the namespace can be unloaded cleanly ... OK
* loading checks for arch 'x64'
** checking whether the package can be loaded ... OK
** checking whether the package can be loaded with stated dependencies ... OK
** checking whether the package can be unloaded cleanly ... OK
** checking whether the namespace can be loaded with stated dependencies ... OK
** checking whether the namespace can be unloaded cleanly ... OK
* checking dependencies in R code ... OK
* checking S3 generic/method consistency ... OK
* checking replacement functions ... OK
* checking foreign function calls ... OK
* checking R code for possible problems ... OK
* checking Rd files ... WARNING
man/plotMultipleSpectra.Rd: non-ASCII input and no declared encoding
problem found in 'plotMultipleSpectra.Rd'
* checking Rd metadata ... OK
* checking Rd cross-references ... OK
* checking for missing documentation entries ... WARNING
Undocumented S4 methods:
  generic 'show' and siglist 'betweenAlignment'
All user-level objects in a package (including S4 classes and methods)
should have documentation entries.
See chapter 'Writing R documentation files' in the 'Writing R
Extensions' manual.
* checking for code/documentation mismatches ... OK
* checking Rd \usage sections ... OK
* checking Rd contents ... OK
* checking for unstated dependencies in examples ... OK
* checking line endings in C/C++/Fortran sources/headers ... OK
* checking compiled code ... NOTE
Note: information on .o files for i386 is not available
Note: information on .o files for x64 is not available
File 'C:/Users/biocbuild/bbs-3.14-bioc/R/library/flagme/libs/i386/flagme.dll':
  Found 'abort', possibly from 'abort' (C), 'runtime' (Fortran)
File 'C:/Users/biocbuild/bbs-3.14-bioc/R/library/flagme/libs/x64/flagme.dll':
  Found 'abort', possibly from 'abort' (C), 'runtime' (Fortran)

Compiled code should not call entry points which might terminate R nor
write to stdout/stderr instead of to the console, nor use Fortran I/O
nor system RNGs. The detected symbols are linked into the code but
might come from libraries and not actually be called.

See 'Writing portable packages' in the 'Writing R Extensions' manual.
* checking installed files from 'inst/doc' ... OK
* checking files in 'vignettes' ... OK
* checking examples ...
** running examples for arch 'i386' ... OK
Examples with CPU (user + system) or elapsed time > 5s
                      user system elapsed
plotMultipleSpectra  33.89   0.45   98.74
dynRT                22.79   0.23   87.67
peaksAlignment       21.67   0.29   70.17
ndpRT                21.14   0.30   68.66
corPrt               21.18   0.20   93.50
plotSpectra          20.76   0.38   87.62
retFatMatrix         12.89   0.09   39.31
addXCMSPeaks          8.34   0.32   29.75
imputePeaks           8.27   0.05    9.61
plot                  7.11   0.06    7.19
calcTimeDiffs         6.19   0.31   12.27
gatherInfo            5.82   0.05   16.94
multipleAlignment     5.67   0.08   11.95
rmaFitUnit            5.67   0.05    5.72
progressiveAlignment  5.33   0.14    5.47
addAMDISPeaks         4.72   0.51   88.70
normDotProduct        5.11   0.05    5.15
dp                    4.53   0.02    8.58
parseChromaTOF        2.65   0.00    6.71
** running examples for arch 'x64' ... OK
Examples with CPU (user + system) or elapsed time > 5s
                      user system elapsed
plotMultipleSpectra  34.79   0.58   99.88
plotSpectra          23.06   0.42   74.67
peaksAlignment       22.98   0.46   73.69
corPrt               21.31   0.58   97.66
dynRT                20.04   0.59  269.51
ndpRT                19.97   0.61   84.47
retFatMatrix         14.88   0.16   47.11
addXCMSPeaks          8.31   0.06   26.36
imputePeaks           7.53   0.26    7.80
plot                  7.12   0.10    7.24
normDotProduct        6.28   0.09    6.37
rmaFitUnit            6.28   0.09    6.37
progressiveAlignment  6.15   0.09    6.25
multipleAlignment     6.00   0.16   27.57
gatherInfo            6.00   0.13    6.55
calcTimeDiffs         5.83   0.11    5.94
peaksDataset          5.49   0.11    5.59
* checking for unstated dependencies in vignettes ... OK
* checking package vignettes in 'inst/doc' ... OK
* checking running R code from vignettes ... SKIPPED
* checking re-building of vignette outputs ... SKIPPED
* checking PDF version of manual ... OK
* DONE

Status: 2 WARNINGs, 3 NOTEs
See
  'C:/Users/biocbuild/bbs-3.14-bioc/meat/flagme.Rcheck/00check.log'
for details.



Installation output

flagme.Rcheck/00install.out

##############################################################################
##############################################################################
###
### Running command:
###
###   C:\cygwin\bin\curl.exe -O http://155.52.207.166/BBS/3.14/bioc/src/contrib/flagme_1.50.0.tar.gz && rm -rf flagme.buildbin-libdir && mkdir flagme.buildbin-libdir && C:\Users\biocbuild\bbs-3.14-bioc\R\bin\R.exe CMD INSTALL --merge-multiarch --build --library=flagme.buildbin-libdir flagme_1.50.0.tar.gz && C:\Users\biocbuild\bbs-3.14-bioc\R\bin\R.exe CMD INSTALL flagme_1.50.0.zip && rm flagme_1.50.0.tar.gz flagme_1.50.0.zip
###
##############################################################################
##############################################################################


  % Total    % Received % Xferd  Average Speed   Time    Time     Time  Current
                                 Dload  Upload   Total   Spent    Left  Speed

  0     0    0     0    0     0      0      0 --:--:-- --:--:-- --:--:--     0
100  402k  100  402k    0     0  1500k      0 --:--:-- --:--:-- --:--:-- 1506k

install for i386

* installing *source* package 'flagme' ...
** using staged installation
** libs
"C:/rtools40/mingw32/bin/"gcc  -I"C:/Users/BIOCBU~1/BBS-3~1.14-/R/include" -DNDEBUG     -I"C:/extsoft/include"     -O2 -Wall  -std=gnu99 -mfpmath=sse -msse2 -mstackrealign  -c dp.c -o dp.o
dp.c: In function 'dp':
dp.c:263:26: warning: 'cur_min' may be used uninitialized in this function [-Wmaybe-uninitialized]
    D[(i+1)+(j+1)*(nr+1)] = cur_min;
    ~~~~~~~~~~~~~~~~~~~~~~^~~~~~~~~
dp.c:264:28: warning: 'tb' may be used uninitialized in this function [-Wmaybe-uninitialized]
    phi[(i+1)+(j+1)*(nr+1)] = tb;
    ~~~~~~~~~~~~~~~~~~~~~~~~^~~~
"C:/rtools40/mingw32/bin/"gcc  -I"C:/Users/BIOCBU~1/BBS-3~1.14-/R/include" -DNDEBUG     -I"C:/extsoft/include"     -O2 -Wall  -std=gnu99 -mfpmath=sse -msse2 -mstackrealign  -c init.c -o init.o
"C:/rtools40/mingw32/bin/"gcc  -I"C:/Users/BIOCBU~1/BBS-3~1.14-/R/include" -DNDEBUG     -I"C:/extsoft/include"     -O2 -Wall  -std=gnu99 -mfpmath=sse -msse2 -mstackrealign  -c pearson.c -o pearson.o
C:/rtools40/mingw32/bin/gcc -shared -s -static-libgcc -o flagme.dll tmp.def dp.o init.o pearson.o -LC:/extsoft/lib/i386 -LC:/extsoft/lib -LC:/Users/BIOCBU~1/BBS-3~1.14-/R/bin/i386 -lR
installing to C:/Users/biocbuild/bbs-3.14-bioc/meat/flagme.buildbin-libdir/00LOCK-flagme/00new/flagme/libs/i386
** R
** inst
** byte-compile and prepare package for lazy loading
** help
*** installing help indices
  converting help for package 'flagme'
    finding HTML links ... done
    addAMDISPeaks                           html  
    addChromaTOFPeaks                       html  
    addXCMSPeaks                            html  
    finding level-2 HTML links ... done

    betweenAlignment                        html  
    calcTimeDiffs                           html  
    clusterAlignment                        html  
    compress                                html  
    corPrt                                  html  
    dp                                      html  
    dynRT                                   html  
    eitherMatrix                            html  
    exportSpectra                           html  
    gatherInfo                              html  
    imputePeaks                             html  
    multipleAlignment                       html  
    ndpRT                                   html  
    normDotProduct                          html  
    parseChromaTOF                          html  
    parseELU                                html  
    peaksAlignment                          html  
    peaksDataset                            html  
    plot                                    html  
    plotImage                               html  
    plotMultipleSpectra                     html  
    plotSpectra                             html  
    progressiveAlignment                    html  
    retFatMatrix                            html  
    rmaFitUnit                              html  
** building package indices
** installing vignettes
   'flagme.Rnw' using 'UTF-8' 
** testing if installed package can be loaded from temporary location
** testing if installed package can be loaded from final location
** testing if installed package keeps a record of temporary installation path

install for x64

* installing *source* package 'flagme' ...
** libs
"C:/rtools40/mingw64/bin/"gcc  -I"C:/Users/BIOCBU~1/BBS-3~1.14-/R/include" -DNDEBUG     -I"C:/extsoft/include"     -O2 -Wall  -std=gnu99 -mfpmath=sse -msse2 -mstackrealign  -c dp.c -o dp.o
dp.c: In function 'dp':
dp.c:263:26: warning: 'cur_min' may be used uninitialized in this function [-Wmaybe-uninitialized]
    D[(i+1)+(j+1)*(nr+1)] = cur_min;
    ~~~~~~~~~~~~~~~~~~~~~~^~~~~~~~~
dp.c:264:28: warning: 'tb' may be used uninitialized in this function [-Wmaybe-uninitialized]
    phi[(i+1)+(j+1)*(nr+1)] = tb;
    ~~~~~~~~~~~~~~~~~~~~~~~~^~~~
"C:/rtools40/mingw64/bin/"gcc  -I"C:/Users/BIOCBU~1/BBS-3~1.14-/R/include" -DNDEBUG     -I"C:/extsoft/include"     -O2 -Wall  -std=gnu99 -mfpmath=sse -msse2 -mstackrealign  -c init.c -o init.o
"C:/rtools40/mingw64/bin/"gcc  -I"C:/Users/BIOCBU~1/BBS-3~1.14-/R/include" -DNDEBUG     -I"C:/extsoft/include"     -O2 -Wall  -std=gnu99 -mfpmath=sse -msse2 -mstackrealign  -c pearson.c -o pearson.o
C:/rtools40/mingw64/bin/gcc -shared -s -static-libgcc -o flagme.dll tmp.def dp.o init.o pearson.o -LC:/extsoft/lib/x64 -LC:/extsoft/lib -LC:/Users/BIOCBU~1/BBS-3~1.14-/R/bin/x64 -lR
installing to C:/Users/biocbuild/bbs-3.14-bioc/meat/flagme.buildbin-libdir/flagme/libs/x64
** testing if installed package can be loaded
* MD5 sums
packaged installation of 'flagme' as flagme_1.50.0.zip
* DONE (flagme)
* installing to library 'C:/Users/biocbuild/bbs-3.14-bioc/R/library'
package 'flagme' successfully unpacked and MD5 sums checked

Tests output


Example timings

flagme.Rcheck/examples_i386/flagme-Ex.timings

nameusersystemelapsed
addAMDISPeaks 4.72 0.5188.70
addChromaTOFPeaks3.290.253.55
addXCMSPeaks 8.34 0.3229.75
betweenAlignment000
calcTimeDiffs 6.19 0.3112.27
clusterAlignment4.720.094.81
compress4.580.084.66
corPrt21.18 0.2093.50
dp4.530.028.58
dynRT22.79 0.2387.67
gatherInfo 5.82 0.0516.94
imputePeaks8.270.059.61
multipleAlignment 5.67 0.0811.95
ndpRT21.14 0.3068.66
normDotProduct5.110.055.15
parseChromaTOF2.650.006.71
parseELU1.740.001.73
peaksAlignment21.67 0.2970.17
peaksDataset4.390.084.47
plot7.110.067.19
plotImage2.970.022.98
plotMultipleSpectra33.89 0.4598.74
plotSpectra20.76 0.3887.62
progressiveAlignment5.330.145.47
retFatMatrix12.89 0.0939.31
rmaFitUnit5.670.055.72

flagme.Rcheck/examples_x64/flagme-Ex.timings

nameusersystemelapsed
addAMDISPeaks3.990.094.08
addChromaTOFPeaks2.830.072.89
addXCMSPeaks 8.31 0.0626.36
betweenAlignment000
calcTimeDiffs5.830.115.94
clusterAlignment4.670.064.73
compress4.720.124.86
corPrt21.31 0.5897.66
dp4.300.134.42
dynRT 20.04 0.59269.51
gatherInfo6.000.136.55
imputePeaks7.530.267.80
multipleAlignment 6.00 0.1627.57
ndpRT19.97 0.6184.47
normDotProduct6.280.096.37
parseChromaTOF1.980.022.00
parseELU1.740.011.75
peaksAlignment22.98 0.4673.69
peaksDataset5.490.115.59
plot7.120.107.24
plotImage3.170.023.18
plotMultipleSpectra34.79 0.5899.88
plotSpectra23.06 0.4274.67
progressiveAlignment6.150.096.25
retFatMatrix14.88 0.1647.11
rmaFitUnit6.280.096.37