Back to Multiple platform build/check report for BioC 3.14
ABCD[E]FGHIJKLMNOPQRSTUVWXYZ

This page was generated on 2022-01-19 13:06:32 -0500 (Wed, 19 Jan 2022).

HostnameOSArch (*)R versionInstalled pkgs
nebbiolo2Linux (Ubuntu 20.04.4 LTS)x86_644.1.2 (2021-11-01) -- "Bird Hippie" 4328
tokay2Windows Server 2012 R2 Standardx644.1.2 (2021-11-01) -- "Bird Hippie" 4077
machv2macOS 10.14.6 Mojavex86_644.1.2 (2021-11-01) -- "Bird Hippie" 4138
Click on any hostname to see more info about the system (e.g. compilers)      (*) as reported by 'uname -p', except on Windows and Mac OS X

CHECK results for eegc on tokay2


To the developers/maintainers of the eegc package:
- Please allow up to 24 hours (and sometimes 48 hours) for your latest push to git@git.bioconductor.org:packages/eegc.git to
reflect on this report. See How and When does the builder pull? When will my changes propagate? here for more information.
- Make sure to use the following settings in order to reproduce any error or warning you see on this page.

raw results

Package 567/2083HostnameOS / ArchINSTALLBUILDCHECKBUILD BIN
eegc 1.20.0  (landing page)
Xiaoyuan Zhou
Snapshot Date: 2022-01-18 01:55:07 -0500 (Tue, 18 Jan 2022)
git_url: https://git.bioconductor.org/packages/eegc
git_branch: RELEASE_3_14
git_last_commit: fdab2cb
git_last_commit_date: 2021-10-26 12:29:44 -0500 (Tue, 26 Oct 2021)
nebbiolo2Linux (Ubuntu 20.04.4 LTS) / x86_64  OK    OK    WARNINGS  UNNEEDED, same version is already published
tokay2Windows Server 2012 R2 Standard / x64  OK    OK    WARNINGS    OK  UNNEEDED, same version is already published
machv2macOS 10.14.6 Mojave / x86_64  OK    OK    WARNINGS    OK  UNNEEDED, same version is already published

Summary

Package: eegc
Version: 1.20.0
Command: C:\Users\biocbuild\bbs-3.14-bioc\R\bin\R.exe CMD check --force-multiarch --install=check:eegc.install-out.txt --library=C:\Users\biocbuild\bbs-3.14-bioc\R\library --no-vignettes --timings eegc_1.20.0.tar.gz
StartedAt: 2022-01-18 18:53:54 -0500 (Tue, 18 Jan 2022)
EndedAt: 2022-01-18 19:06:36 -0500 (Tue, 18 Jan 2022)
EllapsedTime: 761.9 seconds
RetCode: 0
Status:   WARNINGS  
CheckDir: eegc.Rcheck
Warnings: 2

Command output

##############################################################################
##############################################################################
###
### Running command:
###
###   C:\Users\biocbuild\bbs-3.14-bioc\R\bin\R.exe CMD check --force-multiarch --install=check:eegc.install-out.txt --library=C:\Users\biocbuild\bbs-3.14-bioc\R\library --no-vignettes --timings eegc_1.20.0.tar.gz
###
##############################################################################
##############################################################################


* using log directory 'C:/Users/biocbuild/bbs-3.14-bioc/meat/eegc.Rcheck'
* using R version 4.1.2 (2021-11-01)
* using platform: x86_64-w64-mingw32 (64-bit)
* using session charset: ISO8859-1
* using option '--no-vignettes'
* checking for file 'eegc/DESCRIPTION' ... OK
* checking extension type ... Package
* this is package 'eegc' version '1.20.0'
* checking package namespace information ... OK
* checking package dependencies ... OK
* checking if this is a source package ... OK
* checking if there is a namespace ... OK
* checking for hidden files and directories ... OK
* checking for portable file names ... OK
* checking whether package 'eegc' can be installed ... OK
* checking installed package size ... NOTE
  installed size is 11.3Mb
  sub-directories of 1Mb or more:
    data  10.5Mb
* checking package directory ... OK
* checking 'build' directory ... OK
* checking DESCRIPTION meta-information ... OK
* checking top-level files ... OK
* checking for left-over files ... OK
* checking index information ... OK
* checking package subdirectories ... OK
* checking R files for non-ASCII characters ... OK
* checking R files for syntax errors ... OK
* loading checks for arch 'i386'
** checking whether the package can be loaded ... OK
** checking whether the package can be loaded with stated dependencies ... OK
** checking whether the package can be unloaded cleanly ... OK
** checking whether the namespace can be loaded with stated dependencies ... OK
** checking whether the namespace can be unloaded cleanly ... OK
* loading checks for arch 'x64'
** checking whether the package can be loaded ... OK
** checking whether the package can be loaded with stated dependencies ... OK
** checking whether the package can be unloaded cleanly ... OK
** checking whether the namespace can be loaded with stated dependencies ... OK
** checking whether the namespace can be unloaded cleanly ... OK
* checking dependencies in R code ... OK
* checking S3 generic/method consistency ... OK
* checking replacement functions ... OK
* checking foreign function calls ... OK
* checking R code for possible problems ... NOTE
categorizeGene : <anonymous>: no visible global function definition for
  'quantile'
densityPlot: no visible binding for global variable 'density'
densityPlot: no visible global function definition for 'lines'
densityPlot: no visible global function definition for 'axis'
densityPlot: no visible global function definition for 'adjustcolor'
densityPlot: no visible global function definition for 'legend'
densityPlot : <anonymous>: no visible global function definition for
  'quantile'
densityPlot: no visible global function definition for 'text'
densityPlot: no visible global function definition for 'dev.copy2pdf'
diffGene: no visible global function definition for 'model.matrix'
diffGene: no visible binding for global variable 'treat'
diffGene: no visible binding for global variable 'control'
diffGene: no visible global function definition for 'results'
diffGene: no visible global function definition for 'p.adjust'
dotPercentage: no visible global function definition for 'lines'
dotPercentage: no visible global function definition for 'axis'
dotPercentage: no visible global function definition for 'text'
dotPercentage: no visible global function definition for 'par'
enrichment : enrichment : <anonymous>: no visible global function
  definition for 'phyper'
enrichment : enrichment: no visible global function definition for
  'p.adjust'
grnPlot: no visible global function definition for 'title'
grnPlot: no visible global function definition for 'legend'
markerScatter: no visible global function definition for
  'colorRampPalette'
markerScatter: no visible global function definition for 'points'
markerScatter: no visible global function definition for 'lm'
markerScatter: no visible global function definition for 'abline'
markerScatter: no visible global function definition for 'text'
markerScatter: no visible global function definition for 'legend'
Undefined global functions or variables:
  abline adjustcolor axis colorRampPalette control density dev.copy2pdf
  legend lines lm model.matrix p.adjust par phyper points quantile
  results text title treat
Consider adding
  importFrom("grDevices", "adjustcolor", "colorRampPalette",
             "dev.copy2pdf")
  importFrom("graphics", "abline", "axis", "legend", "lines", "par",
             "points", "text", "title")
  importFrom("stats", "density", "lm", "model.matrix", "p.adjust",
             "phyper", "quantile")
to your NAMESPACE file.
* checking Rd files ... OK
* checking Rd metadata ... OK
* checking Rd cross-references ... WARNING
Missing link or links in documentation object 'barplotEnrich.Rd':
  '[DOSE]{barplot.enrichResult}'

See section 'Cross-references' in the 'Writing R Extensions' manual.
* checking for missing documentation entries ... OK
* checking for code/documentation mismatches ... OK
* checking Rd \usage sections ... OK
* checking Rd contents ... OK
* checking for unstated dependencies in examples ... OK
* checking contents of 'data' directory ... OK
* checking data for non-ASCII characters ... OK
* checking LazyData ... WARNING
  LazyData DB of 10.5 MB without LazyDataCompression set
  See ยง1.1.6 of 'Writing R Extensions'
* checking data for ASCII and uncompressed saves ... OK
* checking installed files from 'inst/doc' ... OK
* checking files in 'vignettes' ... OK
* checking examples ...
** running examples for arch 'i386' ... OK
Examples with CPU (user + system) or elapsed time > 5s
                 user system elapsed
functionEnrich 219.97   9.45  233.97
** running examples for arch 'x64' ... OK
Examples with CPU (user + system) or elapsed time > 5s
                 user system elapsed
functionEnrich 203.35   2.26  209.72
* checking for unstated dependencies in vignettes ... NOTE
'::' or ':::' import not declared from: 'BiocStyle'
* checking package vignettes in 'inst/doc' ... OK
* checking running R code from vignettes ... SKIPPED
* checking re-building of vignette outputs ... SKIPPED
* checking PDF version of manual ... OK
* DONE

Status: 2 WARNINGs, 3 NOTEs
See
  'C:/Users/biocbuild/bbs-3.14-bioc/meat/eegc.Rcheck/00check.log'
for details.



Installation output

eegc.Rcheck/00install.out

##############################################################################
##############################################################################
###
### Running command:
###
###   C:\cygwin\bin\curl.exe -O http://155.52.207.166/BBS/3.14/bioc/src/contrib/eegc_1.20.0.tar.gz && rm -rf eegc.buildbin-libdir && mkdir eegc.buildbin-libdir && C:\Users\biocbuild\bbs-3.14-bioc\R\bin\R.exe CMD INSTALL --merge-multiarch --build --library=eegc.buildbin-libdir eegc_1.20.0.tar.gz && C:\Users\biocbuild\bbs-3.14-bioc\R\bin\R.exe CMD INSTALL eegc_1.20.0.zip && rm eegc_1.20.0.tar.gz eegc_1.20.0.zip
###
##############################################################################
##############################################################################


  % Total    % Received % Xferd  Average Speed   Time    Time     Time  Current
                                 Dload  Upload   Total   Spent    Left  Speed

  0     0    0     0    0     0      0      0 --:--:-- --:--:-- --:--:--     0
 28 9086k   28 2622k    0     0  3631k      0  0:00:02 --:--:--  0:00:02 3631k
 92 9086k   92 8429k    0     0  4879k      0  0:00:01  0:00:01 --:--:-- 4878k
100 9086k  100 9086k    0     0  5007k      0  0:00:01  0:00:01 --:--:-- 5006k

install for i386

* installing *source* package 'eegc' ...
** using staged installation
** R
** data
*** moving datasets to lazyload DB
** inst
** byte-compile and prepare package for lazy loading
** help
*** installing help indices
  converting help for package 'eegc'
    finding HTML links ... done
    SandlerFPKM                             html  
    barplotEnrich                           html  
    cate.gene                               html  
    cate.ratio                              html  
    categorizeGene                          html  
    densityPlot                             html  
    diffGene                                html  
    diffgene.genes                          html  
    dotPercentage                           html  
    eegc                                    html  
    enrichment                              html  
    expr.filter                             html  
    functionEnrich                          html  
    goenrich                                html  
    grnPlot                                 html  
    heatmapPlot                             html  
    human.gene                              html  
    human.grn                               html  
    human.tf                                html  
    markerScatter                           html  
    markers                                 html  
    mouse.gene                              html  
    mouse.grn                               html  
    mouse.tf                                html  
    networkAnalyze                          html  
    tissueGenes                             html  
    tissueGroup                             html  
** building package indices
** installing vignettes
   'eegc.Rnw' 
** testing if installed package can be loaded from temporary location
** testing if installed package can be loaded from final location
** testing if installed package keeps a record of temporary installation path

install for x64

* installing *source* package 'eegc' ...
** testing if installed package can be loaded
* MD5 sums
packaged installation of 'eegc' as eegc_1.20.0.zip
* DONE (eegc)
* installing to library 'C:/Users/biocbuild/bbs-3.14-bioc/R/library'
package 'eegc' successfully unpacked and MD5 sums checked

Tests output


Example timings

eegc.Rcheck/examples_i386/eegc-Ex.timings

nameusersystemelapsed
barplotEnrich000
categorizeGene0.040.040.09
densityPlot000
diffGene0.390.050.44
dotPercentage0.000.010.01
enrichment2.090.162.25
functionEnrich219.97 9.45233.97
grnPlot000
heatmapPlot0.310.020.33
markerScatter0.230.000.23
networkAnalyze0.140.000.14

eegc.Rcheck/examples_x64/eegc-Ex.timings

nameusersystemelapsed
barplotEnrich000
categorizeGene0.070.000.08
densityPlot0.020.000.02
diffGene1.200.011.22
dotPercentage0.020.000.01
enrichment2.730.102.83
functionEnrich203.35 2.26209.72
grnPlot000
heatmapPlot0.340.000.86
markerScatter0.360.000.36
networkAnalyze0.140.000.14