Back to Multiple platform build/check report for BioC 3.14
ABC[D]EFGHIJKLMNOPQRSTUVWXYZ

This page was generated on 2021-12-01 17:18:16 -0500 (Wed, 01 Dec 2021).

CHECK results for diggit on machv2

To the developers/maintainers of the diggit package:
- Please allow up to 24 hours (and sometimes 48 hours) for your latest push to git@git.bioconductor.org:packages/diggit.git to
reflect on this report. See How and When does the builder pull? When will my changes propagate? here for more information.
- Make sure to use the following settings in order to reproduce any error or warning you see on this page.

raw results

Package 512/2083HostnameOS / ArchINSTALLBUILDCHECKBUILD BIN
diggit 1.26.0  (landing page)
Mariano J Alvarez
Snapshot Date: 2021-11-30 04:15:05 -0500 (Tue, 30 Nov 2021)
git_url: https://git.bioconductor.org/packages/diggit
git_branch: RELEASE_3_14
git_last_commit: 73cd356
git_last_commit_date: 2021-10-26 12:19:08 -0500 (Tue, 26 Oct 2021)
nebbiolo2Linux (Ubuntu 20.04.3 LTS) / x86_64  OK    OK    WARNINGS  UNNEEDED, same version is already published
tokay2Windows Server 2012 R2 Standard / x64  OK    OK    WARNINGS    OK  UNNEEDED, same version is already published
machv2macOS 10.14.6 Mojave / x86_64  OK    OK    WARNINGS    OK  UNNEEDED, same version is already published

Summary

Package: diggit
Version: 1.26.0
Command: /Library/Frameworks/R.framework/Resources/bin/R CMD check --install=check:diggit.install-out.txt --library=/Library/Frameworks/R.framework/Resources/library --no-vignettes --timings diggit_1.26.0.tar.gz
StartedAt: 2021-11-30 15:53:01 -0500 (Tue, 30 Nov 2021)
EndedAt: 2021-11-30 15:56:40 -0500 (Tue, 30 Nov 2021)
EllapsedTime: 218.9 seconds
RetCode: 0
Status:   WARNINGS  
CheckDir: diggit.Rcheck
Warnings: 3

Command output

##############################################################################
##############################################################################
###
### Running command:
###
###   /Library/Frameworks/R.framework/Resources/bin/R CMD check --install=check:diggit.install-out.txt --library=/Library/Frameworks/R.framework/Resources/library --no-vignettes --timings diggit_1.26.0.tar.gz
###
##############################################################################
##############################################################################


* using log directory ‘/Users/biocbuild/bbs-3.14-bioc/meat/diggit.Rcheck’
* using R version 4.1.2 (2021-11-01)
* using platform: x86_64-apple-darwin17.0 (64-bit)
* using session charset: UTF-8
* using option ‘--no-vignettes’
* checking for file ‘diggit/DESCRIPTION’ ... OK
* this is package ‘diggit’ version ‘1.26.0’
* checking package namespace information ... OK
* checking package dependencies ... OK
* checking if this is a source package ... OK
* checking if there is a namespace ... OK
* checking for hidden files and directories ... OK
* checking for portable file names ... OK
* checking for sufficient/correct file permissions ... OK
* checking whether package ‘diggit’ can be installed ... OK
* checking installed package size ... OK
* checking package directory ... OK
* checking ‘build’ directory ... OK
* checking DESCRIPTION meta-information ... NOTE
Malformed Description field: should contain one or more complete sentences.
* checking top-level files ... OK
* checking for left-over files ... OK
* checking index information ... OK
* checking package subdirectories ... WARNING
Invalid citation information in ‘inst/CITATION’:
  Error in citeEntry(entry = "article", author = c(person(c("Mariano", "J"),     "Alvarez"), person(c("James", "C"), "Chen"), person("Andrea",     "Califano")), title = "{DIGGIT}: a Bioconductor package to infer genetic variants driving cellular phenotypes",     journal = "Bioinformatics", year = 2015, volume = 31, number = 24,     pages = "4032--4", textVersion = "Alvarez, M.J., Chen, J.C., and Califano, A. (2015) DIGGIT: a Bioconductor package to infer genetic variants driving cellular phenotypes. Bioinformatics 31(24):4032--4."): could not find function "citeEntry"
* checking R files for non-ASCII characters ... OK
* checking R files for syntax errors ... OK
* checking whether the package can be loaded ... OK
* checking whether the package can be loaded with stated dependencies ... OK
* checking whether the package can be unloaded cleanly ... OK
* checking whether the namespace can be loaded with stated dependencies ... OK
* checking whether the namespace can be unloaded cleanly ... OK
* checking dependencies in R code ... OK
* checking S3 generic/method consistency ... OK
* checking replacement functions ... OK
* checking foreign function calls ... OK
* checking R code for possible problems ... NOTE
aecdf: no visible global function definition for ‘quantile’
aecdf: no visible global function definition for ‘ecdf’
aecdf: no visible global function definition for ‘knots’
aecdf: no visible global function definition for ‘lm’
aecdf: no visible global function definition for ‘approxfun’
aecdf : dnull: no visible global function definition for ‘predict’
aecdf : dnull: no visible global function definition for ‘qnorm’
conditionalInternal: no visible global function definition for
  ‘p.adjust’
conditionalInternal : <anonymous>: no visible global function
  definition for ‘fisher.test’
conditionalInternal: no visible global function definition for ‘hclust’
conditionalInternal: no visible global function definition for
  ‘as.dist’
conditionalInternal: no visible global function definition for ‘cutree’
conditionalInternal : <anonymous> : <anonymous> : <anonymous>: no
  visible global function definition for ‘fisher.test’
conditionalInternal : <anonymous> : <anonymous>: no visible global
  function definition for ‘fisher.test’
correlation : <anonymous>: no visible global function definition for
  ‘cor’
correlation: no visible global function definition for ‘cor’
cortest: no visible global function definition for ‘pnorm’
distMode: no visible global function definition for ‘density’
fet: no visible global function definition for ‘fisher.test’
internalMIfb: no visible global function definition for ‘dnorm’
mutualInfo: no visible global function definition for ‘qnorm’
mutualInfo: no visible global function definition for ‘combn’
mutualInfo: no visible global function definition for ‘txtProgressBar’
mutualInfo : <anonymous>: no visible global function definition for
  ‘setTxtProgressBar’
plothm: no visible global function definition for ‘rgb2hsv’
plothm: no visible global function definition for ‘col2rgb’
plothm: no visible global function definition for ‘hsv’
plothm: no visible global function definition for ‘image’
plothm: no visible global function definition for ‘box’
aqtl,diggit: no visible global function definition for ‘p.adjust’
aqtl,diggit: no visible global function definition for ‘pnorm’
conditional,diggit: no visible global function definition for
  ‘p.adjust’
conditional,diggit: no visible global function definition for ‘pnorm’
conditional,diggit: no visible global function definition for
  ‘txtProgressBar’
conditional,diggit : <anonymous>: no visible global function definition
  for ‘setTxtProgressBar’
marina,matrix: no visible global function definition for ‘qnorm’
mindyFiltering,diggit: no visible global function definition for
  ‘p.adjust’
plot,diggit-ANY: no visible global function definition for ‘abline’
plot,diggit-ANY: no visible global function definition for ‘text’
plot,diggit-ANY: no visible global function definition for ‘axis’
Undefined global functions or variables:
  abline approxfun as.dist axis box col2rgb combn cor cutree density
  dnorm ecdf fisher.test hclust hsv image knots lm p.adjust pnorm
  predict qnorm quantile rgb2hsv setTxtProgressBar text txtProgressBar
Consider adding
  importFrom("grDevices", "col2rgb", "hsv", "rgb2hsv")
  importFrom("graphics", "abline", "axis", "box", "image", "text")
  importFrom("stats", "approxfun", "as.dist", "cor", "cutree", "density",
             "dnorm", "ecdf", "fisher.test", "hclust", "knots", "lm",
             "p.adjust", "pnorm", "predict", "qnorm", "quantile")
  importFrom("utils", "combn", "setTxtProgressBar", "txtProgressBar")
to your NAMESPACE file.
* checking Rd files ... OK
* checking Rd metadata ... OK
* checking Rd cross-references ... OK
* checking for missing documentation entries ... WARNING
Undocumented S4 methods:
  generic 'plot' and siglist 'diggit,ANY'
All user-level objects in a package (including S4 classes and methods)
should have documentation entries.
See chapter ‘Writing R documentation files’ in the ‘Writing R
Extensions’ manual.
* checking for code/documentation mismatches ... WARNING
Codoc mismatches from documentation object 'aecdf':
aecdf
  Code: function(dnull, symmetric = FALSE, n = 100)
  Docs: function(dnull, symmetric = FALSE)
  Argument names in code not in docs:
    n

* checking Rd \usage sections ... OK
* checking Rd contents ... OK
* checking for unstated dependencies in examples ... OK
* checking sizes of PDF files under ‘inst/doc’ ... OK
* checking files in ‘vignettes’ ... OK
* checking examples ... OK
Examples with CPU (user + system) or elapsed time > 5s
                       user system elapsed
marina-methods      128.505 26.842  53.447
conditional-methods  18.958  2.180  21.155
aqtl-methods         17.072  2.500  19.588
diggit-plot          17.555  1.923  19.500
diggit-methods        7.573  0.252   7.831
* checking for unstated dependencies in vignettes ... OK
* checking package vignettes in ‘inst/doc’ ... OK
* checking running R code from vignettes ... SKIPPED
* checking re-building of vignette outputs ... SKIPPED
* checking PDF version of manual ... OK
* DONE

Status: 3 WARNINGs, 2 NOTEs
See
  ‘/Users/biocbuild/bbs-3.14-bioc/meat/diggit.Rcheck/00check.log’
for details.



Installation output

diggit.Rcheck/00install.out

##############################################################################
##############################################################################
###
### Running command:
###
###   /Library/Frameworks/R.framework/Resources/bin/R CMD INSTALL diggit
###
##############################################################################
##############################################################################


* installing to library ‘/Library/Frameworks/R.framework/Versions/4.1/Resources/library’
* installing *source* package ‘diggit’ ...
** using staged installation
** R
** inst
** byte-compile and prepare package for lazy loading
** help
*** installing help indices
** building package indices
** installing vignettes
** testing if installed package can be loaded from temporary location
** testing if installed package can be loaded from final location
** testing if installed package keeps a record of temporary installation path
* DONE (diggit)

Tests output


Example timings

diggit.Rcheck/diggit-Ex.timings

nameusersystemelapsed
aqtl-methods17.072 2.50019.588
conditional-methods18.958 2.18021.155
correlation0.0000.0010.001
diggit-class1.9300.0261.956
diggit-methods7.5730.2527.831
diggit-plot17.555 1.92319.500
fcnv-methods2.3240.0542.380
marina-methods128.505 26.842 53.447
mutualInfo3.7320.0813.835