Back to Multiple platform build/check report for BioC 3.14
AB[C]DEFGHIJKLMNOPQRSTUVWXYZ

This page was generated on 2022-01-19 13:06:20 -0500 (Wed, 19 Jan 2022).

HostnameOSArch (*)R versionInstalled pkgs
nebbiolo2Linux (Ubuntu 20.04.4 LTS)x86_644.1.2 (2021-11-01) -- "Bird Hippie" 4328
tokay2Windows Server 2012 R2 Standardx644.1.2 (2021-11-01) -- "Bird Hippie" 4077
machv2macOS 10.14.6 Mojavex86_644.1.2 (2021-11-01) -- "Bird Hippie" 4138
Click on any hostname to see more info about the system (e.g. compilers)      (*) as reported by 'uname -p', except on Windows and Mac OS X

CHECK results for ccmap on tokay2


To the developers/maintainers of the ccmap package:
- Please allow up to 24 hours (and sometimes 48 hours) for your latest push to git@git.bioconductor.org:packages/ccmap.git to
reflect on this report. See How and When does the builder pull? When will my changes propagate? here for more information.
- Make sure to use the following settings in order to reproduce any error or warning you see on this page.

raw results

Package 257/2083HostnameOS / ArchINSTALLBUILDCHECKBUILD BIN
ccmap 1.20.0  (landing page)
Alex Pickering
Snapshot Date: 2022-01-18 01:55:07 -0500 (Tue, 18 Jan 2022)
git_url: https://git.bioconductor.org/packages/ccmap
git_branch: RELEASE_3_14
git_last_commit: d35437b
git_last_commit_date: 2021-10-26 12:28:42 -0500 (Tue, 26 Oct 2021)
nebbiolo2Linux (Ubuntu 20.04.4 LTS) / x86_64  OK    OK    WARNINGS  UNNEEDED, same version is already published
tokay2Windows Server 2012 R2 Standard / x64  OK    OK    WARNINGS    OK  UNNEEDED, same version is already published
machv2macOS 10.14.6 Mojave / x86_64  OK    OK    WARNINGS    OK  UNNEEDED, same version is already published

Summary

Package: ccmap
Version: 1.20.0
Command: C:\Users\biocbuild\bbs-3.14-bioc\R\bin\R.exe CMD check --force-multiarch --install=check:ccmap.install-out.txt --library=C:\Users\biocbuild\bbs-3.14-bioc\R\library --no-vignettes --timings ccmap_1.20.0.tar.gz
StartedAt: 2022-01-18 16:48:54 -0500 (Tue, 18 Jan 2022)
EndedAt: 2022-01-18 16:54:33 -0500 (Tue, 18 Jan 2022)
EllapsedTime: 338.6 seconds
RetCode: 0
Status:   WARNINGS  
CheckDir: ccmap.Rcheck
Warnings: 1

Command output

##############################################################################
##############################################################################
###
### Running command:
###
###   C:\Users\biocbuild\bbs-3.14-bioc\R\bin\R.exe CMD check --force-multiarch --install=check:ccmap.install-out.txt --library=C:\Users\biocbuild\bbs-3.14-bioc\R\library --no-vignettes --timings ccmap_1.20.0.tar.gz
###
##############################################################################
##############################################################################


* using log directory 'C:/Users/biocbuild/bbs-3.14-bioc/meat/ccmap.Rcheck'
* using R version 4.1.2 (2021-11-01)
* using platform: x86_64-w64-mingw32 (64-bit)
* using session charset: ISO8859-1
* using option '--no-vignettes'
* checking for file 'ccmap/DESCRIPTION' ... OK
* checking extension type ... Package
* this is package 'ccmap' version '1.20.0'
* package encoding: UTF-8
* checking package namespace information ... OK
* checking package dependencies ... OK
* checking if this is a source package ... OK
* checking if there is a namespace ... OK
* checking for hidden files and directories ... OK
* checking for portable file names ... OK
* checking whether package 'ccmap' can be installed ... OK
* checking installed package size ... OK
* checking package directory ... OK
* checking 'build' directory ... OK
* checking DESCRIPTION meta-information ... OK
* checking top-level files ... OK
* checking for left-over files ... OK
* checking index information ... OK
* checking package subdirectories ... OK
* checking R files for non-ASCII characters ... OK
* checking R files for syntax errors ... OK
* loading checks for arch 'i386'
** checking whether the package can be loaded ... OK
** checking whether the package can be loaded with stated dependencies ... OK
** checking whether the package can be unloaded cleanly ... OK
** checking whether the namespace can be loaded with stated dependencies ... OK
** checking whether the namespace can be unloaded cleanly ... OK
* loading checks for arch 'x64'
** checking whether the package can be loaded ... OK
** checking whether the package can be loaded with stated dependencies ... OK
** checking whether the package can be unloaded cleanly ... OK
** checking whether the namespace can be loaded with stated dependencies ... OK
** checking whether the namespace can be unloaded cleanly ... OK
* checking dependencies in R code ... NOTE
Namespace in Imports field not imported from: 'lsa'
  All declared Imports should be used.
Unexported object imported by a ':::' call: 'xgboost:::predict.xgb.Booster'
  See the note in ?`:::` about the use of this operator.
* checking S3 generic/method consistency ... OK
* checking replacement functions ... OK
* checking foreign function calls ... OK
* checking R code for possible problems ... OK
* checking Rd files ... OK
* checking Rd metadata ... OK
* checking Rd cross-references ... WARNING
Missing link or links in documentation object 'query_drugs.Rd':
  '[crossmeta]{diff_path}' '[crossmeta]{path_meta}'

See section 'Cross-references' in the 'Writing R Extensions' manual.
* checking for missing documentation entries ... OK
* checking for code/documentation mismatches ... OK
* checking Rd \usage sections ... OK
* checking Rd contents ... OK
* checking for unstated dependencies in examples ... OK
* checking files in 'vignettes' ... OK
* checking examples ...
** running examples for arch 'i386' ... OK
Examples with CPU (user + system) or elapsed time > 5s
              user system elapsed
query_combos 31.89   0.86   41.44
query_drugs  25.95   0.78   27.08
get_dprimes  22.36   1.38   37.51
** running examples for arch 'x64' ... OK
Examples with CPU (user + system) or elapsed time > 5s
              user system elapsed
query_combos 21.20   0.67   28.86
query_drugs  20.59   0.38   20.96
get_dprimes  13.53   0.30   13.83
* checking for unstated dependencies in 'tests' ... OK
* checking tests ...
** running tests for arch 'i386' ...
  Running 'testthat.R'
 OK
** running tests for arch 'x64' ...
  Running 'testthat.R'
 OK
* checking for unstated dependencies in vignettes ... OK
* checking package vignettes in 'inst/doc' ... OK
* checking running R code from vignettes ... SKIPPED
* checking re-building of vignette outputs ... SKIPPED
* checking PDF version of manual ... OK
* DONE

Status: 1 WARNING, 1 NOTE
See
  'C:/Users/biocbuild/bbs-3.14-bioc/meat/ccmap.Rcheck/00check.log'
for details.



Installation output

ccmap.Rcheck/00install.out

##############################################################################
##############################################################################
###
### Running command:
###
###   C:\cygwin\bin\curl.exe -O http://155.52.207.166/BBS/3.14/bioc/src/contrib/ccmap_1.20.0.tar.gz && rm -rf ccmap.buildbin-libdir && mkdir ccmap.buildbin-libdir && C:\Users\biocbuild\bbs-3.14-bioc\R\bin\R.exe CMD INSTALL --merge-multiarch --build --library=ccmap.buildbin-libdir ccmap_1.20.0.tar.gz && C:\Users\biocbuild\bbs-3.14-bioc\R\bin\R.exe CMD INSTALL ccmap_1.20.0.zip && rm ccmap_1.20.0.tar.gz ccmap_1.20.0.zip
###
##############################################################################
##############################################################################


  % Total    % Received % Xferd  Average Speed   Time    Time     Time  Current
                                 Dload  Upload   Total   Spent    Left  Speed

  0     0    0     0    0     0      0      0 --:--:-- --:--:-- --:--:--     0
100 61015  100 61015    0     0   561k      0 --:--:-- --:--:-- --:--:--  567k

install for i386

* installing *source* package 'ccmap' ...
** using staged installation
** R
** byte-compile and prepare package for lazy loading
** help
*** installing help indices
  converting help for package 'ccmap'
    finding HTML links ... done
    get_dprimes                             html  
    query_combos                            html  
    query_drugs                             html  
    sum_rowcolCumsum                        html  
** building package indices
** installing vignettes
** testing if installed package can be loaded from temporary location
** testing if installed package can be loaded from final location
** testing if installed package keeps a record of temporary installation path

install for x64

* installing *source* package 'ccmap' ...
** testing if installed package can be loaded
* MD5 sums
packaged installation of 'ccmap' as ccmap_1.20.0.zip
* DONE (ccmap)
* installing to library 'C:/Users/biocbuild/bbs-3.14-bioc/R/library'
package 'ccmap' successfully unpacked and MD5 sums checked

Tests output

ccmap.Rcheck/tests_i386/testthat.Rout


R version 4.1.2 (2021-11-01) -- "Bird Hippie"
Copyright (C) 2021 The R Foundation for Statistical Computing
Platform: i386-w64-mingw32/i386 (32-bit)

R is free software and comes with ABSOLUTELY NO WARRANTY.
You are welcome to redistribute it under certain conditions.
Type 'license()' or 'licence()' for distribution details.

R is a collaborative project with many contributors.
Type 'contributors()' for more information and
'citation()' on how to cite R or R packages in publications.

Type 'demo()' for some demos, 'help()' for on-line help, or
'help.start()' for an HTML browser interface to help.
Type 'q()' to quit R.

> library(testthat)
> library(ccmap)
> 
> test_check("ccmap")
[ FAIL 0 | WARN 0 | SKIP 0 | PASS 126 ]
> 
> proc.time()
   user  system elapsed 
   5.64    0.40    6.01 

ccmap.Rcheck/tests_x64/testthat.Rout


R version 4.1.2 (2021-11-01) -- "Bird Hippie"
Copyright (C) 2021 The R Foundation for Statistical Computing
Platform: x86_64-w64-mingw32/x64 (64-bit)

R is free software and comes with ABSOLUTELY NO WARRANTY.
You are welcome to redistribute it under certain conditions.
Type 'license()' or 'licence()' for distribution details.

R is a collaborative project with many contributors.
Type 'contributors()' for more information and
'citation()' on how to cite R or R packages in publications.

Type 'demo()' for some demos, 'help()' for on-line help, or
'help.start()' for an HTML browser interface to help.
Type 'q()' to quit R.

> library(testthat)
> library(ccmap)
> 
> test_check("ccmap")
[ FAIL 0 | WARN 0 | SKIP 0 | PASS 126 ]
> 
> proc.time()
   user  system elapsed 
   7.17    0.23    7.39 

Example timings

ccmap.Rcheck/examples_i386/ccmap-Ex.timings

nameusersystemelapsed
get_dprimes22.36 1.3837.51
query_combos31.89 0.8641.44
query_drugs25.95 0.7827.08
sum_rowcolCumsum000

ccmap.Rcheck/examples_x64/ccmap-Ex.timings

nameusersystemelapsed
get_dprimes13.53 0.3013.83
query_combos21.20 0.6728.86
query_drugs20.59 0.3820.96
sum_rowcolCumsum000