Back to Multiple platform build/check report for BioC 3.14
A[B]CDEFGHIJKLMNOPQRSTUVWXYZ

This page was generated on 2021-11-29 15:05:48 -0500 (Mon, 29 Nov 2021).

CHECK results for biovizBase on machv2

To the developers/maintainers of the biovizBase package:
- Please allow up to 24 hours (and sometimes 48 hours) for your latest push to git@git.bioconductor.org:packages/biovizBase.git to
reflect on this report. See How and When does the builder pull? When will my changes propagate? here for more information.
- Make sure to use the following settings in order to reproduce any error or warning you see on this page.

raw results

Package 196/2083HostnameOS / ArchINSTALLBUILDCHECKBUILD BIN
biovizBase 1.42.0  (landing page)
Michael Lawrence
Snapshot Date: 2021-11-28 04:15:06 -0500 (Sun, 28 Nov 2021)
git_url: https://git.bioconductor.org/packages/biovizBase
git_branch: RELEASE_3_14
git_last_commit: f1627b2
git_last_commit_date: 2021-10-26 12:00:34 -0500 (Tue, 26 Oct 2021)
nebbiolo2Linux (Ubuntu 20.04.3 LTS) / x86_64  OK    OK    WARNINGS  UNNEEDED, same version is already published
tokay2Windows Server 2012 R2 Standard / x64  OK    OK    WARNINGS    OK  UNNEEDED, same version is already published
machv2macOS 10.14.6 Mojave / x86_64  OK    OK    WARNINGS    OK  UNNEEDED, same version is already published

Summary

Package: biovizBase
Version: 1.42.0
Command: /Library/Frameworks/R.framework/Resources/bin/R CMD check --install=check:biovizBase.install-out.txt --library=/Library/Frameworks/R.framework/Resources/library --no-vignettes --timings biovizBase_1.42.0.tar.gz
StartedAt: 2021-11-28 14:08:53 -0500 (Sun, 28 Nov 2021)
EndedAt: 2021-11-28 14:16:04 -0500 (Sun, 28 Nov 2021)
EllapsedTime: 430.8 seconds
RetCode: 0
Status:   WARNINGS  
CheckDir: biovizBase.Rcheck
Warnings: 1

Command output

##############################################################################
##############################################################################
###
### Running command:
###
###   /Library/Frameworks/R.framework/Resources/bin/R CMD check --install=check:biovizBase.install-out.txt --library=/Library/Frameworks/R.framework/Resources/library --no-vignettes --timings biovizBase_1.42.0.tar.gz
###
##############################################################################
##############################################################################


* using log directory ‘/Users/biocbuild/bbs-3.14-bioc/meat/biovizBase.Rcheck’
* using R version 4.1.2 (2021-11-01)
* using platform: x86_64-apple-darwin17.0 (64-bit)
* using session charset: UTF-8
* using option ‘--no-vignettes’
* checking for file ‘biovizBase/DESCRIPTION’ ... OK
* this is package ‘biovizBase’ version ‘1.42.0’
* checking package namespace information ... OK
* checking package dependencies ... OK
* checking if this is a source package ... OK
* checking if there is a namespace ... OK
* checking for hidden files and directories ... OK
* checking for portable file names ... OK
* checking for sufficient/correct file permissions ... OK
* checking whether package ‘biovizBase’ can be installed ... OK
* checking installed package size ... OK
* checking package directory ... OK
* checking ‘build’ directory ... OK
* checking DESCRIPTION meta-information ... NOTE
Malformed Title field: should not end in a period.
* checking top-level files ... OK
* checking for left-over files ... OK
* checking index information ... OK
* checking package subdirectories ... OK
* checking R files for non-ASCII characters ... OK
* checking R files for syntax errors ... OK
* checking whether the package can be loaded ... OK
* checking whether the package can be loaded with stated dependencies ... OK
* checking whether the package can be unloaded cleanly ... OK
* checking whether the namespace can be loaded with stated dependencies ... OK
* checking whether the namespace can be unloaded cleanly ... OK
* checking dependencies in R code ... NOTE
'library' or 'require' calls in package code:
  'BSgenome' 'rtracklayer'
  Please use :: or requireNamespace() instead.
  See section 'Suggested packages' in the 'Writing R Extensions' manual.
* checking S3 generic/method consistency ... OK
* checking replacement functions ... OK
* checking foreign function calls ... OK
* checking R code for possible problems ... NOTE
genSymbols: no visible binding for global variable 'start_location'
genSymbols: no visible binding for global variable 'end_location'
genSymbols: no visible binding for global variable 'Chromosome'
genSymbols: no visible binding for global variable 'symbol'
transformToLinkInCircle: no visible binding for global variable
  '.circle.x'
transformToLinkInCircle: no visible binding for global variable
  '.circle.y'
transformToLinkInCircle : <anonymous>: no visible binding for global
  variable 'from.x'
transformToLinkInCircle : <anonymous>: no visible binding for global
  variable 'from.y'
transformToLinkInCircle : <anonymous>: no visible binding for global
  variable 'to.x'
transformToLinkInCircle : <anonymous>: no visible binding for global
  variable 'to.y'
mold,ExpressionSet: no visible global function definition for 'exprs'
mold,ExpressionSet: no visible global function definition for 'pData'
mold,RleList: no visible binding for global variable 'xRleList'
mold,eSet: no visible global function definition for 'phenoData'
mold,eSet: no visible global function definition for 'melt'
mold,eSet: no visible global function definition for 'varLabels'
Undefined global functions or variables:
  .circle.x .circle.y Chromosome end_location exprs from.x from.y melt
  pData phenoData start_location symbol to.x to.y varLabels xRleList
* checking Rd files ... OK
* checking Rd metadata ... OK
* checking Rd cross-references ... OK
* checking for missing documentation entries ... OK
* checking for code/documentation mismatches ... OK
* checking Rd \usage sections ... OK
* checking Rd contents ... OK
* checking for unstated dependencies in examples ... OK
* checking contents of ‘data’ directory ... OK
* checking data for non-ASCII characters ... OK
* checking LazyData ... OK
* checking data for ASCII and uncompressed saves ... OK
* checking line endings in C/C++/Fortran sources/headers ... OK
* checking compiled code ... NOTE
Note: information on .o files is not available
* checking sizes of PDF files under ‘inst/doc’ ... OK
* checking files in ‘vignettes’ ... OK
* checking examples ... WARNING
Found the following significant warnings:

  Warning: 'GenenameFilter' is deprecated.
Deprecated functions may be defunct as soon as of the next release of
R.
See ?Deprecated.
Examples with CPU (user + system) or elapsed time > 5s
                user system elapsed
crunch-method 23.536  0.874  24.719
* checking for unstated dependencies in ‘tests’ ... OK
* checking tests ...
  Running ‘runTests.R’
 OK
* checking for unstated dependencies in vignettes ... OK
* checking package vignettes in ‘inst/doc’ ... OK
* checking running R code from vignettes ... SKIPPED
* checking re-building of vignette outputs ... SKIPPED
* checking PDF version of manual ... OK
* DONE

Status: 1 WARNING, 4 NOTEs
See
  ‘/Users/biocbuild/bbs-3.14-bioc/meat/biovizBase.Rcheck/00check.log’
for details.



Installation output

biovizBase.Rcheck/00install.out

##############################################################################
##############################################################################
###
### Running command:
###
###   /Library/Frameworks/R.framework/Resources/bin/R CMD INSTALL biovizBase
###
##############################################################################
##############################################################################


* installing to library ‘/Library/Frameworks/R.framework/Versions/4.1/Resources/library’
* installing *source* package ‘biovizBase’ ...
** using staged installation
** libs
clang -mmacosx-version-min=10.13 -I"/Library/Frameworks/R.framework/Resources/include" -DNDEBUG   -I/usr/local/include   -fPIC  -Wall -g -O2  -c R_init_biovizBase.c -o R_init_biovizBase.o
clang -mmacosx-version-min=10.13 -I"/Library/Frameworks/R.framework/Resources/include" -DNDEBUG   -I/usr/local/include   -fPIC  -Wall -g -O2  -c bin_offsets.c -o bin_offsets.o
bin_offsets.c:57:15: warning: passing 'Rbyte *' (aka 'unsigned char *') to parameter of type 'const char *' converts between pointers to integer types with different sign [-Wpointer-sign]
  if (strncmp(b, "BAI\1", 4))
              ^
/Library/Developer/CommandLineTools/SDKs/MacOSX10.14.sdk/usr/include/string.h:84:26: note: passing argument to parameter '__s1' here
int      strncmp(const char *__s1, const char *__s2, size_t __n);
                             ^
1 warning generated.
clang -mmacosx-version-min=10.13 -dynamiclib -Wl,-headerpad_max_install_names -undefined dynamic_lookup -single_module -multiply_defined suppress -L/Library/Frameworks/R.framework/Resources/lib -L/usr/local/lib -o biovizBase.so R_init_biovizBase.o bin_offsets.o -F/Library/Frameworks/R.framework/.. -framework R -Wl,-framework -Wl,CoreFoundation
installing to /Library/Frameworks/R.framework/Versions/4.1/Resources/library/00LOCK-biovizBase/00new/biovizBase/libs
** R
** data
*** moving datasets to lazyload DB
** inst
** byte-compile and prepare package for lazy loading
** help
*** installing help indices
** building package indices
** installing vignettes
** testing if installed package can be loaded from temporary location
** checking absolute paths in shared objects and dynamic libraries
** testing if installed package can be loaded from final location
** testing if installed package keeps a record of temporary installation path
* DONE (biovizBase)

Tests output

biovizBase.Rcheck/tests/runTests.Rout


R version 4.1.2 (2021-11-01) -- "Bird Hippie"
Copyright (C) 2021 The R Foundation for Statistical Computing
Platform: x86_64-apple-darwin17.0 (64-bit)

R is free software and comes with ABSOLUTELY NO WARRANTY.
You are welcome to redistribute it under certain conditions.
Type 'license()' or 'licence()' for distribution details.

R is a collaborative project with many contributors.
Type 'contributors()' for more information and
'citation()' on how to cite R or R packages in publications.

Type 'demo()' for some demos, 'help()' for on-line help, or
'help.start()' for an HTML browser interface to help.
Type 'q()' to quit R.

> BiocGenerics:::testPackage("biovizBase")
Loading required package: ensembldb
Loading required package: BiocGenerics

Attaching package: 'BiocGenerics'

The following objects are masked from 'package:stats':

    IQR, mad, sd, var, xtabs

The following objects are masked from 'package:base':

    Filter, Find, Map, Position, Reduce, anyDuplicated, append,
    as.data.frame, basename, cbind, colnames, dirname, do.call,
    duplicated, eval, evalq, get, grep, grepl, intersect, is.unsorted,
    lapply, mapply, match, mget, order, paste, pmax, pmax.int, pmin,
    pmin.int, rank, rbind, rownames, sapply, setdiff, sort, table,
    tapply, union, unique, unsplit, which.max, which.min

Loading required package: GenomicRanges
Loading required package: stats4
Loading required package: S4Vectors

Attaching package: 'S4Vectors'

The following objects are masked from 'package:base':

    I, expand.grid, unname

Loading required package: IRanges
Loading required package: GenomeInfoDb
Loading required package: GenomicFeatures
Loading required package: AnnotationDbi
Loading required package: Biobase
Welcome to Bioconductor

    Vignettes contain introductory material; view with
    'browseVignettes()'. To cite Bioconductor, see
    'citation("Biobase")', and for packages 'citation("pkgname")'.

Loading required package: AnnotationFilter

Attaching package: 'ensembldb'

The following object is masked from 'package:stats':

    filter

Fetching data...OK
Parsing exons...OK
Defining introns...OK
Defining UTRs...OK
Defining CDS...OK
aggregating...
Done
Fetching data...OK
Parsing exons...OK
Defining introns...OK
Defining UTRs...OK
Defining CDS...OK
aggregating...
Done
Fetching data...Fetching data...OK
Parsing exons...OK
Defining introns...OK
Defining UTRs...OK
Defining CDS...OK
aggregating...
Done
Fetching data...OK
Parsing exons...OK
Defining introns...OK
Defining UTRs...OK
Defining CDS...OK
aggregating...
Done
Fetching data...OK
Parsing exons...OK
Defining introns...OK
Defining UTRs...OK
Defining CDS...OK
aggregating...
Done
Fetching data...OK
Parsing exons...OK
Defining introns...OK
Defining UTRs...OK
Defining CDS...OK
aggregating...
Done


RUNIT TEST PROTOCOL -- Sun Nov 28 14:15:55 2021 
*********************************************** 
Number of test functions: 1 
Number of errors: 0 
Number of failures: 0 

 
1 Test Suite : 
biovizBase RUnit Tests - 1 test function, 0 errors, 0 failures
Number of test functions: 1 
Number of errors: 0 
Number of failures: 0 
Warning message:
'GenenameFilter' is deprecated.
Use 'GeneNameFilter' instead.
See help("Deprecated") 
> 
> proc.time()
   user  system elapsed 
 28.506   1.098  29.711 

Example timings

biovizBase.Rcheck/biovizBase-Ex.timings

nameusersystemelapsed
CRC0.0030.0020.005
GCcontent0.6470.0260.674
addStepping-method1.2220.0931.318
aes-utils0.0010.0000.000
colorBlindSafePal0.0000.0010.001
containLetters0.0010.0000.001
crc1.GeRL0.1110.0050.116
crunch-method23.536 0.87424.719
darned_hg19_subset5000.0260.0020.029
flatGrl0.3540.0070.362
genesymbol0.0850.0050.089
getBioColor0.0010.0010.002
getFormalNames0.0010.0010.001
getGaps1.9910.0552.048
getIdeoGR0.4000.0110.411
getIdeogram0.0000.0000.001
hg19Ideogram0.0260.0020.028
hg19IdeogramCyto0.0290.0020.033
ideo0.1110.0030.115
ideoCyto0.1270.0050.133
isIdeogram0.0110.0020.013
isMatchedWithModel0.4680.0300.503
isSimpleIdeogram0.0340.0020.037
maxGap-method0.6520.0090.661
pileupAsGRanges000
pileupGRangesAsVariantTable0.0000.0010.001
plotColorLegend0.0030.0010.004
scale0.4820.0110.492
showColor0.0000.0000.001
shrinkageFun-method0.4130.0090.422
splitByFacets-method0.8080.0170.826
strip_formula_dots0.0010.0000.001
subsetArgsByFormals0.0000.0000.001
transform3.3530.3353.691
transformGRangesForEvenSpace0.4080.0080.415