Back to Multiple platform build/check report for BioC 3.14
A[B]CDEFGHIJKLMNOPQRSTUVWXYZ

This page was generated on 2022-01-14 13:06:03 -0500 (Fri, 14 Jan 2022).

HostnameOSArch (*)R versionInstalled pkgs
nebbiolo2Linux (Ubuntu 20.04.4 LTS)x86_644.1.2 (2021-11-01) -- "Bird Hippie" 4327
tokay2Windows Server 2012 R2 Standardx644.1.2 (2021-11-01) -- "Bird Hippie" 4076
machv2macOS 10.14.6 Mojavex86_644.1.2 (2021-11-01) -- "Bird Hippie" 4137
Click on any hostname to see more info about the system (e.g. compilers)      (*) as reported by 'uname -p', except on Windows and Mac OS X

CHECK results for bioassayR on tokay2


To the developers/maintainers of the bioassayR package:
- Please allow up to 24 hours (and sometimes 48 hours) for your latest push to git@git.bioconductor.org:packages/bioassayR.git to
reflect on this report. See How and When does the builder pull? When will my changes propagate? here for more information.
- Make sure to use the following settings in order to reproduce any error or warning you see on this page.

raw results

Package 151/2083HostnameOS / ArchINSTALLBUILDCHECKBUILD BIN
bioassayR 1.32.1  (landing page)
Daniela Cassol
Snapshot Date: 2022-01-13 01:55:04 -0500 (Thu, 13 Jan 2022)
git_url: https://git.bioconductor.org/packages/bioassayR
git_branch: RELEASE_3_14
git_last_commit: 05a9464
git_last_commit_date: 2021-12-04 14:55:17 -0500 (Sat, 04 Dec 2021)
nebbiolo2Linux (Ubuntu 20.04.4 LTS) / x86_64  OK    OK    OK  UNNEEDED, same version is already published
tokay2Windows Server 2012 R2 Standard / x64  OK    OK    WARNINGS    OK  UNNEEDED, same version is already published
machv2macOS 10.14.6 Mojave / x86_64  OK    OK    OK    OK  UNNEEDED, same version is already published

Summary

Package: bioassayR
Version: 1.32.1
Command: C:\Users\biocbuild\bbs-3.14-bioc\R\bin\R.exe CMD check --force-multiarch --install=check:bioassayR.install-out.txt --library=C:\Users\biocbuild\bbs-3.14-bioc\R\library --no-vignettes --timings bioassayR_1.32.1.tar.gz
StartedAt: 2022-01-13 16:01:16 -0500 (Thu, 13 Jan 2022)
EndedAt: 2022-01-13 16:03:31 -0500 (Thu, 13 Jan 2022)
EllapsedTime: 135.0 seconds
RetCode: 0
Status:   WARNINGS  
CheckDir: bioassayR.Rcheck
Warnings: 1

Command output

##############################################################################
##############################################################################
###
### Running command:
###
###   C:\Users\biocbuild\bbs-3.14-bioc\R\bin\R.exe CMD check --force-multiarch --install=check:bioassayR.install-out.txt --library=C:\Users\biocbuild\bbs-3.14-bioc\R\library --no-vignettes --timings bioassayR_1.32.1.tar.gz
###
##############################################################################
##############################################################################


* using log directory 'C:/Users/biocbuild/bbs-3.14-bioc/meat/bioassayR.Rcheck'
* using R version 4.1.2 (2021-11-01)
* using platform: x86_64-w64-mingw32 (64-bit)
* using session charset: ISO8859-1
* using option '--no-vignettes'
* checking for file 'bioassayR/DESCRIPTION' ... OK
* checking extension type ... Package
* this is package 'bioassayR' version '1.32.1'
* checking package namespace information ... OK
* checking package dependencies ... OK
* checking if this is a source package ... OK
* checking if there is a namespace ... OK
* checking for hidden files and directories ... OK
* checking for portable file names ... OK
* checking whether package 'bioassayR' can be installed ... OK
* checking installed package size ... OK
* checking package directory ... OK
* checking 'build' directory ... OK
* checking DESCRIPTION meta-information ... OK
* checking top-level files ... OK
* checking for left-over files ... OK
* checking index information ... OK
* checking package subdirectories ... OK
* checking R files for non-ASCII characters ... OK
* checking R files for syntax errors ... OK
* loading checks for arch 'i386'
** checking whether the package can be loaded ... OK
** checking whether the package can be loaded with stated dependencies ... OK
** checking whether the package can be unloaded cleanly ... OK
** checking whether the namespace can be loaded with stated dependencies ... OK
** checking whether the namespace can be unloaded cleanly ... OK
* loading checks for arch 'x64'
** checking whether the package can be loaded ... OK
** checking whether the package can be loaded with stated dependencies ... OK
** checking whether the package can be unloaded cleanly ... OK
** checking whether the namespace can be loaded with stated dependencies ... OK
** checking whether the namespace can be unloaded cleanly ... OK
* checking dependencies in R code ... OK
* checking S3 generic/method consistency ... OK
* checking replacement functions ... OK
* checking foreign function calls ... OK
* checking R code for possible problems ... OK
* checking Rd files ... OK
* checking Rd metadata ... OK
* checking Rd cross-references ... OK
* checking for missing documentation entries ... OK
* checking for code/documentation mismatches ... OK
* checking Rd \usage sections ... OK
* checking Rd contents ... OK
* checking for unstated dependencies in examples ... OK
* checking contents of 'data' directory ... OK
* checking data for non-ASCII characters ... OK
* checking data for ASCII and uncompressed saves ... OK
* checking line endings in Makefiles ... OK
* checking for GNU extensions in Makefiles ... OK
* checking include directives in Makefiles ... OK
* checking files in 'vignettes' ... WARNING
Files in the 'vignettes' directory newer than all files in 'inst/doc':
  'Makefile'
* checking examples ...
** running examples for arch 'i386' ... OK
** running examples for arch 'x64' ... OK
* checking for unstated dependencies in 'tests' ... OK
* checking tests ...
** running tests for arch 'i386' ...
  Running 'testthat.R'
 OK
** running tests for arch 'x64' ...
  Running 'testthat.R'
 OK
* checking for unstated dependencies in vignettes ... OK
* checking package vignettes in 'inst/doc' ... OK
* checking running R code from vignettes ... SKIPPED
* checking re-building of vignette outputs ... SKIPPED
* checking PDF version of manual ... OK
* DONE

Status: 1 WARNING
See
  'C:/Users/biocbuild/bbs-3.14-bioc/meat/bioassayR.Rcheck/00check.log'
for details.



Installation output

bioassayR.Rcheck/00install.out

##############################################################################
##############################################################################
###
### Running command:
###
###   C:\cygwin\bin\curl.exe -O http://155.52.207.166/BBS/3.14/bioc/src/contrib/bioassayR_1.32.1.tar.gz && rm -rf bioassayR.buildbin-libdir && mkdir bioassayR.buildbin-libdir && C:\Users\biocbuild\bbs-3.14-bioc\R\bin\R.exe CMD INSTALL --merge-multiarch --build --library=bioassayR.buildbin-libdir bioassayR_1.32.1.tar.gz && C:\Users\biocbuild\bbs-3.14-bioc\R\bin\R.exe CMD INSTALL bioassayR_1.32.1.zip && rm bioassayR_1.32.1.tar.gz bioassayR_1.32.1.zip
###
##############################################################################
##############################################################################


  % Total    % Received % Xferd  Average Speed   Time    Time     Time  Current
                                 Dload  Upload   Total   Spent    Left  Speed

  0     0    0     0    0     0      0      0 --:--:-- --:--:-- --:--:--     0
100  305k  100  305k    0     0  1681k      0 --:--:-- --:--:-- --:--:-- 1688k

install for i386

* installing *source* package 'bioassayR' ...
** using staged installation
** R
** data
** inst
** byte-compile and prepare package for lazy loading
Creating a new generic function for 'organism' in package 'bioassayR'
Creating a new generic function for 'organism<-' in package 'bioassayR'
** help
*** installing help indices
  converting help for package 'bioassayR'
    finding HTML links ... done
    BioAssayDB-class                        html  
    activeAgainst                           html  
    activeTargets                           html  
    addBioassayIndex                        html  
    addDataSource                           html  
    allCids                                 html  
    allTargets                              html  
    assaySetTargets                         html  
    bioactivityFingerprint                  html  
    bioassay-class                          html  
    bioassaySet-class                       html  
    connectBioassayDB                       html  
    crossReactivityProbability              html  
    disconnectBioassayDB                    html  
    dropBioassay                            html  
    dropBioassayIndex                       html  
    getAssay                                html  
    getAssays                               html  
    getBioassaySetByCids                    html  
    inactiveTargets                         html  
    loadBioassay                            html  
    loadIdMapping                           html  
    newBioassayDB                           html  
    parsePubChemBioassay                    html  
    perTargetMatrix                         html  
    queryBioassayDB                         html  
    samplebioassay                          html  
    scaleBioassaySet                        html  
    screenedAtLeast                         html  
    selectiveAgainst                        html  
    targetSelectivity                       html  
    translateTargetId                       html  
    trinarySimilarity                       html  
** building package indices
** installing vignettes
** testing if installed package can be loaded from temporary location
** testing if installed package can be loaded from final location
** testing if installed package keeps a record of temporary installation path

install for x64

* installing *source* package 'bioassayR' ...
** testing if installed package can be loaded
* MD5 sums
packaged installation of 'bioassayR' as bioassayR_1.32.1.zip
* DONE (bioassayR)
* installing to library 'C:/Users/biocbuild/bbs-3.14-bioc/R/library'
package 'bioassayR' successfully unpacked and MD5 sums checked

Tests output

bioassayR.Rcheck/tests_i386/testthat.Rout


R version 4.1.2 (2021-11-01) -- "Bird Hippie"
Copyright (C) 2021 The R Foundation for Statistical Computing
Platform: i386-w64-mingw32/i386 (32-bit)

R is free software and comes with ABSOLUTELY NO WARRANTY.
You are welcome to redistribute it under certain conditions.
Type 'license()' or 'licence()' for distribution details.

R is a collaborative project with many contributors.
Type 'contributors()' for more information and
'citation()' on how to cite R or R packages in publications.

Type 'demo()' for some demos, 'help()' for on-line help, or
'help.start()' for an HTML browser interface to help.
Type 'q()' to quit R.

> library(testthat)
> library(bioassayR)
Loading required package: DBI
Loading required package: RSQLite
Loading required package: Matrix
Loading required package: rjson
Loading required package: BiocGenerics

Attaching package: 'BiocGenerics'

The following objects are masked from 'package:stats':

    IQR, mad, sd, var, xtabs

The following objects are masked from 'package:base':

    Filter, Find, Map, Position, Reduce, anyDuplicated, append,
    as.data.frame, basename, cbind, colnames, dirname, do.call,
    duplicated, eval, evalq, get, grep, grepl, intersect, is.unsorted,
    lapply, mapply, match, mget, order, paste, pmax, pmax.int, pmin,
    pmin.int, rank, rbind, rownames, sapply, setdiff, sort, table,
    tapply, union, unique, unsplit, which.max, which.min


Attaching package: 'bioassayR'

The following objects are masked from 'package:BiocGenerics':

    organism, organism<-

> 
> test_check("bioassayR")
[ FAIL 0 | WARN 1 | SKIP 0 | PASS 22 ]
> 
> proc.time()
   user  system elapsed 
   4.78    0.50    5.26 

bioassayR.Rcheck/tests_x64/testthat.Rout


R version 4.1.2 (2021-11-01) -- "Bird Hippie"
Copyright (C) 2021 The R Foundation for Statistical Computing
Platform: x86_64-w64-mingw32/x64 (64-bit)

R is free software and comes with ABSOLUTELY NO WARRANTY.
You are welcome to redistribute it under certain conditions.
Type 'license()' or 'licence()' for distribution details.

R is a collaborative project with many contributors.
Type 'contributors()' for more information and
'citation()' on how to cite R or R packages in publications.

Type 'demo()' for some demos, 'help()' for on-line help, or
'help.start()' for an HTML browser interface to help.
Type 'q()' to quit R.

> library(testthat)
> library(bioassayR)
Loading required package: DBI
Loading required package: RSQLite
Loading required package: Matrix
Loading required package: rjson
Loading required package: BiocGenerics

Attaching package: 'BiocGenerics'

The following objects are masked from 'package:stats':

    IQR, mad, sd, var, xtabs

The following objects are masked from 'package:base':

    Filter, Find, Map, Position, Reduce, anyDuplicated, append,
    as.data.frame, basename, cbind, colnames, dirname, do.call,
    duplicated, eval, evalq, get, grep, grepl, intersect, is.unsorted,
    lapply, mapply, match, mget, order, paste, pmax, pmax.int, pmin,
    pmin.int, rank, rbind, rownames, sapply, setdiff, sort, table,
    tapply, union, unique, unsplit, which.max, which.min


Attaching package: 'bioassayR'

The following objects are masked from 'package:BiocGenerics':

    organism, organism<-

> 
> test_check("bioassayR")
[ FAIL 0 | WARN 1 | SKIP 0 | PASS 22 ]
> 
> proc.time()
   user  system elapsed 
   4.07    0.37    4.43 

Example timings

bioassayR.Rcheck/examples_i386/bioassayR-Ex.timings

nameusersystemelapsed
BioAssayDB-class000
activeAgainst0.030.002.67
activeTargets0.060.000.06
addBioassayIndex0.020.010.03
addDataSource0.010.000.02
allCids000
allTargets0.020.000.02
assaySetTargets0.260.000.26
bioactivityFingerprint0.220.000.22
bioassay-class0.020.000.02
bioassaySet-class000
connectBioassayDB000
crossReactivityProbability0.170.000.17
disconnectBioassayDB0.020.000.02
dropBioassay0.060.010.28
dropBioassayIndex0.050.020.06
getAssay0.020.000.02
getAssays0.030.000.03
getBioassaySetByCids0.260.000.27
inactiveTargets0.020.000.01
loadBioassay0.030.020.05
loadIdMapping0.010.000.01
newBioassayDB0.020.000.02
parsePubChemBioassay0.020.000.02
perTargetMatrix0.280.010.29
queryBioassayDB0.020.020.03
samplebioassay000
scaleBioassaySet0.040.000.04
screenedAtLeast0.000.010.01
selectiveAgainst0.120.020.14
targetSelectivity0.020.000.08
translateTargetId0.040.000.05
trinarySimilarity0.280.010.29

bioassayR.Rcheck/examples_x64/bioassayR-Ex.timings

nameusersystemelapsed
BioAssayDB-class000
activeAgainst0.010.000.01
activeTargets0.090.020.11
addBioassayIndex0.020.000.01
addDataSource000
allCids000
allTargets000
assaySetTargets0.230.000.23
bioactivityFingerprint0.130.000.13
bioassay-class0.010.000.01
bioassaySet-class000
connectBioassayDB0.020.000.02
crossReactivityProbability0.110.000.11
disconnectBioassayDB000
dropBioassay0.040.020.06
dropBioassayIndex0.020.000.02
getAssay0.000.010.01
getAssays0.010.000.02
getBioassaySetByCids0.080.020.09
inactiveTargets0.020.000.02
loadBioassay0.030.000.03
loadIdMapping0.010.000.01
newBioassayDB000
parsePubChemBioassay0.000.020.02
perTargetMatrix0.130.000.12
queryBioassayDB0.020.000.02
samplebioassay000
scaleBioassaySet0.030.000.03
screenedAtLeast000
selectiveAgainst0.060.010.08
targetSelectivity0.010.000.01
translateTargetId0.020.000.02
trinarySimilarity0.090.020.11