Back to Multiple platform build/check report for BioC 3.14
A[B]CDEFGHIJKLMNOPQRSTUVWXYZ

This page was generated on 2022-01-19 13:06:14 -0500 (Wed, 19 Jan 2022).

HostnameOSArch (*)R versionInstalled pkgs
nebbiolo2Linux (Ubuntu 20.04.4 LTS)x86_644.1.2 (2021-11-01) -- "Bird Hippie" 4328
tokay2Windows Server 2012 R2 Standardx644.1.2 (2021-11-01) -- "Bird Hippie" 4077
machv2macOS 10.14.6 Mojavex86_644.1.2 (2021-11-01) -- "Bird Hippie" 4138
Click on any hostname to see more info about the system (e.g. compilers)      (*) as reported by 'uname -p', except on Windows and Mac OS X

BUILD results for banocc on tokay2


To the developers/maintainers of the banocc package:
- Please allow up to 24 hours (and sometimes 48 hours) for your latest push to git@git.bioconductor.org:packages/banocc.git to
reflect on this report. See How and When does the builder pull? When will my changes propagate? here for more information.
- Make sure to use the following settings in order to reproduce any error or warning you see on this page.

raw results

Package 113/2083HostnameOS / ArchINSTALLBUILDCHECKBUILD BIN
banocc 1.18.0  (landing page)
George Weingart
Snapshot Date: 2022-01-18 01:55:07 -0500 (Tue, 18 Jan 2022)
git_url: https://git.bioconductor.org/packages/banocc
git_branch: RELEASE_3_14
git_last_commit: 8884459
git_last_commit_date: 2021-10-26 12:34:28 -0500 (Tue, 26 Oct 2021)
nebbiolo2Linux (Ubuntu 20.04.4 LTS) / x86_64  OK    OK    OK  UNNEEDED, same version is already published
tokay2Windows Server 2012 R2 Standard / x64  OK    ERROR  skippedskipped
machv2macOS 10.14.6 Mojave / x86_64  OK    OK    OK    OK  UNNEEDED, same version is already published

Summary

Package: banocc
Version: 1.18.0
Command: chmod a+r banocc -R && C:\Users\biocbuild\bbs-3.14-bioc\R\bin\R.exe CMD build --keep-empty-dirs --no-resave-data banocc
StartedAt: 2022-01-18 08:06:13 -0500 (Tue, 18 Jan 2022)
EndedAt: 2022-01-18 08:06:41 -0500 (Tue, 18 Jan 2022)
EllapsedTime: 28.5 seconds
RetCode: 1
Status:   ERROR  
PackageFile: None
PackageFileSize: NA

Command output

##############################################################################
##############################################################################
###
### Running command:
###
###   chmod a+r banocc -R && C:\Users\biocbuild\bbs-3.14-bioc\R\bin\R.exe CMD build --keep-empty-dirs --no-resave-data banocc
###
##############################################################################
##############################################################################


* checking for file 'banocc/DESCRIPTION' ... OK
* preparing 'banocc':
* checking DESCRIPTION meta-information ... OK
* installing the package to build vignettes
* creating vignettes ... ERROR
--- re-building 'banocc-vignette.Rmd' using rmarkdown
DIAGNOSTIC(S) FROM PARSER:
Info: integer division implicitly rounds to integer. Found int division: P * P - 1 / 2
 Positive values rounded down, negative values rounded up or down in platform-dependent way.

Quitting from lines 138-142 (banocc-vignette.Rmd) 
Quitting from lines 138-142 (banocc-vignette.Rmd) 
Error: processing vignette 'banocc-vignette.Rmd' failed with diagnostics:
invalid connection
--- failed re-building 'banocc-vignette.Rmd'

SUMMARY: processing the following file failed:
  'banocc-vignette.Rmd'

Error: Vignette re-building failed.
Execution halted