Back to Multiple platform build/check report for BioC 3.14
[A]BCDEFGHIJKLMNOPQRSTUVWXYZ

This page was generated on 2021-10-27 13:53:33 -0400 (Wed, 27 Oct 2021).

CHECK results for affy on merida1

To the developers/maintainers of the affy package:
- Please allow up to 24 hours (and sometimes 48 hours) for your latest push to git@git.bioconductor.org:packages/affy.git to
reflect on this report. See How and When does the builder pull? When will my changes propagate? here for more information.
- Make sure to use the following settings in order to reproduce any error or warning you see on this page.

raw results

Package 23/2083HostnameOS / ArchINSTALLBUILDCHECKBUILD BIN
affy 1.72.0  (landing page)
Rafael A. Irizarry
Snapshot Date: 2021-10-26 14:50:08 -0400 (Tue, 26 Oct 2021)
git_url: https://git.bioconductor.org/packages/affy
git_branch: RELEASE_3_14
git_last_commit: 3750b4e
git_last_commit_date: 2021-10-26 11:45:47 -0400 (Tue, 26 Oct 2021)
nebbiolo2Linux (Ubuntu 20.04.2 LTS) / x86_64  OK    OK    WARNINGS  YES
riesling1Windows Server 2019 Standard / x64  OK    OK    WARNINGS    OK  YES
merida1macOS 10.14.6 Mojave / x86_64  OK    OK    WARNINGS    OK  YES
machv2macOS 10.14.6 Mojave / x86_64  OK    OK    WARNINGS    OK  

Summary

Package: affy
Version: 1.72.0
Command: /Library/Frameworks/R.framework/Resources/bin/R CMD check --install=check:affy.install-out.txt --library=/Library/Frameworks/R.framework/Resources/library --no-vignettes --timings affy_1.72.0.tar.gz
StartedAt: 2021-10-27 00:36:38 -0400 (Wed, 27 Oct 2021)
EndedAt: 2021-10-27 00:40:05 -0400 (Wed, 27 Oct 2021)
EllapsedTime: 207.2 seconds
RetCode: 0
Status:   WARNINGS  
CheckDir: affy.Rcheck
Warnings: 1

Command output

##############################################################################
##############################################################################
###
### Running command:
###
###   /Library/Frameworks/R.framework/Resources/bin/R CMD check --install=check:affy.install-out.txt --library=/Library/Frameworks/R.framework/Resources/library --no-vignettes --timings affy_1.72.0.tar.gz
###
##############################################################################
##############################################################################


* using log directory ‘/Users/biocbuild/bbs-3.14-bioc/meat/affy.Rcheck’
* using R version 4.1.1 Patched (2021-08-22 r80813)
* using platform: x86_64-apple-darwin17.0 (64-bit)
* using session charset: UTF-8
* using option ‘--no-vignettes’
* checking for file ‘affy/DESCRIPTION’ ... OK
* this is package ‘affy’ version ‘1.72.0’
* checking package namespace information ... OK
* checking package dependencies ... OK
* checking if this is a source package ... OK
* checking if there is a namespace ... OK
* checking for hidden files and directories ... OK
* checking for portable file names ... OK
* checking for sufficient/correct file permissions ... OK
* checking whether package ‘affy’ can be installed ... OK
* checking installed package size ... OK
* checking package directory ... OK
* checking ‘build’ directory ... OK
* checking DESCRIPTION meta-information ... OK
* checking top-level files ... OK
* checking for left-over files ... OK
* checking index information ... OK
* checking package subdirectories ... OK
* checking R files for non-ASCII characters ... OK
* checking R files for syntax errors ... OK
* checking whether the package can be loaded ... OK
* checking whether the package can be loaded with stated dependencies ... OK
* checking whether the package can be unloaded cleanly ... OK
* checking whether the namespace can be loaded with stated dependencies ... OK
* checking whether the namespace can be unloaded cleanly ... OK
* checking dependencies in R code ... NOTE
Unexported objects imported by ':::' calls:
  ‘stats:::C_loess_raw’ ‘stats:::C_lowesp’ ‘stats:::C_lowesw’
  See the note in ?`:::` about the use of this operator.
* checking S3 generic/method consistency ... OK
* checking replacement functions ... OK
* checking foreign function calls ... WARNING
Foreign function calls to a base package:
  .C(stats:::C_loess_raw, ...)
  .Fortran(stats:::C_lowesp, ...)
  .Fortran(stats:::C_lowesw, ...)
Packages should not make .C/.Call/.External/.Fortran calls to a base
package. They are not part of the API, for use only by R itself and
subject to change without notice.
* checking R code for possible problems ... OK
* checking Rd files ... OK
* checking Rd metadata ... OK
* checking Rd cross-references ... OK
* checking for missing documentation entries ... OK
* checking for code/documentation mismatches ... OK
* checking Rd \usage sections ... OK
* checking Rd contents ... OK
* checking for unstated dependencies in examples ... OK
* checking contents of ‘data’ directory ... OK
* checking data for non-ASCII characters ... OK
* checking data for ASCII and uncompressed saves ... OK
* checking line endings in shell scripts ... OK
* checking line endings in C/C++/Fortran sources/headers ... OK
* checking line endings in Makefiles ... OK
* checking compilation flags in Makevars ... OK
* checking for GNU extensions in Makefiles ... OK
* checking for portable use of $(BLAS_LIBS) and $(LAPACK_LIBS) ... OK
* checking use of PKG_*FLAGS in Makefiles ... OK
* checking compiled code ... NOTE
Note: information on .o files is not available
* checking sizes of PDF files under ‘inst/doc’ ... OK
* checking files in ‘vignettes’ ... OK
* checking examples ... OK
Examples with CPU (user + system) or elapsed time > 5s
                        user system elapsed
mas5                  41.600  0.158  41.826
expresso              15.958  0.197  16.180
MAplot                14.429  0.535  15.010
AffyBatch-class        6.577  0.257   6.842
ProgressBarText-class  1.107  0.036  19.130
* checking for unstated dependencies in vignettes ... OK
* checking package vignettes in ‘inst/doc’ ... OK
* checking running R code from vignettes ... SKIPPED
* checking re-building of vignette outputs ... SKIPPED
* checking PDF version of manual ... OK
* DONE

Status: 1 WARNING, 2 NOTEs
See
  ‘/Users/biocbuild/bbs-3.14-bioc/meat/affy.Rcheck/00check.log’
for details.



Installation output

affy.Rcheck/00install.out

##############################################################################
##############################################################################
###
### Running command:
###
###   /Library/Frameworks/R.framework/Resources/bin/R CMD INSTALL affy
###
##############################################################################
##############################################################################


* installing to library ‘/Library/Frameworks/R.framework/Versions/4.1/Resources/library’
* installing *source* package ‘affy’ ...
** using staged installation
creating cache ./config.cache
checking how to run the C preprocessor... cc -E
checking for main in -lz... yes
checking for zlib.h... yes
checking if zlib version >= 1.1.3... yes
updating cache ./config.cache
creating ./config.status
creating src/Makevars
** libs
clang -mmacosx-version-min=10.13 -I"/Library/Frameworks/R.framework/Resources/include" -DNDEBUG -DHAVE_ZLIB=1  -I'/Library/Frameworks/R.framework/Versions/4.1/Resources/library/preprocessCore/include' -I/usr/local/include   -fPIC  -Wall -g -O2  -c chipbackground.c -o chipbackground.o
clang -mmacosx-version-min=10.13 -I"/Library/Frameworks/R.framework/Resources/include" -DNDEBUG -DHAVE_ZLIB=1  -I'/Library/Frameworks/R.framework/Versions/4.1/Resources/library/preprocessCore/include' -I/usr/local/include   -fPIC  -Wall -g -O2  -c getall_locations.c -o getall_locations.o
clang -mmacosx-version-min=10.13 -I"/Library/Frameworks/R.framework/Resources/include" -DNDEBUG -DHAVE_ZLIB=1  -I'/Library/Frameworks/R.framework/Versions/4.1/Resources/library/preprocessCore/include' -I/usr/local/include   -fPIC  -Wall -g -O2  -c mas5calls.c -o mas5calls.o
clang -mmacosx-version-min=10.13 -I"/Library/Frameworks/R.framework/Resources/include" -DNDEBUG -DHAVE_ZLIB=1  -I'/Library/Frameworks/R.framework/Versions/4.1/Resources/library/preprocessCore/include' -I/usr/local/include   -fPIC  -Wall -g -O2  -c rma2.c -o rma2.o
clang -mmacosx-version-min=10.13 -I"/Library/Frameworks/R.framework/Resources/include" -DNDEBUG -DHAVE_ZLIB=1  -I'/Library/Frameworks/R.framework/Versions/4.1/Resources/library/preprocessCore/include' -I/usr/local/include   -fPIC  -Wall -g -O2  -c rma_common.c -o rma_common.o
clang -mmacosx-version-min=10.13 -dynamiclib -Wl,-headerpad_max_install_names -undefined dynamic_lookup -single_module -multiply_defined suppress -L/Library/Frameworks/R.framework/Resources/lib -L/usr/local/lib -o affy.so chipbackground.o getall_locations.o mas5calls.o rma2.o rma_common.o -lz -F/Library/Frameworks/R.framework/.. -framework R -Wl,-framework -Wl,CoreFoundation
installing to /Library/Frameworks/R.framework/Versions/4.1/Resources/library/00LOCK-affy/00new/affy/libs
** R
** data
** demo
** inst
** byte-compile and prepare package for lazy loading
** help
*** installing help indices
** building package indices
** installing vignettes
** testing if installed package can be loaded from temporary location
** checking absolute paths in shared objects and dynamic libraries
** testing if installed package can be loaded from final location
** testing if installed package keeps a record of temporary installation path
* DONE (affy)

Tests output


Example timings

affy.Rcheck/affy-Ex.timings

nameusersystemelapsed
AffyBatch-class6.5770.2576.842
AffyRNAdeg2.7520.0882.843
MAplot14.429 0.53515.010
ProbeSet-class0.4840.0100.493
ProgressBarText-class 1.107 0.03619.130
affy-options0.0010.0010.001
barplot.ProbeSet0.8250.0310.864
bgc3.3860.2143.612
cleancdfname0.0070.0020.009
expresso15.958 0.19716.180
expressoWidget0.0010.0000.001
fit.li.wong4.5230.0854.613
generateExprSet-methods0.6140.0080.623
generateExprVal-methods0.5280.0090.539
generateExprVal.method.avgdiff0.3510.0200.372
list.celfiles0.0000.0010.000
maffy.subset0.0180.0010.019
mas541.600 0.15841.826
mas5calls2.2370.0532.292
mva.pairs0.0990.0030.101
normalize-methods0.4240.0060.430
normalize.loess0.0190.0010.020
plot.ProbeSet0.0150.0020.017
plot.density0.6980.0380.737
plotLocation1.6660.0921.762
pmcorrect0.4210.0080.428
ppsetApply0.0010.0000.000
read.affybatch2.1250.0622.192
rma1.8600.0361.905
setAffyOptions0.0000.0010.001
xy2indices2.3400.1312.488