Back to Multiple platform build/check report for BioC 3.14
ABCDEFGHIJKLMNOPQ[R]STUVWXYZ

This page was generated on 2022-01-21 13:07:01 -0500 (Fri, 21 Jan 2022).

HostnameOSArch (*)R versionInstalled pkgs
nebbiolo2Linux (Ubuntu 20.04.4 LTS)x86_644.1.2 (2021-11-01) -- "Bird Hippie" 4329
tokay2Windows Server 2012 R2 Standardx644.1.2 (2021-11-01) -- "Bird Hippie" 4079
machv2macOS 10.14.6 Mojavex86_644.1.2 (2021-11-01) -- "Bird Hippie" 4140
Click on any hostname to see more info about the system (e.g. compilers)      (*) as reported by 'uname -p', except on Windows and Mac OS X

CHECK results for Rsamtools on tokay2


To the developers/maintainers of the Rsamtools package:
- Please allow up to 24 hours (and sometimes 48 hours) for your latest push to git@git.bioconductor.org:packages/Rsamtools.git to
reflect on this report. See How and When does the builder pull? When will my changes propagate? here for more information.
- Make sure to use the following settings in order to reproduce any error or warning you see on this page.

raw results

Package 1659/2083HostnameOS / ArchINSTALLBUILDCHECKBUILD BIN
Rsamtools 2.10.0  (landing page)
Bioconductor Package Maintainer
Snapshot Date: 2022-01-20 01:55:04 -0500 (Thu, 20 Jan 2022)
git_url: https://git.bioconductor.org/packages/Rsamtools
git_branch: RELEASE_3_14
git_last_commit: b19738e
git_last_commit_date: 2021-10-26 11:55:47 -0500 (Tue, 26 Oct 2021)
nebbiolo2Linux (Ubuntu 20.04.4 LTS) / x86_64  OK    OK    WARNINGS  UNNEEDED, same version is already published
tokay2Windows Server 2012 R2 Standard / x64  OK    OK    WARNINGS    OK  UNNEEDED, same version is already published
machv2macOS 10.14.6 Mojave / x86_64  OK    OK    WARNINGS    OK  UNNEEDED, same version is already published

Summary

Package: Rsamtools
Version: 2.10.0
Command: C:\Users\biocbuild\bbs-3.14-bioc\R\bin\R.exe CMD check --force-multiarch --install=check:Rsamtools.install-out.txt --library=C:\Users\biocbuild\bbs-3.14-bioc\R\library --no-vignettes --timings Rsamtools_2.10.0.tar.gz
StartedAt: 2022-01-21 02:00:08 -0500 (Fri, 21 Jan 2022)
EndedAt: 2022-01-21 02:05:41 -0500 (Fri, 21 Jan 2022)
EllapsedTime: 333.5 seconds
RetCode: 0
Status:   WARNINGS  
CheckDir: Rsamtools.Rcheck
Warnings: 1

Command output

##############################################################################
##############################################################################
###
### Running command:
###
###   C:\Users\biocbuild\bbs-3.14-bioc\R\bin\R.exe CMD check --force-multiarch --install=check:Rsamtools.install-out.txt --library=C:\Users\biocbuild\bbs-3.14-bioc\R\library --no-vignettes --timings Rsamtools_2.10.0.tar.gz
###
##############################################################################
##############################################################################


* using log directory 'C:/Users/biocbuild/bbs-3.14-bioc/meat/Rsamtools.Rcheck'
* using R version 4.1.2 (2021-11-01)
* using platform: x86_64-w64-mingw32 (64-bit)
* using session charset: ISO8859-1
* using option '--no-vignettes'
* checking for file 'Rsamtools/DESCRIPTION' ... OK
* checking extension type ... Package
* this is package 'Rsamtools' version '2.10.0'
* package encoding: UTF-8
* checking package namespace information ... OK
* checking package dependencies ... OK
* checking if this is a source package ... OK
* checking if there is a namespace ... OK
* checking for hidden files and directories ... OK
* checking for portable file names ... OK
* checking whether package 'Rsamtools' can be installed ... WARNING
Found the following significant warnings:
  C:/Users/biocbuild/bbs-3.14-bioc/R/library/Rhtslib/include/bam.h:57:41: warning: ignoring return value of 'int64_t bgzf_seek(BGZF*, int64_t, int)', declared with attribute warn_unused_result [-Wunused-result]
  C:/Users/biocbuild/bbs-3.14-bioc/R/library/Rhtslib/include/bam_sort.c:2256:1: warning: too many arguments for format [-Wformat-extra-args]
  C:/Users/biocbuild/bbs-3.14-bioc/R/library/Rhtslib/include/bam_sort.c:2065:9: warning: 'strncpy' specified bound 2 equals destination size [-Wstringop-truncation]
  bamfile.c:168:20: warning: ignoring return value of 'bgzf_seek', declared with attribute warn_unused_result [-Wunused-result]
  C:/Users/biocbuild/bbs-3.14-bioc/R/library/Rhtslib/include/bam.h:57:32: warning: ignoring return value of 'bgzf_seek', declared with attribute warn_unused_result [-Wunused-result]
  tabixfile.c:190:5: warning: 'bgzf_is_bgzf' is deprecated: Use bgzf_compression() or hts_detect_format() instead [-Wdeprecated-declarations]
See 'C:/Users/biocbuild/bbs-3.14-bioc/meat/Rsamtools.Rcheck/00install.out' for details.
* checking installed package size ... NOTE
  installed size is 11.3Mb
  sub-directories of 1Mb or more:
    extdata   2.6Mb
    libs      6.3Mb
* checking package directory ... OK
* checking 'build' directory ... OK
* checking DESCRIPTION meta-information ... OK
* checking top-level files ... OK
* checking for left-over files ... OK
* checking index information ... OK
* checking package subdirectories ... OK
* checking R files for non-ASCII characters ... OK
* checking R files for syntax errors ... OK
* loading checks for arch 'i386'
** checking whether the package can be loaded ... OK
** checking whether the package can be loaded with stated dependencies ... OK
** checking whether the package can be unloaded cleanly ... OK
** checking whether the namespace can be loaded with stated dependencies ... OK
** checking whether the namespace can be unloaded cleanly ... OK
* loading checks for arch 'x64'
** checking whether the package can be loaded ... OK
** checking whether the package can be loaded with stated dependencies ... OK
** checking whether the package can be unloaded cleanly ... OK
** checking whether the namespace can be loaded with stated dependencies ... OK
** checking whether the namespace can be unloaded cleanly ... OK
* checking dependencies in R code ... NOTE
Unexported objects imported by ':::' calls:
  'S4Vectors:::explodeIntBits' 'S4Vectors:::implodeIntBits'
  'S4Vectors:::makePowersOfTwo' 'S4Vectors:::quick_unlist'
  'S4Vectors:::selectSome'
  See the note in ?`:::` about the use of this operator.
* checking S3 generic/method consistency ... OK
* checking replacement functions ... OK
* checking foreign function calls ... OK
* checking R code for possible problems ... OK
* checking Rd files ... OK
* checking Rd metadata ... OK
* checking Rd cross-references ... OK
* checking for missing documentation entries ... OK
* checking for code/documentation mismatches ... OK
* checking Rd \usage sections ... OK
* checking Rd contents ... OK
* checking for unstated dependencies in examples ... OK
* checking line endings in C/C++/Fortran sources/headers ... OK
* checking line endings in Makefiles ... OK
* checking compilation flags in Makevars ... OK
* checking for GNU extensions in Makefiles ... NOTE
GNU make is a SystemRequirements.
* checking for portable use of $(BLAS_LIBS) and $(LAPACK_LIBS) ... OK
* checking use of PKG_*FLAGS in Makefiles ... OK
* checking compiled code ... NOTE
Note: information on .o files for i386 is not available
Note: information on .o files for x64 is not available
File 'C:/Users/biocbuild/bbs-3.14-bioc/R/library/Rsamtools/libs/i386/Rsamtools.dll':
  Found '_exit', possibly from '_exit' (C)
  Found 'abort', possibly from 'abort' (C), 'runtime' (Fortran)
  Found 'exit', possibly from 'exit' (C), 'stop' (Fortran)
  Found 'printf', possibly from 'printf' (C)
  Found 'putchar', possibly from 'putchar' (C)
  Found 'puts', possibly from 'printf' (C), 'puts' (C)
  Found 'rand', possibly from 'rand' (C)
File 'C:/Users/biocbuild/bbs-3.14-bioc/R/library/Rsamtools/libs/x64/Rsamtools.dll':
  Found '_exit', possibly from '_exit' (C)
  Found 'abort', possibly from 'abort' (C), 'runtime' (Fortran)
  Found 'exit', possibly from 'exit' (C), 'stop' (Fortran)
  Found 'printf', possibly from 'printf' (C)
  Found 'putchar', possibly from 'putchar' (C)
  Found 'puts', possibly from 'printf' (C), 'puts' (C)
  Found 'rand', possibly from 'rand' (C)

Compiled code should not call entry points which might terminate R nor
write to stdout/stderr instead of to the console, nor use Fortran I/O
nor system RNGs. The detected symbols are linked into the code but
might come from libraries and not actually be called.

See 'Writing portable packages' in the 'Writing R Extensions' manual.
* checking files in 'vignettes' ... OK
* checking examples ...
** running examples for arch 'i386' ... OK
Examples with CPU (user + system) or elapsed time > 5s
        user system elapsed
pileup 45.72   0.51   46.42
** running examples for arch 'x64' ... OK
Examples with CPU (user + system) or elapsed time > 5s
        user system elapsed
pileup 39.08   0.36   39.48
* checking for unstated dependencies in 'tests' ... OK
* checking tests ...
** running tests for arch 'i386' ...
  Running 'Rsamtools_unit_tests.R'
 OK
** running tests for arch 'x64' ...
  Running 'Rsamtools_unit_tests.R'
 OK
* checking for unstated dependencies in vignettes ... OK
* checking package vignettes in 'inst/doc' ... OK
* checking running R code from vignettes ... SKIPPED
* checking re-building of vignette outputs ... SKIPPED
* checking PDF version of manual ... OK
* DONE

Status: 1 WARNING, 4 NOTEs
See
  'C:/Users/biocbuild/bbs-3.14-bioc/meat/Rsamtools.Rcheck/00check.log'
for details.



Installation output

Rsamtools.Rcheck/00install.out

##############################################################################
##############################################################################
###
### Running command:
###
###   C:\cygwin\bin\curl.exe -O http://155.52.207.166/BBS/3.14/bioc/src/contrib/Rsamtools_2.10.0.tar.gz && rm -rf Rsamtools.buildbin-libdir && mkdir Rsamtools.buildbin-libdir && C:\Users\biocbuild\bbs-3.14-bioc\R\bin\R.exe CMD INSTALL --merge-multiarch --build --library=Rsamtools.buildbin-libdir Rsamtools_2.10.0.tar.gz && C:\Users\biocbuild\bbs-3.14-bioc\R\bin\R.exe CMD INSTALL Rsamtools_2.10.0.zip && rm Rsamtools_2.10.0.tar.gz Rsamtools_2.10.0.zip
###
##############################################################################
##############################################################################


  % Total    % Received % Xferd  Average Speed   Time    Time     Time  Current
                                 Dload  Upload   Total   Spent    Left  Speed

  0     0    0     0    0     0      0      0 --:--:-- --:--:-- --:--:--     0
 51 2621k   51 1344k    0     0  2046k      0  0:00:01 --:--:--  0:00:01 2046k
100 2621k  100 2621k    0     0  2482k      0  0:00:01  0:00:01 --:--:-- 2485k

install for i386

* installing *source* package 'Rsamtools' ...
** using staged installation
** libs
"C:/rtools40/mingw32/bin/"gcc  -I"C:/Users/BIOCBU~1/BBS-3~1.14-/R/include" -DNDEBUG -D_FILE_OFFSET_BITS=64 -I'C:/Users/biocbuild/bbs-3.14-bioc/R/library/Rhtslib/include' -I'C:/Users/biocbuild/bbs-3.14-bioc/R/library/S4Vectors/include' -I'C:/Users/biocbuild/bbs-3.14-bioc/R/library/IRanges/include' -I'C:/Users/biocbuild/bbs-3.14-bioc/R/library/XVector/include' -I'C:/Users/biocbuild/bbs-3.14-bioc/R/library/Biostrings/include'   -I"C:/extsoft/include"     -O2 -Wall  -std=gnu99 -mfpmath=sse -msse2 -mstackrealign  -c Biostrings_stubs.c -o Biostrings_stubs.o
"C:/rtools40/mingw32/bin/"gcc  -I"C:/Users/BIOCBU~1/BBS-3~1.14-/R/include" -DNDEBUG -D_FILE_OFFSET_BITS=64 -I'C:/Users/biocbuild/bbs-3.14-bioc/R/library/Rhtslib/include' -I'C:/Users/biocbuild/bbs-3.14-bioc/R/library/S4Vectors/include' -I'C:/Users/biocbuild/bbs-3.14-bioc/R/library/IRanges/include' -I'C:/Users/biocbuild/bbs-3.14-bioc/R/library/XVector/include' -I'C:/Users/biocbuild/bbs-3.14-bioc/R/library/Biostrings/include'   -I"C:/extsoft/include"     -O2 -Wall  -std=gnu99 -mfpmath=sse -msse2 -mstackrealign  -c COMPAT_bcf_hdr_read.c -o COMPAT_bcf_hdr_read.o
"C:/rtools40/mingw32/bin/"gcc  -I"C:/Users/BIOCBU~1/BBS-3~1.14-/R/include" -DNDEBUG -D_FILE_OFFSET_BITS=64 -I'C:/Users/biocbuild/bbs-3.14-bioc/R/library/Rhtslib/include' -I'C:/Users/biocbuild/bbs-3.14-bioc/R/library/S4Vectors/include' -I'C:/Users/biocbuild/bbs-3.14-bioc/R/library/IRanges/include' -I'C:/Users/biocbuild/bbs-3.14-bioc/R/library/XVector/include' -I'C:/Users/biocbuild/bbs-3.14-bioc/R/library/Biostrings/include'   -I"C:/extsoft/include"     -O2 -Wall  -std=gnu99 -mfpmath=sse -msse2 -mstackrealign  -c IRanges_stubs.c -o IRanges_stubs.o
"C:/rtools40/mingw32/bin/"g++ -std=gnu++11  -I"C:/Users/BIOCBU~1/BBS-3~1.14-/R/include" -DNDEBUG -D_FILE_OFFSET_BITS=64 -I'C:/Users/biocbuild/bbs-3.14-bioc/R/library/Rhtslib/include' -I'C:/Users/biocbuild/bbs-3.14-bioc/R/library/S4Vectors/include' -I'C:/Users/biocbuild/bbs-3.14-bioc/R/library/IRanges/include' -I'C:/Users/biocbuild/bbs-3.14-bioc/R/library/XVector/include' -I'C:/Users/biocbuild/bbs-3.14-bioc/R/library/Biostrings/include'   -I"C:/extsoft/include"     -O2 -Wall  -mfpmath=sse -msse2 -mstackrealign  -c PileupBuffer.cpp -o PileupBuffer.o
"C:/rtools40/mingw32/bin/"g++ -std=gnu++11  -I"C:/Users/BIOCBU~1/BBS-3~1.14-/R/include" -DNDEBUG -D_FILE_OFFSET_BITS=64 -I'C:/Users/biocbuild/bbs-3.14-bioc/R/library/Rhtslib/include' -I'C:/Users/biocbuild/bbs-3.14-bioc/R/library/S4Vectors/include' -I'C:/Users/biocbuild/bbs-3.14-bioc/R/library/IRanges/include' -I'C:/Users/biocbuild/bbs-3.14-bioc/R/library/XVector/include' -I'C:/Users/biocbuild/bbs-3.14-bioc/R/library/Biostrings/include'   -I"C:/extsoft/include"     -O2 -Wall  -mfpmath=sse -msse2 -mstackrealign  -c PosCacheColl.cpp -o PosCacheColl.o
"C:/rtools40/mingw32/bin/"gcc  -I"C:/Users/BIOCBU~1/BBS-3~1.14-/R/include" -DNDEBUG -D_FILE_OFFSET_BITS=64 -I'C:/Users/biocbuild/bbs-3.14-bioc/R/library/Rhtslib/include' -I'C:/Users/biocbuild/bbs-3.14-bioc/R/library/S4Vectors/include' -I'C:/Users/biocbuild/bbs-3.14-bioc/R/library/IRanges/include' -I'C:/Users/biocbuild/bbs-3.14-bioc/R/library/XVector/include' -I'C:/Users/biocbuild/bbs-3.14-bioc/R/library/Biostrings/include'   -I"C:/extsoft/include"     -O2 -Wall  -std=gnu99 -mfpmath=sse -msse2 -mstackrealign  -c R_init_Rsamtools.c -o R_init_Rsamtools.o
"C:/rtools40/mingw32/bin/"g++ -std=gnu++11  -I"C:/Users/BIOCBU~1/BBS-3~1.14-/R/include" -DNDEBUG -D_FILE_OFFSET_BITS=64 -I'C:/Users/biocbuild/bbs-3.14-bioc/R/library/Rhtslib/include' -I'C:/Users/biocbuild/bbs-3.14-bioc/R/library/S4Vectors/include' -I'C:/Users/biocbuild/bbs-3.14-bioc/R/library/IRanges/include' -I'C:/Users/biocbuild/bbs-3.14-bioc/R/library/XVector/include' -I'C:/Users/biocbuild/bbs-3.14-bioc/R/library/Biostrings/include'   -I"C:/extsoft/include"     -O2 -Wall  -mfpmath=sse -msse2 -mstackrealign  -c ResultManager.cpp -o ResultManager.o
"C:/rtools40/mingw32/bin/"gcc  -I"C:/Users/BIOCBU~1/BBS-3~1.14-/R/include" -DNDEBUG -D_FILE_OFFSET_BITS=64 -I'C:/Users/biocbuild/bbs-3.14-bioc/R/library/Rhtslib/include' -I'C:/Users/biocbuild/bbs-3.14-bioc/R/library/S4Vectors/include' -I'C:/Users/biocbuild/bbs-3.14-bioc/R/library/IRanges/include' -I'C:/Users/biocbuild/bbs-3.14-bioc/R/library/XVector/include' -I'C:/Users/biocbuild/bbs-3.14-bioc/R/library/Biostrings/include'   -I"C:/extsoft/include"     -O2 -Wall  -std=gnu99 -mfpmath=sse -msse2 -mstackrealign  -c S4Vectors_stubs.c -o S4Vectors_stubs.o
"C:/rtools40/mingw32/bin/"gcc  -I"C:/Users/BIOCBU~1/BBS-3~1.14-/R/include" -DNDEBUG -D_FILE_OFFSET_BITS=64 -I'C:/Users/biocbuild/bbs-3.14-bioc/R/library/Rhtslib/include' -I'C:/Users/biocbuild/bbs-3.14-bioc/R/library/S4Vectors/include' -I'C:/Users/biocbuild/bbs-3.14-bioc/R/library/IRanges/include' -I'C:/Users/biocbuild/bbs-3.14-bioc/R/library/XVector/include' -I'C:/Users/biocbuild/bbs-3.14-bioc/R/library/Biostrings/include'   -I"C:/extsoft/include"     -O2 -Wall  -std=gnu99 -mfpmath=sse -msse2 -mstackrealign  -c XVector_stubs.c -o XVector_stubs.o
"C:/rtools40/mingw32/bin/"gcc  -I"C:/Users/BIOCBU~1/BBS-3~1.14-/R/include" -DNDEBUG -D_FILE_OFFSET_BITS=64 -I'C:/Users/biocbuild/bbs-3.14-bioc/R/library/Rhtslib/include' -I'C:/Users/biocbuild/bbs-3.14-bioc/R/library/S4Vectors/include' -I'C:/Users/biocbuild/bbs-3.14-bioc/R/library/IRanges/include' -I'C:/Users/biocbuild/bbs-3.14-bioc/R/library/XVector/include' -I'C:/Users/biocbuild/bbs-3.14-bioc/R/library/Biostrings/include'   -I"C:/extsoft/include"     -O2 -Wall  -std=gnu99 -mfpmath=sse -msse2 -mstackrealign  -c as_bam.c -o as_bam.o
"C:/rtools40/mingw32/bin/"gcc  -I"C:/Users/BIOCBU~1/BBS-3~1.14-/R/include" -DNDEBUG -D_FILE_OFFSET_BITS=64 -I'C:/Users/biocbuild/bbs-3.14-bioc/R/library/Rhtslib/include' -I'C:/Users/biocbuild/bbs-3.14-bioc/R/library/S4Vectors/include' -I'C:/Users/biocbuild/bbs-3.14-bioc/R/library/IRanges/include' -I'C:/Users/biocbuild/bbs-3.14-bioc/R/library/XVector/include' -I'C:/Users/biocbuild/bbs-3.14-bioc/R/library/Biostrings/include'   -I"C:/extsoft/include"     -O2 -Wall  -std=gnu99 -mfpmath=sse -msse2 -mstackrealign  -c bam.c -o bam.o
"C:/rtools40/mingw32/bin/"gcc  -I"C:/Users/BIOCBU~1/BBS-3~1.14-/R/include" -DNDEBUG -D_FILE_OFFSET_BITS=64 -I'C:/Users/biocbuild/bbs-3.14-bioc/R/library/Rhtslib/include' -I'C:/Users/biocbuild/bbs-3.14-bioc/R/library/S4Vectors/include' -I'C:/Users/biocbuild/bbs-3.14-bioc/R/library/IRanges/include' -I'C:/Users/biocbuild/bbs-3.14-bioc/R/library/XVector/include' -I'C:/Users/biocbuild/bbs-3.14-bioc/R/library/Biostrings/include'   -I"C:/extsoft/include"     -O2 -Wall  -std=gnu99 -mfpmath=sse -msse2 -mstackrealign  -c bam_data.c -o bam_data.o
"C:/rtools40/mingw32/bin/"g++ -std=gnu++11  -I"C:/Users/BIOCBU~1/BBS-3~1.14-/R/include" -DNDEBUG -D_FILE_OFFSET_BITS=64 -I'C:/Users/biocbuild/bbs-3.14-bioc/R/library/Rhtslib/include' -I'C:/Users/biocbuild/bbs-3.14-bioc/R/library/S4Vectors/include' -I'C:/Users/biocbuild/bbs-3.14-bioc/R/library/IRanges/include' -I'C:/Users/biocbuild/bbs-3.14-bioc/R/library/XVector/include' -I'C:/Users/biocbuild/bbs-3.14-bioc/R/library/Biostrings/include'   -I"C:/extsoft/include"     -O2 -Wall  -mfpmath=sse -msse2 -mstackrealign  -c bam_mate_iter.cpp -o bam_mate_iter.o
In file included from C:/Users/biocbuild/bbs-3.14-bioc/R/library/Rhtslib/include/sam.h:29,
                 from Template.h:9,
                 from BamIterator.h:10,
                 from BamRangeIterator.h:7,
                 from bam_mate_iter.cpp:2:
BamRangeIterator.h: In member function 'virtual void BamRangeIterator::finalize_inprogress(bamFile)':
C:/Users/biocbuild/bbs-3.14-bioc/R/library/Rhtslib/include/bam.h:57:41: warning: ignoring return value of 'int64_t bgzf_seek(BGZF*, int64_t, int)', declared with attribute warn_unused_result [-Wunused-result]
 #define bam_seek(fp, pos, dir) bgzf_seek(fp, pos, dir)
                                ~~~~~~~~~^~~~~~~~~~~~~~
BamRangeIterator.h:138:16: note: in expansion of macro 'bam_seek'
         (void) bam_seek(bfile, pos, SEEK_SET);
                ^~~~~~~~
BamIterator.h: In constructor 'BamIterator::BamIterator(bamFile, const bam_index_t*)':
C:/Users/biocbuild/bbs-3.14-bioc/R/library/Rhtslib/include/bam.h:57:41: warning: ignoring return value of 'int64_t bgzf_seek(BGZF*, int64_t, int)', declared with attribute warn_unused_result [-Wunused-result]
 #define bam_seek(fp, pos, dir) bgzf_seek(fp, pos, dir)
                                ~~~~~~~~~^~~~~~~~~~~~~~
BamIterator.h:87:16: note: in expansion of macro 'bam_seek'
         (void) bam_seek(bfile, 0, 0);
                ^~~~~~~~
"C:/rtools40/mingw32/bin/"gcc  -I"C:/Users/BIOCBU~1/BBS-3~1.14-/R/include" -DNDEBUG -D_FILE_OFFSET_BITS=64 -I'C:/Users/biocbuild/bbs-3.14-bioc/R/library/Rhtslib/include' -I'C:/Users/biocbuild/bbs-3.14-bioc/R/library/S4Vectors/include' -I'C:/Users/biocbuild/bbs-3.14-bioc/R/library/IRanges/include' -I'C:/Users/biocbuild/bbs-3.14-bioc/R/library/XVector/include' -I'C:/Users/biocbuild/bbs-3.14-bioc/R/library/Biostrings/include'   -I"C:/extsoft/include"     -O2 -Wall  -std=gnu99 -mfpmath=sse -msse2 -mstackrealign  -c bam_plbuf.c -o bam_plbuf.o
"C:/rtools40/mingw32/bin/"gcc  -I"C:/Users/BIOCBU~1/BBS-3~1.14-/R/include" -DNDEBUG -D_FILE_OFFSET_BITS=64 -I'C:/Users/biocbuild/bbs-3.14-bioc/R/library/Rhtslib/include' -I'C:/Users/biocbuild/bbs-3.14-bioc/R/library/S4Vectors/include' -I'C:/Users/biocbuild/bbs-3.14-bioc/R/library/IRanges/include' -I'C:/Users/biocbuild/bbs-3.14-bioc/R/library/XVector/include' -I'C:/Users/biocbuild/bbs-3.14-bioc/R/library/Biostrings/include'   -I"C:/extsoft/include"     -O2 -Wall  -std=gnu99 -mfpmath=sse -msse2 -mstackrealign  -c bam_sort.c -o bam_sort.o
In file included from bam_sort.c:1:
C:/Users/biocbuild/bbs-3.14-bioc/R/library/Rhtslib/include/bam_sort.c: In function 'complain_about_memory_setting':
C:/Users/biocbuild/bbs-3.14-bioc/R/library/Rhtslib/include/bam_sort.c:2256:26: warning: unknown conversion type character 'z' in format [-Wformat=]
 "[bam_sort] -m setting (%zu%s bytes) is less than the minimum required (%zuM).\n\n"
                          ^
C:/Users/biocbuild/bbs-3.14-bioc/R/library/Rhtslib/include/bam_sort.c:2256:29: warning: format '%s' expects argument of type 'char *', but argument 3 has type 'size_t' {aka 'unsigned int'} [-Wformat=]
 "[bam_sort] -m setting (%zu%s bytes) is less than the minimum required (%zuM).\n\n"
                            ~^
                            %d
C:/Users/biocbuild/bbs-3.14-bioc/R/library/Rhtslib/include/bam_sort.c:2263:13:
             max_mem, suffix, SORT_MIN_MEGS_PER_THREAD);
             ~~~~~~~          
C:/Users/biocbuild/bbs-3.14-bioc/R/library/Rhtslib/include/bam_sort.c:2256:74: warning: unknown conversion type character 'z' in format [-Wformat=]
 "[bam_sort] -m setting (%zu%s bytes) is less than the minimum required (%zuM).\n\n"
                                                                          ^
C:/Users/biocbuild/bbs-3.14-bioc/R/library/Rhtslib/include/bam_sort.c:2256:1: warning: too many arguments for format [-Wformat-extra-args]
 "[bam_sort] -m setting (%zu%s bytes) is less than the minimum required (%zuM).\n\n"
 ^~~~~~~~~~~~~~~~~~~~~~~~~~~~~~~~~~~~~~~~~~~~~~~~~~~~~~~~~~~~~~~~~~~~~~~~~~~~~~~~~~~
C:/Users/biocbuild/bbs-3.14-bioc/R/library/Rhtslib/include/bam_sort.c:2256:26: warning: unknown conversion type character 'z' in format [-Wformat=]
 "[bam_sort] -m setting (%zu%s bytes) is less than the minimum required (%zuM).\n\n"
                          ^
C:/Users/biocbuild/bbs-3.14-bioc/R/library/Rhtslib/include/bam_sort.c:2256:29: warning: format '%s' expects argument of type 'char *', but argument 3 has type 'size_t' {aka 'unsigned int'} [-Wformat=]
 "[bam_sort] -m setting (%zu%s bytes) is less than the minimum required (%zuM).\n\n"
                            ~^
                            %d
C:/Users/biocbuild/bbs-3.14-bioc/R/library/Rhtslib/include/bam_sort.c:2263:13:
             max_mem, suffix, SORT_MIN_MEGS_PER_THREAD);
             ~~~~~~~          
C:/Users/biocbuild/bbs-3.14-bioc/R/library/Rhtslib/include/bam_sort.c:2256:74: warning: unknown conversion type character 'z' in format [-Wformat=]
 "[bam_sort] -m setting (%zu%s bytes) is less than the minimum required (%zuM).\n\n"
                                                                          ^
C:/Users/biocbuild/bbs-3.14-bioc/R/library/Rhtslib/include/bam_sort.c:2256:1: warning: too many arguments for format [-Wformat-extra-args]
 "[bam_sort] -m setting (%zu%s bytes) is less than the minimum required (%zuM).\n\n"
 ^~~~~~~~~~~~~~~~~~~~~~~~~~~~~~~~~~~~~~~~~~~~~~~~~~~~~~~~~~~~~~~~~~~~~~~~~~~~~~~~~~~
C:/Users/biocbuild/bbs-3.14-bioc/R/library/Rhtslib/include/bam_sort.c: In function 'bam_sort_core_ext':
C:/Users/biocbuild/bbs-3.14-bioc/R/library/Rhtslib/include/bam_sort.c:2065:9: warning: 'strncpy' specified bound 2 equals destination size [-Wstringop-truncation]
         strncpy(g_sort_tag, sort_by_tag, 2);
         ^~~~~~~~~~~~~~~~~~~~~~~~~~~~~~~~~~~
"C:/rtools40/mingw32/bin/"gcc  -I"C:/Users/BIOCBU~1/BBS-3~1.14-/R/include" -DNDEBUG -D_FILE_OFFSET_BITS=64 -I'C:/Users/biocbuild/bbs-3.14-bioc/R/library/Rhtslib/include' -I'C:/Users/biocbuild/bbs-3.14-bioc/R/library/S4Vectors/include' -I'C:/Users/biocbuild/bbs-3.14-bioc/R/library/IRanges/include' -I'C:/Users/biocbuild/bbs-3.14-bioc/R/library/XVector/include' -I'C:/Users/biocbuild/bbs-3.14-bioc/R/library/Biostrings/include'   -I"C:/extsoft/include"     -O2 -Wall  -std=gnu99 -mfpmath=sse -msse2 -mstackrealign  -c bambuffer.c -o bambuffer.o
"C:/rtools40/mingw32/bin/"gcc  -I"C:/Users/BIOCBU~1/BBS-3~1.14-/R/include" -DNDEBUG -D_FILE_OFFSET_BITS=64 -I'C:/Users/biocbuild/bbs-3.14-bioc/R/library/Rhtslib/include' -I'C:/Users/biocbuild/bbs-3.14-bioc/R/library/S4Vectors/include' -I'C:/Users/biocbuild/bbs-3.14-bioc/R/library/IRanges/include' -I'C:/Users/biocbuild/bbs-3.14-bioc/R/library/XVector/include' -I'C:/Users/biocbuild/bbs-3.14-bioc/R/library/Biostrings/include'   -I"C:/extsoft/include"     -O2 -Wall  -std=gnu99 -mfpmath=sse -msse2 -mstackrealign  -c bamfile.c -o bamfile.o
bamfile.c: In function 'bamfile_isincomplete':
bamfile.c:168:20: warning: ignoring return value of 'bgzf_seek', declared with attribute warn_unused_result [-Wunused-result]
             (void) bgzf_seek(bfile->file->x.bam, offset, SEEK_SET);
                    ^~~~~~~~~~~~~~~~~~~~~~~~~~~~~~~~~~~~~~~~~~~~~~~
bamfile.c: In function 'bamfile_open':
bamfile.c:29:17: warning: 'cfile' may be used uninitialized in this function [-Wmaybe-uninitialized]
         index = hts_idx_load2(file, indexname);
                 ^~~~~~~~~~~~~~~~~~~~~~~~~~~~~~
bamfile.c:73:17: note: 'cfile' was declared here
     const char *cfile;
                 ^~~~~
"C:/rtools40/mingw32/bin/"gcc  -I"C:/Users/BIOCBU~1/BBS-3~1.14-/R/include" -DNDEBUG -D_FILE_OFFSET_BITS=64 -I'C:/Users/biocbuild/bbs-3.14-bioc/R/library/Rhtslib/include' -I'C:/Users/biocbuild/bbs-3.14-bioc/R/library/S4Vectors/include' -I'C:/Users/biocbuild/bbs-3.14-bioc/R/library/IRanges/include' -I'C:/Users/biocbuild/bbs-3.14-bioc/R/library/XVector/include' -I'C:/Users/biocbuild/bbs-3.14-bioc/R/library/Biostrings/include'   -I"C:/extsoft/include"     -O2 -Wall  -std=gnu99 -mfpmath=sse -msse2 -mstackrealign  -c bcffile.c -o bcffile.o
"C:/rtools40/mingw32/bin/"gcc  -I"C:/Users/BIOCBU~1/BBS-3~1.14-/R/include" -DNDEBUG -D_FILE_OFFSET_BITS=64 -I'C:/Users/biocbuild/bbs-3.14-bioc/R/library/Rhtslib/include' -I'C:/Users/biocbuild/bbs-3.14-bioc/R/library/S4Vectors/include' -I'C:/Users/biocbuild/bbs-3.14-bioc/R/library/IRanges/include' -I'C:/Users/biocbuild/bbs-3.14-bioc/R/library/XVector/include' -I'C:/Users/biocbuild/bbs-3.14-bioc/R/library/Biostrings/include'   -I"C:/extsoft/include"     -O2 -Wall  -std=gnu99 -mfpmath=sse -msse2 -mstackrealign  -c encode.c -o encode.o
"C:/rtools40/mingw32/bin/"gcc  -I"C:/Users/BIOCBU~1/BBS-3~1.14-/R/include" -DNDEBUG -D_FILE_OFFSET_BITS=64 -I'C:/Users/biocbuild/bbs-3.14-bioc/R/library/Rhtslib/include' -I'C:/Users/biocbuild/bbs-3.14-bioc/R/library/S4Vectors/include' -I'C:/Users/biocbuild/bbs-3.14-bioc/R/library/IRanges/include' -I'C:/Users/biocbuild/bbs-3.14-bioc/R/library/XVector/include' -I'C:/Users/biocbuild/bbs-3.14-bioc/R/library/Biostrings/include'   -I"C:/extsoft/include"     -O2 -Wall  -std=gnu99 -mfpmath=sse -msse2 -mstackrealign  -c fafile.c -o fafile.o
"C:/rtools40/mingw32/bin/"gcc  -I"C:/Users/BIOCBU~1/BBS-3~1.14-/R/include" -DNDEBUG -D_FILE_OFFSET_BITS=64 -I'C:/Users/biocbuild/bbs-3.14-bioc/R/library/Rhtslib/include' -I'C:/Users/biocbuild/bbs-3.14-bioc/R/library/S4Vectors/include' -I'C:/Users/biocbuild/bbs-3.14-bioc/R/library/IRanges/include' -I'C:/Users/biocbuild/bbs-3.14-bioc/R/library/XVector/include' -I'C:/Users/biocbuild/bbs-3.14-bioc/R/library/Biostrings/include'   -I"C:/extsoft/include"     -O2 -Wall  -std=gnu99 -mfpmath=sse -msse2 -mstackrealign  -c idxstats.c -o idxstats.o
In file included from C:/Users/biocbuild/bbs-3.14-bioc/R/library/Rhtslib/include/sam.h:29,
                 from bamfile.h:5,
                 from idxstats.c:1:
idxstats.c: In function 'idxstats_bamfile':
C:/Users/biocbuild/bbs-3.14-bioc/R/library/Rhtslib/include/bam.h:57:32: warning: ignoring return value of 'bgzf_seek', declared with attribute warn_unused_result [-Wunused-result]
 #define bam_seek(fp, pos, dir) bgzf_seek(fp, pos, dir)
                                ^~~~~~~~~~~~~~~~~~~~~~~
idxstats.c:20:12: note: in expansion of macro 'bam_seek'
     (void) bam_seek(fp, 0, 0);
            ^~~~~~~~
"C:/rtools40/mingw32/bin/"gcc  -I"C:/Users/BIOCBU~1/BBS-3~1.14-/R/include" -DNDEBUG -D_FILE_OFFSET_BITS=64 -I'C:/Users/biocbuild/bbs-3.14-bioc/R/library/Rhtslib/include' -I'C:/Users/biocbuild/bbs-3.14-bioc/R/library/S4Vectors/include' -I'C:/Users/biocbuild/bbs-3.14-bioc/R/library/IRanges/include' -I'C:/Users/biocbuild/bbs-3.14-bioc/R/library/XVector/include' -I'C:/Users/biocbuild/bbs-3.14-bioc/R/library/Biostrings/include'   -I"C:/extsoft/include"     -O2 -Wall  -std=gnu99 -mfpmath=sse -msse2 -mstackrealign  -c io_sam.c -o io_sam.o
In file included from C:/Users/biocbuild/bbs-3.14-bioc/R/library/Rhtslib/include/sam.h:29,
                 from io_sam.c:2:
io_sam.c: In function '_scan_bam_all':
C:/Users/biocbuild/bbs-3.14-bioc/R/library/Rhtslib/include/bam.h:57:32: warning: ignoring return value of 'bgzf_seek', declared with attribute warn_unused_result [-Wunused-result]
 #define bam_seek(fp, pos, dir) bgzf_seek(fp, pos, dir)
                                ^~~~~~~~~~~~~~~~~~~~~~~
io_sam.c:304:12: note: in expansion of macro 'bam_seek'
     (void) bam_seek(bfile->file->x.bam, bfile->pos0, SEEK_SET);
            ^~~~~~~~
"C:/rtools40/mingw32/bin/"g++ -std=gnu++11  -I"C:/Users/BIOCBU~1/BBS-3~1.14-/R/include" -DNDEBUG -D_FILE_OFFSET_BITS=64 -I'C:/Users/biocbuild/bbs-3.14-bioc/R/library/Rhtslib/include' -I'C:/Users/biocbuild/bbs-3.14-bioc/R/library/S4Vectors/include' -I'C:/Users/biocbuild/bbs-3.14-bioc/R/library/IRanges/include' -I'C:/Users/biocbuild/bbs-3.14-bioc/R/library/XVector/include' -I'C:/Users/biocbuild/bbs-3.14-bioc/R/library/Biostrings/include'   -I"C:/extsoft/include"     -O2 -Wall  -mfpmath=sse -msse2 -mstackrealign  -c pbuffer_wrapper.cpp -o pbuffer_wrapper.o
"C:/rtools40/mingw32/bin/"g++ -std=gnu++11  -I"C:/Users/BIOCBU~1/BBS-3~1.14-/R/include" -DNDEBUG -D_FILE_OFFSET_BITS=64 -I'C:/Users/biocbuild/bbs-3.14-bioc/R/library/Rhtslib/include' -I'C:/Users/biocbuild/bbs-3.14-bioc/R/library/S4Vectors/include' -I'C:/Users/biocbuild/bbs-3.14-bioc/R/library/IRanges/include' -I'C:/Users/biocbuild/bbs-3.14-bioc/R/library/XVector/include' -I'C:/Users/biocbuild/bbs-3.14-bioc/R/library/Biostrings/include'   -I"C:/extsoft/include"     -O2 -Wall  -mfpmath=sse -msse2 -mstackrealign  -c pileup.cpp -o pileup.o
"C:/rtools40/mingw32/bin/"gcc  -I"C:/Users/BIOCBU~1/BBS-3~1.14-/R/include" -DNDEBUG -D_FILE_OFFSET_BITS=64 -I'C:/Users/biocbuild/bbs-3.14-bioc/R/library/Rhtslib/include' -I'C:/Users/biocbuild/bbs-3.14-bioc/R/library/S4Vectors/include' -I'C:/Users/biocbuild/bbs-3.14-bioc/R/library/IRanges/include' -I'C:/Users/biocbuild/bbs-3.14-bioc/R/library/XVector/include' -I'C:/Users/biocbuild/bbs-3.14-bioc/R/library/Biostrings/include'   -I"C:/extsoft/include"     -O2 -Wall  -std=gnu99 -mfpmath=sse -msse2 -mstackrealign  -c pileupbam.c -o pileupbam.o
"C:/rtools40/mingw32/bin/"gcc  -I"C:/Users/BIOCBU~1/BBS-3~1.14-/R/include" -DNDEBUG -D_FILE_OFFSET_BITS=64 -I'C:/Users/biocbuild/bbs-3.14-bioc/R/library/Rhtslib/include' -I'C:/Users/biocbuild/bbs-3.14-bioc/R/library/S4Vectors/include' -I'C:/Users/biocbuild/bbs-3.14-bioc/R/library/IRanges/include' -I'C:/Users/biocbuild/bbs-3.14-bioc/R/library/XVector/include' -I'C:/Users/biocbuild/bbs-3.14-bioc/R/library/Biostrings/include'   -I"C:/extsoft/include"     -O2 -Wall  -std=gnu99 -mfpmath=sse -msse2 -mstackrealign  -c sam.c -o sam.o
"C:/rtools40/mingw32/bin/"gcc  -I"C:/Users/BIOCBU~1/BBS-3~1.14-/R/include" -DNDEBUG -D_FILE_OFFSET_BITS=64 -I'C:/Users/biocbuild/bbs-3.14-bioc/R/library/Rhtslib/include' -I'C:/Users/biocbuild/bbs-3.14-bioc/R/library/S4Vectors/include' -I'C:/Users/biocbuild/bbs-3.14-bioc/R/library/IRanges/include' -I'C:/Users/biocbuild/bbs-3.14-bioc/R/library/XVector/include' -I'C:/Users/biocbuild/bbs-3.14-bioc/R/library/Biostrings/include'   -I"C:/extsoft/include"     -O2 -Wall  -std=gnu99 -mfpmath=sse -msse2 -mstackrealign  -c sam_opts.c -o sam_opts.o
"C:/rtools40/mingw32/bin/"gcc  -I"C:/Users/BIOCBU~1/BBS-3~1.14-/R/include" -DNDEBUG -D_FILE_OFFSET_BITS=64 -I'C:/Users/biocbuild/bbs-3.14-bioc/R/library/Rhtslib/include' -I'C:/Users/biocbuild/bbs-3.14-bioc/R/library/S4Vectors/include' -I'C:/Users/biocbuild/bbs-3.14-bioc/R/library/IRanges/include' -I'C:/Users/biocbuild/bbs-3.14-bioc/R/library/XVector/include' -I'C:/Users/biocbuild/bbs-3.14-bioc/R/library/Biostrings/include'   -I"C:/extsoft/include"     -O2 -Wall  -std=gnu99 -mfpmath=sse -msse2 -mstackrealign  -c sam_utils.c -o sam_utils.o
"C:/rtools40/mingw32/bin/"gcc  -I"C:/Users/BIOCBU~1/BBS-3~1.14-/R/include" -DNDEBUG -D_FILE_OFFSET_BITS=64 -I'C:/Users/biocbuild/bbs-3.14-bioc/R/library/Rhtslib/include' -I'C:/Users/biocbuild/bbs-3.14-bioc/R/library/S4Vectors/include' -I'C:/Users/biocbuild/bbs-3.14-bioc/R/library/IRanges/include' -I'C:/Users/biocbuild/bbs-3.14-bioc/R/library/XVector/include' -I'C:/Users/biocbuild/bbs-3.14-bioc/R/library/Biostrings/include'   -I"C:/extsoft/include"     -O2 -Wall  -std=gnu99 -mfpmath=sse -msse2 -mstackrealign  -c samtools_patch.c -o samtools_patch.o
"C:/rtools40/mingw32/bin/"gcc  -I"C:/Users/BIOCBU~1/BBS-3~1.14-/R/include" -DNDEBUG -D_FILE_OFFSET_BITS=64 -I'C:/Users/biocbuild/bbs-3.14-bioc/R/library/Rhtslib/include' -I'C:/Users/biocbuild/bbs-3.14-bioc/R/library/S4Vectors/include' -I'C:/Users/biocbuild/bbs-3.14-bioc/R/library/IRanges/include' -I'C:/Users/biocbuild/bbs-3.14-bioc/R/library/XVector/include' -I'C:/Users/biocbuild/bbs-3.14-bioc/R/library/Biostrings/include'   -I"C:/extsoft/include"     -O2 -Wall  -std=gnu99 -mfpmath=sse -msse2 -mstackrealign  -c scan_bam_data.c -o scan_bam_data.o
"C:/rtools40/mingw32/bin/"gcc  -I"C:/Users/BIOCBU~1/BBS-3~1.14-/R/include" -DNDEBUG -D_FILE_OFFSET_BITS=64 -I'C:/Users/biocbuild/bbs-3.14-bioc/R/library/Rhtslib/include' -I'C:/Users/biocbuild/bbs-3.14-bioc/R/library/S4Vectors/include' -I'C:/Users/biocbuild/bbs-3.14-bioc/R/library/IRanges/include' -I'C:/Users/biocbuild/bbs-3.14-bioc/R/library/XVector/include' -I'C:/Users/biocbuild/bbs-3.14-bioc/R/library/Biostrings/include'   -I"C:/extsoft/include"     -O2 -Wall  -std=gnu99 -mfpmath=sse -msse2 -mstackrealign  -c tabixfile.c -o tabixfile.o
tabixfile.c: In function 'index_tabix':
tabixfile.c:190:5: warning: 'bgzf_is_bgzf' is deprecated: Use bgzf_compression() or hts_detect_format() instead [-Wdeprecated-declarations]
     if (bgzf_is_bgzf(fn) != 1)
     ^~
In file included from tabixfile.c:3:
C:/Users/biocbuild/bbs-3.14-bioc/R/library/Rhtslib/include/htslib/bgzf.h:243:9: note: declared here
     int bgzf_is_bgzf(const char *fn) HTS_DEPRECATED("Use bgzf_compression() or hts_detect_format() instead");
         ^~~~~~~~~~~~
"C:/rtools40/mingw32/bin/"gcc  -I"C:/Users/BIOCBU~1/BBS-3~1.14-/R/include" -DNDEBUG -D_FILE_OFFSET_BITS=64 -I'C:/Users/biocbuild/bbs-3.14-bioc/R/library/Rhtslib/include' -I'C:/Users/biocbuild/bbs-3.14-bioc/R/library/S4Vectors/include' -I'C:/Users/biocbuild/bbs-3.14-bioc/R/library/IRanges/include' -I'C:/Users/biocbuild/bbs-3.14-bioc/R/library/XVector/include' -I'C:/Users/biocbuild/bbs-3.14-bioc/R/library/Biostrings/include'   -I"C:/extsoft/include"     -O2 -Wall  -std=gnu99 -mfpmath=sse -msse2 -mstackrealign  -c tagfilter.c -o tagfilter.o
"C:/rtools40/mingw32/bin/"gcc  -I"C:/Users/BIOCBU~1/BBS-3~1.14-/R/include" -DNDEBUG -D_FILE_OFFSET_BITS=64 -I'C:/Users/biocbuild/bbs-3.14-bioc/R/library/Rhtslib/include' -I'C:/Users/biocbuild/bbs-3.14-bioc/R/library/S4Vectors/include' -I'C:/Users/biocbuild/bbs-3.14-bioc/R/library/IRanges/include' -I'C:/Users/biocbuild/bbs-3.14-bioc/R/library/XVector/include' -I'C:/Users/biocbuild/bbs-3.14-bioc/R/library/Biostrings/include'   -I"C:/extsoft/include"     -O2 -Wall  -std=gnu99 -mfpmath=sse -msse2 -mstackrealign  -c utilities.c -o utilities.o
"C:/rtools40/mingw32/bin/"gcc  -I"C:/Users/BIOCBU~1/BBS-3~1.14-/R/include" -DNDEBUG -D_FILE_OFFSET_BITS=64 -I'C:/Users/biocbuild/bbs-3.14-bioc/R/library/Rhtslib/include' -I'C:/Users/biocbuild/bbs-3.14-bioc/R/library/S4Vectors/include' -I'C:/Users/biocbuild/bbs-3.14-bioc/R/library/IRanges/include' -I'C:/Users/biocbuild/bbs-3.14-bioc/R/library/XVector/include' -I'C:/Users/biocbuild/bbs-3.14-bioc/R/library/Biostrings/include'   -I"C:/extsoft/include"     -O2 -Wall  -std=gnu99 -mfpmath=sse -msse2 -mstackrealign  -c zip_compression.c -o zip_compression.o
C:/rtools40/mingw32/bin/g++ -std=gnu++11 -shared -s -static-libgcc -o Rsamtools.dll tmp.def Biostrings_stubs.o COMPAT_bcf_hdr_read.o IRanges_stubs.o PileupBuffer.o PosCacheColl.o R_init_Rsamtools.o ResultManager.o S4Vectors_stubs.o XVector_stubs.o as_bam.o bam.o bam_data.o bam_mate_iter.o bam_plbuf.o bam_sort.o bambuffer.o bamfile.o bcffile.o encode.o fafile.o idxstats.o io_sam.o pbuffer_wrapper.o pileup.o pileupbam.o sam.o sam_opts.o sam_utils.o samtools_patch.o scan_bam_data.o tabixfile.o tagfilter.o utilities.o zip_compression.o C:/Users/biocbuild/bbs-3.14-bioc/R/library/Rhtslib/usrlib/i386/libhts.a -LC:/extsoft/lib/i386 -lcurl -lrtmp -lssl -lssh2 -lcrypto -lgdi32 -lz -lws2_32 -lwldap32 -lwinmm -lidn -LC:/extsoft/lib/i386 -LC:/extsoft/lib -LC:/Users/BIOCBU~1/BBS-3~1.14-/R/bin/i386 -lR
installing to C:/Users/biocbuild/bbs-3.14-bioc/meat/Rsamtools.buildbin-libdir/00LOCK-Rsamtools/00new/Rsamtools/libs/i386
** R
** inst
** byte-compile and prepare package for lazy loading
** help
*** installing help indices
  converting help for package 'Rsamtools'
    finding HTML links ... done
    ApplyPileupsParam-class                 html  
    BamFile-class                           html  
    finding level-2 HTML links ... done

    BamViews-class                          html  
    BcfFile-class                           html  
    FaFile-class                            html  
    PileupFiles-class                       html  
    Rsamtools-package                       html  
    RsamtoolsFile-class                     html  
    RsamtoolsFileList-class                 html  
    ScanBamParam-class                      html  
    ScanBcfParam-class                      html  
    TabixFile-class                         html  
    applyPileups                            html  
    defunct                                 html  
    deprecated                              html  
    headerTabix                             html  
    indexTabix                              html  
    pileup                                  html  
    quickBamFlagSummary                     html  
    readPileup                              html  
    scanBam                                 html  
    scanBcf                                 html  
    scanFa                                  html  
    scanTabix                               html  
    seqnamesTabix                           html  
    testPairedEndBam                        html  
    zip                                     html  
** building package indices
** installing vignettes
** testing if installed package can be loaded from temporary location
** testing if installed package can be loaded from final location
** testing if installed package keeps a record of temporary installation path

install for x64

* installing *source* package 'Rsamtools' ...
** libs
"C:/rtools40/mingw64/bin/"gcc  -I"C:/Users/BIOCBU~1/BBS-3~1.14-/R/include" -DNDEBUG -D_FILE_OFFSET_BITS=64 -I'C:/Users/biocbuild/bbs-3.14-bioc/R/library/Rhtslib/include' -I'C:/Users/biocbuild/bbs-3.14-bioc/R/library/S4Vectors/include' -I'C:/Users/biocbuild/bbs-3.14-bioc/R/library/IRanges/include' -I'C:/Users/biocbuild/bbs-3.14-bioc/R/library/XVector/include' -I'C:/Users/biocbuild/bbs-3.14-bioc/R/library/Biostrings/include'   -I"C:/extsoft/include"     -O2 -Wall  -std=gnu99 -mfpmath=sse -msse2 -mstackrealign  -c Biostrings_stubs.c -o Biostrings_stubs.o
"C:/rtools40/mingw64/bin/"gcc  -I"C:/Users/BIOCBU~1/BBS-3~1.14-/R/include" -DNDEBUG -D_FILE_OFFSET_BITS=64 -I'C:/Users/biocbuild/bbs-3.14-bioc/R/library/Rhtslib/include' -I'C:/Users/biocbuild/bbs-3.14-bioc/R/library/S4Vectors/include' -I'C:/Users/biocbuild/bbs-3.14-bioc/R/library/IRanges/include' -I'C:/Users/biocbuild/bbs-3.14-bioc/R/library/XVector/include' -I'C:/Users/biocbuild/bbs-3.14-bioc/R/library/Biostrings/include'   -I"C:/extsoft/include"     -O2 -Wall  -std=gnu99 -mfpmath=sse -msse2 -mstackrealign  -c COMPAT_bcf_hdr_read.c -o COMPAT_bcf_hdr_read.o
"C:/rtools40/mingw64/bin/"gcc  -I"C:/Users/BIOCBU~1/BBS-3~1.14-/R/include" -DNDEBUG -D_FILE_OFFSET_BITS=64 -I'C:/Users/biocbuild/bbs-3.14-bioc/R/library/Rhtslib/include' -I'C:/Users/biocbuild/bbs-3.14-bioc/R/library/S4Vectors/include' -I'C:/Users/biocbuild/bbs-3.14-bioc/R/library/IRanges/include' -I'C:/Users/biocbuild/bbs-3.14-bioc/R/library/XVector/include' -I'C:/Users/biocbuild/bbs-3.14-bioc/R/library/Biostrings/include'   -I"C:/extsoft/include"     -O2 -Wall  -std=gnu99 -mfpmath=sse -msse2 -mstackrealign  -c IRanges_stubs.c -o IRanges_stubs.o
"C:/rtools40/mingw64/bin/"g++ -std=gnu++11  -I"C:/Users/BIOCBU~1/BBS-3~1.14-/R/include" -DNDEBUG -D_FILE_OFFSET_BITS=64 -I'C:/Users/biocbuild/bbs-3.14-bioc/R/library/Rhtslib/include' -I'C:/Users/biocbuild/bbs-3.14-bioc/R/library/S4Vectors/include' -I'C:/Users/biocbuild/bbs-3.14-bioc/R/library/IRanges/include' -I'C:/Users/biocbuild/bbs-3.14-bioc/R/library/XVector/include' -I'C:/Users/biocbuild/bbs-3.14-bioc/R/library/Biostrings/include'   -I"C:/extsoft/include"     -O2 -Wall  -mfpmath=sse -msse2 -mstackrealign  -c PileupBuffer.cpp -o PileupBuffer.o
"C:/rtools40/mingw64/bin/"g++ -std=gnu++11  -I"C:/Users/BIOCBU~1/BBS-3~1.14-/R/include" -DNDEBUG -D_FILE_OFFSET_BITS=64 -I'C:/Users/biocbuild/bbs-3.14-bioc/R/library/Rhtslib/include' -I'C:/Users/biocbuild/bbs-3.14-bioc/R/library/S4Vectors/include' -I'C:/Users/biocbuild/bbs-3.14-bioc/R/library/IRanges/include' -I'C:/Users/biocbuild/bbs-3.14-bioc/R/library/XVector/include' -I'C:/Users/biocbuild/bbs-3.14-bioc/R/library/Biostrings/include'   -I"C:/extsoft/include"     -O2 -Wall  -mfpmath=sse -msse2 -mstackrealign  -c PosCacheColl.cpp -o PosCacheColl.o
"C:/rtools40/mingw64/bin/"gcc  -I"C:/Users/BIOCBU~1/BBS-3~1.14-/R/include" -DNDEBUG -D_FILE_OFFSET_BITS=64 -I'C:/Users/biocbuild/bbs-3.14-bioc/R/library/Rhtslib/include' -I'C:/Users/biocbuild/bbs-3.14-bioc/R/library/S4Vectors/include' -I'C:/Users/biocbuild/bbs-3.14-bioc/R/library/IRanges/include' -I'C:/Users/biocbuild/bbs-3.14-bioc/R/library/XVector/include' -I'C:/Users/biocbuild/bbs-3.14-bioc/R/library/Biostrings/include'   -I"C:/extsoft/include"     -O2 -Wall  -std=gnu99 -mfpmath=sse -msse2 -mstackrealign  -c R_init_Rsamtools.c -o R_init_Rsamtools.o
"C:/rtools40/mingw64/bin/"g++ -std=gnu++11  -I"C:/Users/BIOCBU~1/BBS-3~1.14-/R/include" -DNDEBUG -D_FILE_OFFSET_BITS=64 -I'C:/Users/biocbuild/bbs-3.14-bioc/R/library/Rhtslib/include' -I'C:/Users/biocbuild/bbs-3.14-bioc/R/library/S4Vectors/include' -I'C:/Users/biocbuild/bbs-3.14-bioc/R/library/IRanges/include' -I'C:/Users/biocbuild/bbs-3.14-bioc/R/library/XVector/include' -I'C:/Users/biocbuild/bbs-3.14-bioc/R/library/Biostrings/include'   -I"C:/extsoft/include"     -O2 -Wall  -mfpmath=sse -msse2 -mstackrealign  -c ResultManager.cpp -o ResultManager.o
"C:/rtools40/mingw64/bin/"gcc  -I"C:/Users/BIOCBU~1/BBS-3~1.14-/R/include" -DNDEBUG -D_FILE_OFFSET_BITS=64 -I'C:/Users/biocbuild/bbs-3.14-bioc/R/library/Rhtslib/include' -I'C:/Users/biocbuild/bbs-3.14-bioc/R/library/S4Vectors/include' -I'C:/Users/biocbuild/bbs-3.14-bioc/R/library/IRanges/include' -I'C:/Users/biocbuild/bbs-3.14-bioc/R/library/XVector/include' -I'C:/Users/biocbuild/bbs-3.14-bioc/R/library/Biostrings/include'   -I"C:/extsoft/include"     -O2 -Wall  -std=gnu99 -mfpmath=sse -msse2 -mstackrealign  -c S4Vectors_stubs.c -o S4Vectors_stubs.o
"C:/rtools40/mingw64/bin/"gcc  -I"C:/Users/BIOCBU~1/BBS-3~1.14-/R/include" -DNDEBUG -D_FILE_OFFSET_BITS=64 -I'C:/Users/biocbuild/bbs-3.14-bioc/R/library/Rhtslib/include' -I'C:/Users/biocbuild/bbs-3.14-bioc/R/library/S4Vectors/include' -I'C:/Users/biocbuild/bbs-3.14-bioc/R/library/IRanges/include' -I'C:/Users/biocbuild/bbs-3.14-bioc/R/library/XVector/include' -I'C:/Users/biocbuild/bbs-3.14-bioc/R/library/Biostrings/include'   -I"C:/extsoft/include"     -O2 -Wall  -std=gnu99 -mfpmath=sse -msse2 -mstackrealign  -c XVector_stubs.c -o XVector_stubs.o
"C:/rtools40/mingw64/bin/"gcc  -I"C:/Users/BIOCBU~1/BBS-3~1.14-/R/include" -DNDEBUG -D_FILE_OFFSET_BITS=64 -I'C:/Users/biocbuild/bbs-3.14-bioc/R/library/Rhtslib/include' -I'C:/Users/biocbuild/bbs-3.14-bioc/R/library/S4Vectors/include' -I'C:/Users/biocbuild/bbs-3.14-bioc/R/library/IRanges/include' -I'C:/Users/biocbuild/bbs-3.14-bioc/R/library/XVector/include' -I'C:/Users/biocbuild/bbs-3.14-bioc/R/library/Biostrings/include'   -I"C:/extsoft/include"     -O2 -Wall  -std=gnu99 -mfpmath=sse -msse2 -mstackrealign  -c as_bam.c -o as_bam.o
"C:/rtools40/mingw64/bin/"gcc  -I"C:/Users/BIOCBU~1/BBS-3~1.14-/R/include" -DNDEBUG -D_FILE_OFFSET_BITS=64 -I'C:/Users/biocbuild/bbs-3.14-bioc/R/library/Rhtslib/include' -I'C:/Users/biocbuild/bbs-3.14-bioc/R/library/S4Vectors/include' -I'C:/Users/biocbuild/bbs-3.14-bioc/R/library/IRanges/include' -I'C:/Users/biocbuild/bbs-3.14-bioc/R/library/XVector/include' -I'C:/Users/biocbuild/bbs-3.14-bioc/R/library/Biostrings/include'   -I"C:/extsoft/include"     -O2 -Wall  -std=gnu99 -mfpmath=sse -msse2 -mstackrealign  -c bam.c -o bam.o
"C:/rtools40/mingw64/bin/"gcc  -I"C:/Users/BIOCBU~1/BBS-3~1.14-/R/include" -DNDEBUG -D_FILE_OFFSET_BITS=64 -I'C:/Users/biocbuild/bbs-3.14-bioc/R/library/Rhtslib/include' -I'C:/Users/biocbuild/bbs-3.14-bioc/R/library/S4Vectors/include' -I'C:/Users/biocbuild/bbs-3.14-bioc/R/library/IRanges/include' -I'C:/Users/biocbuild/bbs-3.14-bioc/R/library/XVector/include' -I'C:/Users/biocbuild/bbs-3.14-bioc/R/library/Biostrings/include'   -I"C:/extsoft/include"     -O2 -Wall  -std=gnu99 -mfpmath=sse -msse2 -mstackrealign  -c bam_data.c -o bam_data.o
"C:/rtools40/mingw64/bin/"g++ -std=gnu++11  -I"C:/Users/BIOCBU~1/BBS-3~1.14-/R/include" -DNDEBUG -D_FILE_OFFSET_BITS=64 -I'C:/Users/biocbuild/bbs-3.14-bioc/R/library/Rhtslib/include' -I'C:/Users/biocbuild/bbs-3.14-bioc/R/library/S4Vectors/include' -I'C:/Users/biocbuild/bbs-3.14-bioc/R/library/IRanges/include' -I'C:/Users/biocbuild/bbs-3.14-bioc/R/library/XVector/include' -I'C:/Users/biocbuild/bbs-3.14-bioc/R/library/Biostrings/include'   -I"C:/extsoft/include"     -O2 -Wall  -mfpmath=sse -msse2 -mstackrealign  -c bam_mate_iter.cpp -o bam_mate_iter.o
In file included from C:/Users/biocbuild/bbs-3.14-bioc/R/library/Rhtslib/include/sam.h:29,
                 from Template.h:9,
                 from BamIterator.h:10,
                 from BamRangeIterator.h:7,
                 from bam_mate_iter.cpp:2:
BamRangeIterator.h: In member function 'virtual void BamRangeIterator::finalize_inprogress(bamFile)':
C:/Users/biocbuild/bbs-3.14-bioc/R/library/Rhtslib/include/bam.h:57:41: warning: ignoring return value of 'int64_t bgzf_seek(BGZF*, int64_t, int)', declared with attribute warn_unused_result [-Wunused-result]
 #define bam_seek(fp, pos, dir) bgzf_seek(fp, pos, dir)
                                ~~~~~~~~~^~~~~~~~~~~~~~
BamRangeIterator.h:138:16: note: in expansion of macro 'bam_seek'
         (void) bam_seek(bfile, pos, SEEK_SET);
                ^~~~~~~~
BamIterator.h: In constructor 'BamIterator::BamIterator(bamFile, const bam_index_t*)':
C:/Users/biocbuild/bbs-3.14-bioc/R/library/Rhtslib/include/bam.h:57:41: warning: ignoring return value of 'int64_t bgzf_seek(BGZF*, int64_t, int)', declared with attribute warn_unused_result [-Wunused-result]
 #define bam_seek(fp, pos, dir) bgzf_seek(fp, pos, dir)
                                ~~~~~~~~~^~~~~~~~~~~~~~
BamIterator.h:87:16: note: in expansion of macro 'bam_seek'
         (void) bam_seek(bfile, 0, 0);
                ^~~~~~~~
"C:/rtools40/mingw64/bin/"gcc  -I"C:/Users/BIOCBU~1/BBS-3~1.14-/R/include" -DNDEBUG -D_FILE_OFFSET_BITS=64 -I'C:/Users/biocbuild/bbs-3.14-bioc/R/library/Rhtslib/include' -I'C:/Users/biocbuild/bbs-3.14-bioc/R/library/S4Vectors/include' -I'C:/Users/biocbuild/bbs-3.14-bioc/R/library/IRanges/include' -I'C:/Users/biocbuild/bbs-3.14-bioc/R/library/XVector/include' -I'C:/Users/biocbuild/bbs-3.14-bioc/R/library/Biostrings/include'   -I"C:/extsoft/include"     -O2 -Wall  -std=gnu99 -mfpmath=sse -msse2 -mstackrealign  -c bam_plbuf.c -o bam_plbuf.o
"C:/rtools40/mingw64/bin/"gcc  -I"C:/Users/BIOCBU~1/BBS-3~1.14-/R/include" -DNDEBUG -D_FILE_OFFSET_BITS=64 -I'C:/Users/biocbuild/bbs-3.14-bioc/R/library/Rhtslib/include' -I'C:/Users/biocbuild/bbs-3.14-bioc/R/library/S4Vectors/include' -I'C:/Users/biocbuild/bbs-3.14-bioc/R/library/IRanges/include' -I'C:/Users/biocbuild/bbs-3.14-bioc/R/library/XVector/include' -I'C:/Users/biocbuild/bbs-3.14-bioc/R/library/Biostrings/include'   -I"C:/extsoft/include"     -O2 -Wall  -std=gnu99 -mfpmath=sse -msse2 -mstackrealign  -c bam_sort.c -o bam_sort.o
In file included from bam_sort.c:1:
C:/Users/biocbuild/bbs-3.14-bioc/R/library/Rhtslib/include/bam_sort.c: In function 'complain_about_memory_setting':
C:/Users/biocbuild/bbs-3.14-bioc/R/library/Rhtslib/include/bam_sort.c:2256:26: warning: unknown conversion type character 'z' in format [-Wformat=]
 "[bam_sort] -m setting (%zu%s bytes) is less than the minimum required (%zuM).\n\n"
                          ^
C:/Users/biocbuild/bbs-3.14-bioc/R/library/Rhtslib/include/bam_sort.c:2256:29: warning: format '%s' expects argument of type 'char *', but argument 3 has type 'size_t' {aka 'long long unsigned int'} [-Wformat=]
 "[bam_sort] -m setting (%zu%s bytes) is less than the minimum required (%zuM).\n\n"
                            ~^
                            %I64d
C:/Users/biocbuild/bbs-3.14-bioc/R/library/Rhtslib/include/bam_sort.c:2263:13:
             max_mem, suffix, SORT_MIN_MEGS_PER_THREAD);
             ~~~~~~~          
C:/Users/biocbuild/bbs-3.14-bioc/R/library/Rhtslib/include/bam_sort.c:2256:74: warning: unknown conversion type character 'z' in format [-Wformat=]
 "[bam_sort] -m setting (%zu%s bytes) is less than the minimum required (%zuM).\n\n"
                                                                          ^
C:/Users/biocbuild/bbs-3.14-bioc/R/library/Rhtslib/include/bam_sort.c:2256:1: warning: too many arguments for format [-Wformat-extra-args]
 "[bam_sort] -m setting (%zu%s bytes) is less than the minimum required (%zuM).\n\n"
 ^~~~~~~~~~~~~~~~~~~~~~~~~~~~~~~~~~~~~~~~~~~~~~~~~~~~~~~~~~~~~~~~~~~~~~~~~~~~~~~~~~~
C:/Users/biocbuild/bbs-3.14-bioc/R/library/Rhtslib/include/bam_sort.c:2256:26: warning: unknown conversion type character 'z' in format [-Wformat=]
 "[bam_sort] -m setting (%zu%s bytes) is less than the minimum required (%zuM).\n\n"
                          ^
C:/Users/biocbuild/bbs-3.14-bioc/R/library/Rhtslib/include/bam_sort.c:2256:29: warning: format '%s' expects argument of type 'char *', but argument 3 has type 'size_t' {aka 'long long unsigned int'} [-Wformat=]
 "[bam_sort] -m setting (%zu%s bytes) is less than the minimum required (%zuM).\n\n"
                            ~^
                            %I64d
C:/Users/biocbuild/bbs-3.14-bioc/R/library/Rhtslib/include/bam_sort.c:2263:13:
             max_mem, suffix, SORT_MIN_MEGS_PER_THREAD);
             ~~~~~~~          
C:/Users/biocbuild/bbs-3.14-bioc/R/library/Rhtslib/include/bam_sort.c:2256:74: warning: unknown conversion type character 'z' in format [-Wformat=]
 "[bam_sort] -m setting (%zu%s bytes) is less than the minimum required (%zuM).\n\n"
                                                                          ^
C:/Users/biocbuild/bbs-3.14-bioc/R/library/Rhtslib/include/bam_sort.c:2256:1: warning: too many arguments for format [-Wformat-extra-args]
 "[bam_sort] -m setting (%zu%s bytes) is less than the minimum required (%zuM).\n\n"
 ^~~~~~~~~~~~~~~~~~~~~~~~~~~~~~~~~~~~~~~~~~~~~~~~~~~~~~~~~~~~~~~~~~~~~~~~~~~~~~~~~~~
C:/Users/biocbuild/bbs-3.14-bioc/R/library/Rhtslib/include/bam_sort.c: In function 'bam_sort_core_ext':
C:/Users/biocbuild/bbs-3.14-bioc/R/library/Rhtslib/include/bam_sort.c:2065:9: warning: 'strncpy' specified bound 2 equals destination size [-Wstringop-truncation]
         strncpy(g_sort_tag, sort_by_tag, 2);
         ^~~~~~~~~~~~~~~~~~~~~~~~~~~~~~~~~~~
"C:/rtools40/mingw64/bin/"gcc  -I"C:/Users/BIOCBU~1/BBS-3~1.14-/R/include" -DNDEBUG -D_FILE_OFFSET_BITS=64 -I'C:/Users/biocbuild/bbs-3.14-bioc/R/library/Rhtslib/include' -I'C:/Users/biocbuild/bbs-3.14-bioc/R/library/S4Vectors/include' -I'C:/Users/biocbuild/bbs-3.14-bioc/R/library/IRanges/include' -I'C:/Users/biocbuild/bbs-3.14-bioc/R/library/XVector/include' -I'C:/Users/biocbuild/bbs-3.14-bioc/R/library/Biostrings/include'   -I"C:/extsoft/include"     -O2 -Wall  -std=gnu99 -mfpmath=sse -msse2 -mstackrealign  -c bambuffer.c -o bambuffer.o
"C:/rtools40/mingw64/bin/"gcc  -I"C:/Users/BIOCBU~1/BBS-3~1.14-/R/include" -DNDEBUG -D_FILE_OFFSET_BITS=64 -I'C:/Users/biocbuild/bbs-3.14-bioc/R/library/Rhtslib/include' -I'C:/Users/biocbuild/bbs-3.14-bioc/R/library/S4Vectors/include' -I'C:/Users/biocbuild/bbs-3.14-bioc/R/library/IRanges/include' -I'C:/Users/biocbuild/bbs-3.14-bioc/R/library/XVector/include' -I'C:/Users/biocbuild/bbs-3.14-bioc/R/library/Biostrings/include'   -I"C:/extsoft/include"     -O2 -Wall  -std=gnu99 -mfpmath=sse -msse2 -mstackrealign  -c bamfile.c -o bamfile.o
bamfile.c: In function 'bamfile_isincomplete':
bamfile.c:168:20: warning: ignoring return value of 'bgzf_seek', declared with attribute warn_unused_result [-Wunused-result]
             (void) bgzf_seek(bfile->file->x.bam, offset, SEEK_SET);
                    ^~~~~~~~~~~~~~~~~~~~~~~~~~~~~~~~~~~~~~~~~~~~~~~
bamfile.c: In function 'bamfile_open':
bamfile.c:29:17: warning: 'cfile' may be used uninitialized in this function [-Wmaybe-uninitialized]
         index = hts_idx_load2(file, indexname);
                 ^~~~~~~~~~~~~~~~~~~~~~~~~~~~~~
bamfile.c:73:17: note: 'cfile' was declared here
     const char *cfile;
                 ^~~~~
"C:/rtools40/mingw64/bin/"gcc  -I"C:/Users/BIOCBU~1/BBS-3~1.14-/R/include" -DNDEBUG -D_FILE_OFFSET_BITS=64 -I'C:/Users/biocbuild/bbs-3.14-bioc/R/library/Rhtslib/include' -I'C:/Users/biocbuild/bbs-3.14-bioc/R/library/S4Vectors/include' -I'C:/Users/biocbuild/bbs-3.14-bioc/R/library/IRanges/include' -I'C:/Users/biocbuild/bbs-3.14-bioc/R/library/XVector/include' -I'C:/Users/biocbuild/bbs-3.14-bioc/R/library/Biostrings/include'   -I"C:/extsoft/include"     -O2 -Wall  -std=gnu99 -mfpmath=sse -msse2 -mstackrealign  -c bcffile.c -o bcffile.o
"C:/rtools40/mingw64/bin/"gcc  -I"C:/Users/BIOCBU~1/BBS-3~1.14-/R/include" -DNDEBUG -D_FILE_OFFSET_BITS=64 -I'C:/Users/biocbuild/bbs-3.14-bioc/R/library/Rhtslib/include' -I'C:/Users/biocbuild/bbs-3.14-bioc/R/library/S4Vectors/include' -I'C:/Users/biocbuild/bbs-3.14-bioc/R/library/IRanges/include' -I'C:/Users/biocbuild/bbs-3.14-bioc/R/library/XVector/include' -I'C:/Users/biocbuild/bbs-3.14-bioc/R/library/Biostrings/include'   -I"C:/extsoft/include"     -O2 -Wall  -std=gnu99 -mfpmath=sse -msse2 -mstackrealign  -c encode.c -o encode.o
"C:/rtools40/mingw64/bin/"gcc  -I"C:/Users/BIOCBU~1/BBS-3~1.14-/R/include" -DNDEBUG -D_FILE_OFFSET_BITS=64 -I'C:/Users/biocbuild/bbs-3.14-bioc/R/library/Rhtslib/include' -I'C:/Users/biocbuild/bbs-3.14-bioc/R/library/S4Vectors/include' -I'C:/Users/biocbuild/bbs-3.14-bioc/R/library/IRanges/include' -I'C:/Users/biocbuild/bbs-3.14-bioc/R/library/XVector/include' -I'C:/Users/biocbuild/bbs-3.14-bioc/R/library/Biostrings/include'   -I"C:/extsoft/include"     -O2 -Wall  -std=gnu99 -mfpmath=sse -msse2 -mstackrealign  -c fafile.c -o fafile.o
"C:/rtools40/mingw64/bin/"gcc  -I"C:/Users/BIOCBU~1/BBS-3~1.14-/R/include" -DNDEBUG -D_FILE_OFFSET_BITS=64 -I'C:/Users/biocbuild/bbs-3.14-bioc/R/library/Rhtslib/include' -I'C:/Users/biocbuild/bbs-3.14-bioc/R/library/S4Vectors/include' -I'C:/Users/biocbuild/bbs-3.14-bioc/R/library/IRanges/include' -I'C:/Users/biocbuild/bbs-3.14-bioc/R/library/XVector/include' -I'C:/Users/biocbuild/bbs-3.14-bioc/R/library/Biostrings/include'   -I"C:/extsoft/include"     -O2 -Wall  -std=gnu99 -mfpmath=sse -msse2 -mstackrealign  -c idxstats.c -o idxstats.o
In file included from C:/Users/biocbuild/bbs-3.14-bioc/R/library/Rhtslib/include/sam.h:29,
                 from bamfile.h:5,
                 from idxstats.c:1:
idxstats.c: In function 'idxstats_bamfile':
C:/Users/biocbuild/bbs-3.14-bioc/R/library/Rhtslib/include/bam.h:57:32: warning: ignoring return value of 'bgzf_seek', declared with attribute warn_unused_result [-Wunused-result]
 #define bam_seek(fp, pos, dir) bgzf_seek(fp, pos, dir)
                                ^~~~~~~~~~~~~~~~~~~~~~~
idxstats.c:20:12: note: in expansion of macro 'bam_seek'
     (void) bam_seek(fp, 0, 0);
            ^~~~~~~~
"C:/rtools40/mingw64/bin/"gcc  -I"C:/Users/BIOCBU~1/BBS-3~1.14-/R/include" -DNDEBUG -D_FILE_OFFSET_BITS=64 -I'C:/Users/biocbuild/bbs-3.14-bioc/R/library/Rhtslib/include' -I'C:/Users/biocbuild/bbs-3.14-bioc/R/library/S4Vectors/include' -I'C:/Users/biocbuild/bbs-3.14-bioc/R/library/IRanges/include' -I'C:/Users/biocbuild/bbs-3.14-bioc/R/library/XVector/include' -I'C:/Users/biocbuild/bbs-3.14-bioc/R/library/Biostrings/include'   -I"C:/extsoft/include"     -O2 -Wall  -std=gnu99 -mfpmath=sse -msse2 -mstackrealign  -c io_sam.c -o io_sam.o
In file included from C:/Users/biocbuild/bbs-3.14-bioc/R/library/Rhtslib/include/sam.h:29,
                 from io_sam.c:2:
io_sam.c: In function '_scan_bam_all':
C:/Users/biocbuild/bbs-3.14-bioc/R/library/Rhtslib/include/bam.h:57:32: warning: ignoring return value of 'bgzf_seek', declared with attribute warn_unused_result [-Wunused-result]
 #define bam_seek(fp, pos, dir) bgzf_seek(fp, pos, dir)
                                ^~~~~~~~~~~~~~~~~~~~~~~
io_sam.c:304:12: note: in expansion of macro 'bam_seek'
     (void) bam_seek(bfile->file->x.bam, bfile->pos0, SEEK_SET);
            ^~~~~~~~
"C:/rtools40/mingw64/bin/"g++ -std=gnu++11  -I"C:/Users/BIOCBU~1/BBS-3~1.14-/R/include" -DNDEBUG -D_FILE_OFFSET_BITS=64 -I'C:/Users/biocbuild/bbs-3.14-bioc/R/library/Rhtslib/include' -I'C:/Users/biocbuild/bbs-3.14-bioc/R/library/S4Vectors/include' -I'C:/Users/biocbuild/bbs-3.14-bioc/R/library/IRanges/include' -I'C:/Users/biocbuild/bbs-3.14-bioc/R/library/XVector/include' -I'C:/Users/biocbuild/bbs-3.14-bioc/R/library/Biostrings/include'   -I"C:/extsoft/include"     -O2 -Wall  -mfpmath=sse -msse2 -mstackrealign  -c pbuffer_wrapper.cpp -o pbuffer_wrapper.o
"C:/rtools40/mingw64/bin/"g++ -std=gnu++11  -I"C:/Users/BIOCBU~1/BBS-3~1.14-/R/include" -DNDEBUG -D_FILE_OFFSET_BITS=64 -I'C:/Users/biocbuild/bbs-3.14-bioc/R/library/Rhtslib/include' -I'C:/Users/biocbuild/bbs-3.14-bioc/R/library/S4Vectors/include' -I'C:/Users/biocbuild/bbs-3.14-bioc/R/library/IRanges/include' -I'C:/Users/biocbuild/bbs-3.14-bioc/R/library/XVector/include' -I'C:/Users/biocbuild/bbs-3.14-bioc/R/library/Biostrings/include'   -I"C:/extsoft/include"     -O2 -Wall  -mfpmath=sse -msse2 -mstackrealign  -c pileup.cpp -o pileup.o
"C:/rtools40/mingw64/bin/"gcc  -I"C:/Users/BIOCBU~1/BBS-3~1.14-/R/include" -DNDEBUG -D_FILE_OFFSET_BITS=64 -I'C:/Users/biocbuild/bbs-3.14-bioc/R/library/Rhtslib/include' -I'C:/Users/biocbuild/bbs-3.14-bioc/R/library/S4Vectors/include' -I'C:/Users/biocbuild/bbs-3.14-bioc/R/library/IRanges/include' -I'C:/Users/biocbuild/bbs-3.14-bioc/R/library/XVector/include' -I'C:/Users/biocbuild/bbs-3.14-bioc/R/library/Biostrings/include'   -I"C:/extsoft/include"     -O2 -Wall  -std=gnu99 -mfpmath=sse -msse2 -mstackrealign  -c pileupbam.c -o pileupbam.o
"C:/rtools40/mingw64/bin/"gcc  -I"C:/Users/BIOCBU~1/BBS-3~1.14-/R/include" -DNDEBUG -D_FILE_OFFSET_BITS=64 -I'C:/Users/biocbuild/bbs-3.14-bioc/R/library/Rhtslib/include' -I'C:/Users/biocbuild/bbs-3.14-bioc/R/library/S4Vectors/include' -I'C:/Users/biocbuild/bbs-3.14-bioc/R/library/IRanges/include' -I'C:/Users/biocbuild/bbs-3.14-bioc/R/library/XVector/include' -I'C:/Users/biocbuild/bbs-3.14-bioc/R/library/Biostrings/include'   -I"C:/extsoft/include"     -O2 -Wall  -std=gnu99 -mfpmath=sse -msse2 -mstackrealign  -c sam.c -o sam.o
"C:/rtools40/mingw64/bin/"gcc  -I"C:/Users/BIOCBU~1/BBS-3~1.14-/R/include" -DNDEBUG -D_FILE_OFFSET_BITS=64 -I'C:/Users/biocbuild/bbs-3.14-bioc/R/library/Rhtslib/include' -I'C:/Users/biocbuild/bbs-3.14-bioc/R/library/S4Vectors/include' -I'C:/Users/biocbuild/bbs-3.14-bioc/R/library/IRanges/include' -I'C:/Users/biocbuild/bbs-3.14-bioc/R/library/XVector/include' -I'C:/Users/biocbuild/bbs-3.14-bioc/R/library/Biostrings/include'   -I"C:/extsoft/include"     -O2 -Wall  -std=gnu99 -mfpmath=sse -msse2 -mstackrealign  -c sam_opts.c -o sam_opts.o
"C:/rtools40/mingw64/bin/"gcc  -I"C:/Users/BIOCBU~1/BBS-3~1.14-/R/include" -DNDEBUG -D_FILE_OFFSET_BITS=64 -I'C:/Users/biocbuild/bbs-3.14-bioc/R/library/Rhtslib/include' -I'C:/Users/biocbuild/bbs-3.14-bioc/R/library/S4Vectors/include' -I'C:/Users/biocbuild/bbs-3.14-bioc/R/library/IRanges/include' -I'C:/Users/biocbuild/bbs-3.14-bioc/R/library/XVector/include' -I'C:/Users/biocbuild/bbs-3.14-bioc/R/library/Biostrings/include'   -I"C:/extsoft/include"     -O2 -Wall  -std=gnu99 -mfpmath=sse -msse2 -mstackrealign  -c sam_utils.c -o sam_utils.o
"C:/rtools40/mingw64/bin/"gcc  -I"C:/Users/BIOCBU~1/BBS-3~1.14-/R/include" -DNDEBUG -D_FILE_OFFSET_BITS=64 -I'C:/Users/biocbuild/bbs-3.14-bioc/R/library/Rhtslib/include' -I'C:/Users/biocbuild/bbs-3.14-bioc/R/library/S4Vectors/include' -I'C:/Users/biocbuild/bbs-3.14-bioc/R/library/IRanges/include' -I'C:/Users/biocbuild/bbs-3.14-bioc/R/library/XVector/include' -I'C:/Users/biocbuild/bbs-3.14-bioc/R/library/Biostrings/include'   -I"C:/extsoft/include"     -O2 -Wall  -std=gnu99 -mfpmath=sse -msse2 -mstackrealign  -c samtools_patch.c -o samtools_patch.o
"C:/rtools40/mingw64/bin/"gcc  -I"C:/Users/BIOCBU~1/BBS-3~1.14-/R/include" -DNDEBUG -D_FILE_OFFSET_BITS=64 -I'C:/Users/biocbuild/bbs-3.14-bioc/R/library/Rhtslib/include' -I'C:/Users/biocbuild/bbs-3.14-bioc/R/library/S4Vectors/include' -I'C:/Users/biocbuild/bbs-3.14-bioc/R/library/IRanges/include' -I'C:/Users/biocbuild/bbs-3.14-bioc/R/library/XVector/include' -I'C:/Users/biocbuild/bbs-3.14-bioc/R/library/Biostrings/include'   -I"C:/extsoft/include"     -O2 -Wall  -std=gnu99 -mfpmath=sse -msse2 -mstackrealign  -c scan_bam_data.c -o scan_bam_data.o
"C:/rtools40/mingw64/bin/"gcc  -I"C:/Users/BIOCBU~1/BBS-3~1.14-/R/include" -DNDEBUG -D_FILE_OFFSET_BITS=64 -I'C:/Users/biocbuild/bbs-3.14-bioc/R/library/Rhtslib/include' -I'C:/Users/biocbuild/bbs-3.14-bioc/R/library/S4Vectors/include' -I'C:/Users/biocbuild/bbs-3.14-bioc/R/library/IRanges/include' -I'C:/Users/biocbuild/bbs-3.14-bioc/R/library/XVector/include' -I'C:/Users/biocbuild/bbs-3.14-bioc/R/library/Biostrings/include'   -I"C:/extsoft/include"     -O2 -Wall  -std=gnu99 -mfpmath=sse -msse2 -mstackrealign  -c tabixfile.c -o tabixfile.o
tabixfile.c: In function 'index_tabix':
tabixfile.c:190:5: warning: 'bgzf_is_bgzf' is deprecated: Use bgzf_compression() or hts_detect_format() instead [-Wdeprecated-declarations]
     if (bgzf_is_bgzf(fn) != 1)
     ^~
In file included from tabixfile.c:3:
C:/Users/biocbuild/bbs-3.14-bioc/R/library/Rhtslib/include/htslib/bgzf.h:243:9: note: declared here
     int bgzf_is_bgzf(const char *fn) HTS_DEPRECATED("Use bgzf_compression() or hts_detect_format() instead");
         ^~~~~~~~~~~~
"C:/rtools40/mingw64/bin/"gcc  -I"C:/Users/BIOCBU~1/BBS-3~1.14-/R/include" -DNDEBUG -D_FILE_OFFSET_BITS=64 -I'C:/Users/biocbuild/bbs-3.14-bioc/R/library/Rhtslib/include' -I'C:/Users/biocbuild/bbs-3.14-bioc/R/library/S4Vectors/include' -I'C:/Users/biocbuild/bbs-3.14-bioc/R/library/IRanges/include' -I'C:/Users/biocbuild/bbs-3.14-bioc/R/library/XVector/include' -I'C:/Users/biocbuild/bbs-3.14-bioc/R/library/Biostrings/include'   -I"C:/extsoft/include"     -O2 -Wall  -std=gnu99 -mfpmath=sse -msse2 -mstackrealign  -c tagfilter.c -o tagfilter.o
"C:/rtools40/mingw64/bin/"gcc  -I"C:/Users/BIOCBU~1/BBS-3~1.14-/R/include" -DNDEBUG -D_FILE_OFFSET_BITS=64 -I'C:/Users/biocbuild/bbs-3.14-bioc/R/library/Rhtslib/include' -I'C:/Users/biocbuild/bbs-3.14-bioc/R/library/S4Vectors/include' -I'C:/Users/biocbuild/bbs-3.14-bioc/R/library/IRanges/include' -I'C:/Users/biocbuild/bbs-3.14-bioc/R/library/XVector/include' -I'C:/Users/biocbuild/bbs-3.14-bioc/R/library/Biostrings/include'   -I"C:/extsoft/include"     -O2 -Wall  -std=gnu99 -mfpmath=sse -msse2 -mstackrealign  -c utilities.c -o utilities.o
"C:/rtools40/mingw64/bin/"gcc  -I"C:/Users/BIOCBU~1/BBS-3~1.14-/R/include" -DNDEBUG -D_FILE_OFFSET_BITS=64 -I'C:/Users/biocbuild/bbs-3.14-bioc/R/library/Rhtslib/include' -I'C:/Users/biocbuild/bbs-3.14-bioc/R/library/S4Vectors/include' -I'C:/Users/biocbuild/bbs-3.14-bioc/R/library/IRanges/include' -I'C:/Users/biocbuild/bbs-3.14-bioc/R/library/XVector/include' -I'C:/Users/biocbuild/bbs-3.14-bioc/R/library/Biostrings/include'   -I"C:/extsoft/include"     -O2 -Wall  -std=gnu99 -mfpmath=sse -msse2 -mstackrealign  -c zip_compression.c -o zip_compression.o
C:/rtools40/mingw64/bin/g++ -std=gnu++11 -shared -s -static-libgcc -o Rsamtools.dll tmp.def Biostrings_stubs.o COMPAT_bcf_hdr_read.o IRanges_stubs.o PileupBuffer.o PosCacheColl.o R_init_Rsamtools.o ResultManager.o S4Vectors_stubs.o XVector_stubs.o as_bam.o bam.o bam_data.o bam_mate_iter.o bam_plbuf.o bam_sort.o bambuffer.o bamfile.o bcffile.o encode.o fafile.o idxstats.o io_sam.o pbuffer_wrapper.o pileup.o pileupbam.o sam.o sam_opts.o sam_utils.o samtools_patch.o scan_bam_data.o tabixfile.o tagfilter.o utilities.o zip_compression.o C:/Users/biocbuild/bbs-3.14-bioc/R/library/Rhtslib/usrlib/x64/libhts.a -LC:/extsoft/lib/x64 -lcurl -lrtmp -lssl -lssh2 -lcrypto -lgdi32 -lz -lws2_32 -lwldap32 -lwinmm -LC:/extsoft/lib/x64 -LC:/extsoft/lib -LC:/Users/BIOCBU~1/BBS-3~1.14-/R/bin/x64 -lR
installing to C:/Users/biocbuild/bbs-3.14-bioc/meat/Rsamtools.buildbin-libdir/Rsamtools/libs/x64
** testing if installed package can be loaded
* MD5 sums
packaged installation of 'Rsamtools' as Rsamtools_2.10.0.zip
* DONE (Rsamtools)
* installing to library 'C:/Users/biocbuild/bbs-3.14-bioc/R/library'
package 'Rsamtools' successfully unpacked and MD5 sums checked

Tests output

Rsamtools.Rcheck/tests_i386/Rsamtools_unit_tests.Rout


R version 4.1.2 (2021-11-01) -- "Bird Hippie"
Copyright (C) 2021 The R Foundation for Statistical Computing
Platform: i386-w64-mingw32/i386 (32-bit)

R is free software and comes with ABSOLUTELY NO WARRANTY.
You are welcome to redistribute it under certain conditions.
Type 'license()' or 'licence()' for distribution details.

R is a collaborative project with many contributors.
Type 'contributors()' for more information and
'citation()' on how to cite R or R packages in publications.

Type 'demo()' for some demos, 'help()' for on-line help, or
'help.start()' for an HTML browser interface to help.
Type 'q()' to quit R.

> BiocGenerics:::testPackage('Rsamtools')

Attaching package: 'BiocGenerics'

The following objects are masked from 'package:stats':

    IQR, mad, sd, var, xtabs

The following objects are masked from 'package:base':

    Filter, Find, Map, Position, Reduce, anyDuplicated, append,
    as.data.frame, basename, cbind, colnames, dirname, do.call,
    duplicated, eval, evalq, get, grep, grepl, intersect, is.unsorted,
    lapply, mapply, match, mget, order, paste, pmax, pmax.int, pmin,
    pmin.int, rank, rbind, rownames, sapply, setdiff, sort, table,
    tapply, union, unique, unsplit, which.max, which.min


Attaching package: 'S4Vectors'

The following objects are masked from 'package:base':

    I, expand.grid, unname


Attaching package: 'IRanges'

The following object is masked from 'package:grDevices':

    windows


Attaching package: 'Biostrings'

The following object is masked from 'package:base':

    strsplit

[E::COMPAT_bcf_hdr_read] Input is not detected as bcf or vcf format
Timing stopped at: 0 0 0
Error in DEACTIVATED("remote tabix not supported on Windows") : 
  remote tabix not supported on Windows


RUNIT TEST PROTOCOL -- Fri Jan 21 02:04:51 2022 
*********************************************** 
Number of test functions: 179 
Number of deactivated test functions: 1 
Number of errors: 0 
Number of failures: 0 

 
1 Test Suite : 
Rsamtools RUnit Tests - 179 test functions, 0 errors, 0 failures
Number of test functions: 179 
Number of deactivated test functions: 1 
Number of errors: 0 
Number of failures: 0 
[E::hts_idx_push] Chromosome blocks not continuous
[E::hts_open_format] Failed to open file http://httpbin.org/status/504
Warning messages:
1: 'applyPileups' is deprecated.
Use 'pileup' instead.
See help("Deprecated") 
2: 'applyPileups' is deprecated.
Use 'pileup' instead.
See help("Deprecated") 
3: In read.table(conn, colClasses = colClasses, col.names = names(colClasses),  :
  not all columns named in 'colClasses' exist
4: In read.table(conn, colClasses = colClasses, col.names = names(colClasses),  :
  not all columns named in 'colClasses' exist
5: In read.table(conn, colClasses = colClasses, col.names = names(colClasses),  :
  not all columns named in 'colClasses' exist
6: In read.table(conn, colClasses = colClasses, col.names = names(colClasses),  :
  not all columns named in 'colClasses' exist
> 
> proc.time()
   user  system elapsed 
  17.17    0.73   44.23 

Rsamtools.Rcheck/tests_x64/Rsamtools_unit_tests.Rout


R version 4.1.2 (2021-11-01) -- "Bird Hippie"
Copyright (C) 2021 The R Foundation for Statistical Computing
Platform: x86_64-w64-mingw32/x64 (64-bit)

R is free software and comes with ABSOLUTELY NO WARRANTY.
You are welcome to redistribute it under certain conditions.
Type 'license()' or 'licence()' for distribution details.

R is a collaborative project with many contributors.
Type 'contributors()' for more information and
'citation()' on how to cite R or R packages in publications.

Type 'demo()' for some demos, 'help()' for on-line help, or
'help.start()' for an HTML browser interface to help.
Type 'q()' to quit R.

> BiocGenerics:::testPackage('Rsamtools')

Attaching package: 'BiocGenerics'

The following objects are masked from 'package:stats':

    IQR, mad, sd, var, xtabs

The following objects are masked from 'package:base':

    Filter, Find, Map, Position, Reduce, anyDuplicated, append,
    as.data.frame, basename, cbind, colnames, dirname, do.call,
    duplicated, eval, evalq, get, grep, grepl, intersect, is.unsorted,
    lapply, mapply, match, mget, order, paste, pmax, pmax.int, pmin,
    pmin.int, rank, rbind, rownames, sapply, setdiff, sort, table,
    tapply, union, unique, unsplit, which.max, which.min


Attaching package: 'S4Vectors'

The following objects are masked from 'package:base':

    I, expand.grid, unname


Attaching package: 'IRanges'

The following object is masked from 'package:grDevices':

    windows


Attaching package: 'Biostrings'

The following object is masked from 'package:base':

    strsplit

[E::COMPAT_bcf_hdr_read] Input is not detected as bcf or vcf format
Timing stopped at: 0 0 0
Error in DEACTIVATED("remote tabix not supported on Windows") : 
  remote tabix not supported on Windows


RUNIT TEST PROTOCOL -- Fri Jan 21 02:05:31 2022 
*********************************************** 
Number of test functions: 179 
Number of deactivated test functions: 1 
Number of errors: 0 
Number of failures: 0 

 
1 Test Suite : 
Rsamtools RUnit Tests - 179 test functions, 0 errors, 0 failures
Number of test functions: 179 
Number of deactivated test functions: 1 
Number of errors: 0 
Number of failures: 0 
[E::hts_idx_push] Chromosome blocks not continuous
[E::hts_open_format] Failed to open file http://httpbin.org/status/504
Warning messages:
1: 'applyPileups' is deprecated.
Use 'pileup' instead.
See help("Deprecated") 
2: 'applyPileups' is deprecated.
Use 'pileup' instead.
See help("Deprecated") 
3: In read.table(conn, colClasses = colClasses, col.names = names(colClasses),  :
  not all columns named in 'colClasses' exist
4: In read.table(conn, colClasses = colClasses, col.names = names(colClasses),  :
  not all columns named in 'colClasses' exist
5: In read.table(conn, colClasses = colClasses, col.names = names(colClasses),  :
  not all columns named in 'colClasses' exist
6: In read.table(conn, colClasses = colClasses, col.names = names(colClasses),  :
  not all columns named in 'colClasses' exist
> 
> proc.time()
   user  system elapsed 
  16.07    0.53   39.92 

Example timings

Rsamtools.Rcheck/examples_i386/Rsamtools-Ex.timings

nameusersystemelapsed
ApplyPileupsParam-class0.010.000.02
BamFile-class0.530.092.18
BamViews-class0.060.000.06
BcfFile-class0.240.000.25
FaFile-class0.070.000.08
PileupFiles-class0.020.000.02
Rsamtools-package0.020.000.01
ScanBamParam-class0.560.020.58
ScanBcfParam-class000
TabixFile-class0.050.000.05
applyPileups000
headerTabix000
indexTabix0.060.000.12
pileup45.72 0.5146.42
quickBamFlagSummary0.030.000.04
readPileup0.040.000.06
scanBam0.410.030.44
scanBcf0.270.030.29
scanFa0.040.000.05
scanTabix0.050.000.05
seqnamesTabix000
testPairedEndBam0.000.020.01
zip0.030.000.03

Rsamtools.Rcheck/examples_x64/Rsamtools-Ex.timings

nameusersystemelapsed
ApplyPileupsParam-class0.030.000.03
BamFile-class0.470.010.48
BamViews-class0.090.000.09
BcfFile-class0.270.030.30
FaFile-class0.090.000.09
PileupFiles-class0.020.000.02
Rsamtools-package0.030.000.03
ScanBamParam-class0.750.060.81
ScanBcfParam-class000
TabixFile-class0.040.000.05
applyPileups000
headerTabix000
indexTabix0.020.020.03
pileup39.08 0.3639.48
quickBamFlagSummary0.010.000.02
readPileup0.070.000.06
scanBam0.460.030.50
scanBcf0.320.020.34
scanFa0.100.000.09
scanTabix0.090.000.10
seqnamesTabix000
testPairedEndBam0.030.000.03
zip0.030.000.03