Back to Multiple platform build/check report for BioC 3.14
ABCDEFGHIJKLMNOPQ[R]STUVWXYZ

This page was generated on 2021-12-06 13:05:10 -0500 (Mon, 06 Dec 2021).

CHECK results for Rsamtools on nebbiolo2

To the developers/maintainers of the Rsamtools package:
- Please allow up to 24 hours (and sometimes 48 hours) for your latest push to git@git.bioconductor.org:packages/Rsamtools.git to
reflect on this report. See How and When does the builder pull? When will my changes propagate? here for more information.
- Make sure to use the following settings in order to reproduce any error or warning you see on this page.

raw results

Package 1659/2083HostnameOS / ArchINSTALLBUILDCHECKBUILD BIN
Rsamtools 2.10.0  (landing page)
Bioconductor Package Maintainer
Snapshot Date: 2021-12-05 01:55:05 -0500 (Sun, 05 Dec 2021)
git_url: https://git.bioconductor.org/packages/Rsamtools
git_branch: RELEASE_3_14
git_last_commit: b19738e
git_last_commit_date: 2021-10-26 11:55:47 -0500 (Tue, 26 Oct 2021)
nebbiolo2Linux (Ubuntu 20.04.3 LTS) / x86_64  OK    OK    WARNINGS  UNNEEDED, same version is already published
tokay2Windows Server 2012 R2 Standard / x64  OK    OK    WARNINGS    OK  UNNEEDED, same version is already published
machv2macOS 10.14.6 Mojave / x86_64  OK    OK    WARNINGS    OK  UNNEEDED, same version is already published

Summary

Package: Rsamtools
Version: 2.10.0
Command: /home/biocbuild/bbs-3.14-bioc/R/bin/R CMD check --install=check:Rsamtools.install-out.txt --library=/home/biocbuild/bbs-3.14-bioc/R/library --no-vignettes --timings Rsamtools_2.10.0.tar.gz
StartedAt: 2021-12-05 09:32:15 -0500 (Sun, 05 Dec 2021)
EndedAt: 2021-12-05 09:34:22 -0500 (Sun, 05 Dec 2021)
EllapsedTime: 127.2 seconds
RetCode: 0
Status:   WARNINGS  
CheckDir: Rsamtools.Rcheck
Warnings: 1

Command output

##############################################################################
##############################################################################
###
### Running command:
###
###   /home/biocbuild/bbs-3.14-bioc/R/bin/R CMD check --install=check:Rsamtools.install-out.txt --library=/home/biocbuild/bbs-3.14-bioc/R/library --no-vignettes --timings Rsamtools_2.10.0.tar.gz
###
##############################################################################
##############################################################################


* using log directory ‘/home/biocbuild/bbs-3.14-bioc/meat/Rsamtools.Rcheck’
* using R version 4.1.2 (2021-11-01)
* using platform: x86_64-pc-linux-gnu (64-bit)
* using session charset: UTF-8
* using option ‘--no-vignettes’
* checking for file ‘Rsamtools/DESCRIPTION’ ... OK
* checking extension type ... Package
* this is package ‘Rsamtools’ version ‘2.10.0’
* package encoding: UTF-8
* checking package namespace information ... OK
* checking package dependencies ... OK
* checking if this is a source package ... OK
* checking if there is a namespace ... OK
* checking for hidden files and directories ... OK
* checking for portable file names ... OK
* checking for sufficient/correct file permissions ... OK
* checking whether package ‘Rsamtools’ can be installed ... WARNING
Found the following significant warnings:
  /home/biocbuild/bbs-3.14-bioc/R/library/Rhtslib/include/bam.h:57:41: warning: ignoring return value of ‘int64_t bgzf_seek(BGZF*, int64_t, int)’, declared with attribute warn_unused_result [-Wunused-result]
  /usr/include/x86_64-linux-gnu/bits/string_fortified.h:106:10: warning: ‘__builtin_strncpy’ specified bound 2 equals destination size [-Wstringop-truncation]
  bamfile.c:168:20: warning: ignoring return value of ‘bgzf_seek’, declared with attribute warn_unused_result [-Wunused-result]
  /home/biocbuild/bbs-3.14-bioc/R/library/Rhtslib/include/bam.h:57:32: warning: ignoring return value of ‘bgzf_seek’, declared with attribute warn_unused_result [-Wunused-result]
  /usr/include/x86_64-linux-gnu/bits/stdio2.h:100:10: warning: ‘%s’ directive argument is null [-Wformat-overflow=]
  tabixfile.c:190:5: warning: ‘bgzf_is_bgzf’ is deprecated: Use bgzf_compression() or hts_detect_format() instead [-Wdeprecated-declarations]
See ‘/home/biocbuild/bbs-3.14-bioc/meat/Rsamtools.Rcheck/00install.out’ for details.
* checking installed package size ... NOTE
  installed size is 11.2Mb
  sub-directories of 1Mb or more:
    extdata   2.7Mb
    libs      6.7Mb
* checking package directory ... OK
* checking ‘build’ directory ... OK
* checking DESCRIPTION meta-information ... OK
* checking top-level files ... OK
* checking for left-over files ... OK
* checking index information ... OK
* checking package subdirectories ... OK
* checking R files for non-ASCII characters ... OK
* checking R files for syntax errors ... OK
* checking whether the package can be loaded ... OK
* checking whether the package can be loaded with stated dependencies ... OK
* checking whether the package can be unloaded cleanly ... OK
* checking whether the namespace can be loaded with stated dependencies ... OK
* checking whether the namespace can be unloaded cleanly ... OK
* checking dependencies in R code ... NOTE
Unexported objects imported by ':::' calls:
  ‘S4Vectors:::explodeIntBits’ ‘S4Vectors:::implodeIntBits’
  ‘S4Vectors:::makePowersOfTwo’ ‘S4Vectors:::quick_unlist’
  ‘S4Vectors:::selectSome’
  See the note in ?`:::` about the use of this operator.
* checking S3 generic/method consistency ... OK
* checking replacement functions ... OK
* checking foreign function calls ... OK
* checking R code for possible problems ... OK
* checking Rd files ... OK
* checking Rd metadata ... OK
* checking Rd cross-references ... OK
* checking for missing documentation entries ... OK
* checking for code/documentation mismatches ... OK
* checking Rd \usage sections ... OK
* checking Rd contents ... OK
* checking for unstated dependencies in examples ... OK
* checking line endings in C/C++/Fortran sources/headers ... OK
* checking line endings in Makefiles ... OK
* checking compilation flags in Makevars ... OK
* checking for GNU extensions in Makefiles ... NOTE
GNU make is a SystemRequirements.
* checking for portable use of $(BLAS_LIBS) and $(LAPACK_LIBS) ... OK
* checking use of PKG_*FLAGS in Makefiles ... OK
* checking compiled code ... NOTE
Note: information on .o files is not available
File ‘/home/biocbuild/bbs-3.14-bioc/R/library/Rsamtools/libs/Rsamtools.so’:
  Found ‘__printf_chk’, possibly from ‘printf’ (C)
  Found ‘abort’, possibly from ‘abort’ (C)
  Found ‘exit’, possibly from ‘exit’ (C)
  Found ‘putchar’, possibly from ‘putchar’ (C)
  Found ‘puts’, possibly from ‘printf’ (C), ‘puts’ (C)
  Found ‘srand48’, possibly from ‘srand48’ (C)
  Found ‘stderr’, possibly from ‘stderr’ (C)
  Found ‘stdout’, possibly from ‘stdout’ (C)

Compiled code should not call entry points which might terminate R nor
write to stdout/stderr instead of to the console, nor use Fortran I/O
nor system RNGs. The detected symbols are linked into the code but
might come from libraries and not actually be called.

See ‘Writing portable packages’ in the ‘Writing R Extensions’ manual.
* checking files in ‘vignettes’ ... OK
* checking examples ... OK
Examples with CPU (user + system) or elapsed time > 5s
         user system elapsed
pileup 32.233  0.224  32.461
* checking for unstated dependencies in ‘tests’ ... OK
* checking tests ...
  Running ‘Rsamtools_unit_tests.R’
 OK
* checking for unstated dependencies in vignettes ... OK
* checking package vignettes in ‘inst/doc’ ... OK
* checking running R code from vignettes ... SKIPPED
* checking re-building of vignette outputs ... SKIPPED
* checking PDF version of manual ... OK
* DONE

Status: 1 WARNING, 4 NOTEs
See
  ‘/home/biocbuild/bbs-3.14-bioc/meat/Rsamtools.Rcheck/00check.log’
for details.



Installation output

Rsamtools.Rcheck/00install.out

##############################################################################
##############################################################################
###
### Running command:
###
###   /home/biocbuild/bbs-3.14-bioc/R/bin/R CMD INSTALL Rsamtools
###
##############################################################################
##############################################################################


* installing to library ‘/home/biocbuild/bbs-3.14-bioc/R/library’
* installing *source* package ‘Rsamtools’ ...
** using staged installation
** libs
gcc -I"/home/biocbuild/bbs-3.14-bioc/R/include" -DNDEBUG -D_FILE_OFFSET_BITS=64 -I'/home/biocbuild/bbs-3.14-bioc/R/library/Rhtslib/include' -I'/home/biocbuild/bbs-3.14-bioc/R/library/S4Vectors/include' -I'/home/biocbuild/bbs-3.14-bioc/R/library/IRanges/include' -I'/home/biocbuild/bbs-3.14-bioc/R/library/XVector/include' -I'/home/biocbuild/bbs-3.14-bioc/R/library/Biostrings/include' -I/usr/local/include   -fpic  -g -O2  -Wall -c Biostrings_stubs.c -o Biostrings_stubs.o
gcc -I"/home/biocbuild/bbs-3.14-bioc/R/include" -DNDEBUG -D_FILE_OFFSET_BITS=64 -I'/home/biocbuild/bbs-3.14-bioc/R/library/Rhtslib/include' -I'/home/biocbuild/bbs-3.14-bioc/R/library/S4Vectors/include' -I'/home/biocbuild/bbs-3.14-bioc/R/library/IRanges/include' -I'/home/biocbuild/bbs-3.14-bioc/R/library/XVector/include' -I'/home/biocbuild/bbs-3.14-bioc/R/library/Biostrings/include' -I/usr/local/include   -fpic  -g -O2  -Wall -c COMPAT_bcf_hdr_read.c -o COMPAT_bcf_hdr_read.o
gcc -I"/home/biocbuild/bbs-3.14-bioc/R/include" -DNDEBUG -D_FILE_OFFSET_BITS=64 -I'/home/biocbuild/bbs-3.14-bioc/R/library/Rhtslib/include' -I'/home/biocbuild/bbs-3.14-bioc/R/library/S4Vectors/include' -I'/home/biocbuild/bbs-3.14-bioc/R/library/IRanges/include' -I'/home/biocbuild/bbs-3.14-bioc/R/library/XVector/include' -I'/home/biocbuild/bbs-3.14-bioc/R/library/Biostrings/include' -I/usr/local/include   -fpic  -g -O2  -Wall -c IRanges_stubs.c -o IRanges_stubs.o
g++ -std=gnu++14 -I"/home/biocbuild/bbs-3.14-bioc/R/include" -DNDEBUG -D_FILE_OFFSET_BITS=64 -I'/home/biocbuild/bbs-3.14-bioc/R/library/Rhtslib/include' -I'/home/biocbuild/bbs-3.14-bioc/R/library/S4Vectors/include' -I'/home/biocbuild/bbs-3.14-bioc/R/library/IRanges/include' -I'/home/biocbuild/bbs-3.14-bioc/R/library/XVector/include' -I'/home/biocbuild/bbs-3.14-bioc/R/library/Biostrings/include' -I/usr/local/include   -fpic  -g -O2  -Wall -c PileupBuffer.cpp -o PileupBuffer.o
g++ -std=gnu++14 -I"/home/biocbuild/bbs-3.14-bioc/R/include" -DNDEBUG -D_FILE_OFFSET_BITS=64 -I'/home/biocbuild/bbs-3.14-bioc/R/library/Rhtslib/include' -I'/home/biocbuild/bbs-3.14-bioc/R/library/S4Vectors/include' -I'/home/biocbuild/bbs-3.14-bioc/R/library/IRanges/include' -I'/home/biocbuild/bbs-3.14-bioc/R/library/XVector/include' -I'/home/biocbuild/bbs-3.14-bioc/R/library/Biostrings/include' -I/usr/local/include   -fpic  -g -O2  -Wall -c PosCacheColl.cpp -o PosCacheColl.o
gcc -I"/home/biocbuild/bbs-3.14-bioc/R/include" -DNDEBUG -D_FILE_OFFSET_BITS=64 -I'/home/biocbuild/bbs-3.14-bioc/R/library/Rhtslib/include' -I'/home/biocbuild/bbs-3.14-bioc/R/library/S4Vectors/include' -I'/home/biocbuild/bbs-3.14-bioc/R/library/IRanges/include' -I'/home/biocbuild/bbs-3.14-bioc/R/library/XVector/include' -I'/home/biocbuild/bbs-3.14-bioc/R/library/Biostrings/include' -I/usr/local/include   -fpic  -g -O2  -Wall -c R_init_Rsamtools.c -o R_init_Rsamtools.o
g++ -std=gnu++14 -I"/home/biocbuild/bbs-3.14-bioc/R/include" -DNDEBUG -D_FILE_OFFSET_BITS=64 -I'/home/biocbuild/bbs-3.14-bioc/R/library/Rhtslib/include' -I'/home/biocbuild/bbs-3.14-bioc/R/library/S4Vectors/include' -I'/home/biocbuild/bbs-3.14-bioc/R/library/IRanges/include' -I'/home/biocbuild/bbs-3.14-bioc/R/library/XVector/include' -I'/home/biocbuild/bbs-3.14-bioc/R/library/Biostrings/include' -I/usr/local/include   -fpic  -g -O2  -Wall -c ResultManager.cpp -o ResultManager.o
gcc -I"/home/biocbuild/bbs-3.14-bioc/R/include" -DNDEBUG -D_FILE_OFFSET_BITS=64 -I'/home/biocbuild/bbs-3.14-bioc/R/library/Rhtslib/include' -I'/home/biocbuild/bbs-3.14-bioc/R/library/S4Vectors/include' -I'/home/biocbuild/bbs-3.14-bioc/R/library/IRanges/include' -I'/home/biocbuild/bbs-3.14-bioc/R/library/XVector/include' -I'/home/biocbuild/bbs-3.14-bioc/R/library/Biostrings/include' -I/usr/local/include   -fpic  -g -O2  -Wall -c S4Vectors_stubs.c -o S4Vectors_stubs.o
gcc -I"/home/biocbuild/bbs-3.14-bioc/R/include" -DNDEBUG -D_FILE_OFFSET_BITS=64 -I'/home/biocbuild/bbs-3.14-bioc/R/library/Rhtslib/include' -I'/home/biocbuild/bbs-3.14-bioc/R/library/S4Vectors/include' -I'/home/biocbuild/bbs-3.14-bioc/R/library/IRanges/include' -I'/home/biocbuild/bbs-3.14-bioc/R/library/XVector/include' -I'/home/biocbuild/bbs-3.14-bioc/R/library/Biostrings/include' -I/usr/local/include   -fpic  -g -O2  -Wall -c XVector_stubs.c -o XVector_stubs.o
gcc -I"/home/biocbuild/bbs-3.14-bioc/R/include" -DNDEBUG -D_FILE_OFFSET_BITS=64 -I'/home/biocbuild/bbs-3.14-bioc/R/library/Rhtslib/include' -I'/home/biocbuild/bbs-3.14-bioc/R/library/S4Vectors/include' -I'/home/biocbuild/bbs-3.14-bioc/R/library/IRanges/include' -I'/home/biocbuild/bbs-3.14-bioc/R/library/XVector/include' -I'/home/biocbuild/bbs-3.14-bioc/R/library/Biostrings/include' -I/usr/local/include   -fpic  -g -O2  -Wall -c as_bam.c -o as_bam.o
gcc -I"/home/biocbuild/bbs-3.14-bioc/R/include" -DNDEBUG -D_FILE_OFFSET_BITS=64 -I'/home/biocbuild/bbs-3.14-bioc/R/library/Rhtslib/include' -I'/home/biocbuild/bbs-3.14-bioc/R/library/S4Vectors/include' -I'/home/biocbuild/bbs-3.14-bioc/R/library/IRanges/include' -I'/home/biocbuild/bbs-3.14-bioc/R/library/XVector/include' -I'/home/biocbuild/bbs-3.14-bioc/R/library/Biostrings/include' -I/usr/local/include   -fpic  -g -O2  -Wall -c bam.c -o bam.o
gcc -I"/home/biocbuild/bbs-3.14-bioc/R/include" -DNDEBUG -D_FILE_OFFSET_BITS=64 -I'/home/biocbuild/bbs-3.14-bioc/R/library/Rhtslib/include' -I'/home/biocbuild/bbs-3.14-bioc/R/library/S4Vectors/include' -I'/home/biocbuild/bbs-3.14-bioc/R/library/IRanges/include' -I'/home/biocbuild/bbs-3.14-bioc/R/library/XVector/include' -I'/home/biocbuild/bbs-3.14-bioc/R/library/Biostrings/include' -I/usr/local/include   -fpic  -g -O2  -Wall -c bam_data.c -o bam_data.o
g++ -std=gnu++14 -I"/home/biocbuild/bbs-3.14-bioc/R/include" -DNDEBUG -D_FILE_OFFSET_BITS=64 -I'/home/biocbuild/bbs-3.14-bioc/R/library/Rhtslib/include' -I'/home/biocbuild/bbs-3.14-bioc/R/library/S4Vectors/include' -I'/home/biocbuild/bbs-3.14-bioc/R/library/IRanges/include' -I'/home/biocbuild/bbs-3.14-bioc/R/library/XVector/include' -I'/home/biocbuild/bbs-3.14-bioc/R/library/Biostrings/include' -I/usr/local/include   -fpic  -g -O2  -Wall -c bam_mate_iter.cpp -o bam_mate_iter.o
In file included from /home/biocbuild/bbs-3.14-bioc/R/library/Rhtslib/include/sam.h:29,
                 from Template.h:9,
                 from BamIterator.h:10,
                 from BamRangeIterator.h:7,
                 from bam_mate_iter.cpp:2:
BamRangeIterator.h: In member function ‘virtual void BamRangeIterator::finalize_inprogress(bamFile)’:
/home/biocbuild/bbs-3.14-bioc/R/library/Rhtslib/include/bam.h:57:41: warning: ignoring return value of ‘int64_t bgzf_seek(BGZF*, int64_t, int)’, declared with attribute warn_unused_result [-Wunused-result]
   57 | #define bam_seek(fp, pos, dir) bgzf_seek(fp, pos, dir)
      |                                ~~~~~~~~~^~~~~~~~~~~~~~
BamRangeIterator.h:138:16: note: in expansion of macro ‘bam_seek’
  138 |         (void) bam_seek(bfile, pos, SEEK_SET);
      |                ^~~~~~~~
BamIterator.h: In constructor ‘BamIterator::BamIterator(bamFile, const bam_index_t*)’:
/home/biocbuild/bbs-3.14-bioc/R/library/Rhtslib/include/bam.h:57:41: warning: ignoring return value of ‘int64_t bgzf_seek(BGZF*, int64_t, int)’, declared with attribute warn_unused_result [-Wunused-result]
   57 | #define bam_seek(fp, pos, dir) bgzf_seek(fp, pos, dir)
      |                                ~~~~~~~~~^~~~~~~~~~~~~~
BamIterator.h:87:16: note: in expansion of macro ‘bam_seek’
   87 |         (void) bam_seek(bfile, 0, 0);
      |                ^~~~~~~~
gcc -I"/home/biocbuild/bbs-3.14-bioc/R/include" -DNDEBUG -D_FILE_OFFSET_BITS=64 -I'/home/biocbuild/bbs-3.14-bioc/R/library/Rhtslib/include' -I'/home/biocbuild/bbs-3.14-bioc/R/library/S4Vectors/include' -I'/home/biocbuild/bbs-3.14-bioc/R/library/IRanges/include' -I'/home/biocbuild/bbs-3.14-bioc/R/library/XVector/include' -I'/home/biocbuild/bbs-3.14-bioc/R/library/Biostrings/include' -I/usr/local/include   -fpic  -g -O2  -Wall -c bam_plbuf.c -o bam_plbuf.o
gcc -I"/home/biocbuild/bbs-3.14-bioc/R/include" -DNDEBUG -D_FILE_OFFSET_BITS=64 -I'/home/biocbuild/bbs-3.14-bioc/R/library/Rhtslib/include' -I'/home/biocbuild/bbs-3.14-bioc/R/library/S4Vectors/include' -I'/home/biocbuild/bbs-3.14-bioc/R/library/IRanges/include' -I'/home/biocbuild/bbs-3.14-bioc/R/library/XVector/include' -I'/home/biocbuild/bbs-3.14-bioc/R/library/Biostrings/include' -I/usr/local/include   -fpic  -g -O2  -Wall -c bam_sort.c -o bam_sort.o
In file included from /usr/include/string.h:495,
                 from /home/biocbuild/bbs-3.14-bioc/R/library/Rhtslib/include/bam_sort.c:34,
                 from bam_sort.c:1:
In function ‘strncpy’,
    inlined from ‘bam_sort_core_ext’ at /home/biocbuild/bbs-3.14-bioc/R/library/Rhtslib/include/bam_sort.c:2065:9:
/usr/include/x86_64-linux-gnu/bits/string_fortified.h:106:10: warning: ‘__builtin_strncpy’ specified bound 2 equals destination size [-Wstringop-truncation]
  106 |   return __builtin___strncpy_chk (__dest, __src, __len, __bos (__dest));
      |          ^~~~~~~~~~~~~~~~~~~~~~~~~~~~~~~~~~~~~~~~~~~~~~~~~~~~~~~~~~~~~~
gcc -I"/home/biocbuild/bbs-3.14-bioc/R/include" -DNDEBUG -D_FILE_OFFSET_BITS=64 -I'/home/biocbuild/bbs-3.14-bioc/R/library/Rhtslib/include' -I'/home/biocbuild/bbs-3.14-bioc/R/library/S4Vectors/include' -I'/home/biocbuild/bbs-3.14-bioc/R/library/IRanges/include' -I'/home/biocbuild/bbs-3.14-bioc/R/library/XVector/include' -I'/home/biocbuild/bbs-3.14-bioc/R/library/Biostrings/include' -I/usr/local/include   -fpic  -g -O2  -Wall -c bambuffer.c -o bambuffer.o
gcc -I"/home/biocbuild/bbs-3.14-bioc/R/include" -DNDEBUG -D_FILE_OFFSET_BITS=64 -I'/home/biocbuild/bbs-3.14-bioc/R/library/Rhtslib/include' -I'/home/biocbuild/bbs-3.14-bioc/R/library/S4Vectors/include' -I'/home/biocbuild/bbs-3.14-bioc/R/library/IRanges/include' -I'/home/biocbuild/bbs-3.14-bioc/R/library/XVector/include' -I'/home/biocbuild/bbs-3.14-bioc/R/library/Biostrings/include' -I/usr/local/include   -fpic  -g -O2  -Wall -c bamfile.c -o bamfile.o
bamfile.c: In function ‘bamfile_isincomplete’:
bamfile.c:168:20: warning: ignoring return value of ‘bgzf_seek’, declared with attribute warn_unused_result [-Wunused-result]
  168 |             (void) bgzf_seek(bfile->file->x.bam, offset, SEEK_SET);
      |                    ^~~~~~~~~~~~~~~~~~~~~~~~~~~~~~~~~~~~~~~~~~~~~~~
bamfile.c: In function ‘bamfile_open’:
bamfile.c:29:17: warning: ‘cfile’ may be used uninitialized in this function [-Wmaybe-uninitialized]
   29 |         index = hts_idx_load2(file, indexname);
      |                 ^~~~~~~~~~~~~~~~~~~~~~~~~~~~~~
bamfile.c:73:17: note: ‘cfile’ was declared here
   73 |     const char *cfile;
      |                 ^~~~~
gcc -I"/home/biocbuild/bbs-3.14-bioc/R/include" -DNDEBUG -D_FILE_OFFSET_BITS=64 -I'/home/biocbuild/bbs-3.14-bioc/R/library/Rhtslib/include' -I'/home/biocbuild/bbs-3.14-bioc/R/library/S4Vectors/include' -I'/home/biocbuild/bbs-3.14-bioc/R/library/IRanges/include' -I'/home/biocbuild/bbs-3.14-bioc/R/library/XVector/include' -I'/home/biocbuild/bbs-3.14-bioc/R/library/Biostrings/include' -I/usr/local/include   -fpic  -g -O2  -Wall -c bcffile.c -o bcffile.o
gcc -I"/home/biocbuild/bbs-3.14-bioc/R/include" -DNDEBUG -D_FILE_OFFSET_BITS=64 -I'/home/biocbuild/bbs-3.14-bioc/R/library/Rhtslib/include' -I'/home/biocbuild/bbs-3.14-bioc/R/library/S4Vectors/include' -I'/home/biocbuild/bbs-3.14-bioc/R/library/IRanges/include' -I'/home/biocbuild/bbs-3.14-bioc/R/library/XVector/include' -I'/home/biocbuild/bbs-3.14-bioc/R/library/Biostrings/include' -I/usr/local/include   -fpic  -g -O2  -Wall -c encode.c -o encode.o
gcc -I"/home/biocbuild/bbs-3.14-bioc/R/include" -DNDEBUG -D_FILE_OFFSET_BITS=64 -I'/home/biocbuild/bbs-3.14-bioc/R/library/Rhtslib/include' -I'/home/biocbuild/bbs-3.14-bioc/R/library/S4Vectors/include' -I'/home/biocbuild/bbs-3.14-bioc/R/library/IRanges/include' -I'/home/biocbuild/bbs-3.14-bioc/R/library/XVector/include' -I'/home/biocbuild/bbs-3.14-bioc/R/library/Biostrings/include' -I/usr/local/include   -fpic  -g -O2  -Wall -c fafile.c -o fafile.o
gcc -I"/home/biocbuild/bbs-3.14-bioc/R/include" -DNDEBUG -D_FILE_OFFSET_BITS=64 -I'/home/biocbuild/bbs-3.14-bioc/R/library/Rhtslib/include' -I'/home/biocbuild/bbs-3.14-bioc/R/library/S4Vectors/include' -I'/home/biocbuild/bbs-3.14-bioc/R/library/IRanges/include' -I'/home/biocbuild/bbs-3.14-bioc/R/library/XVector/include' -I'/home/biocbuild/bbs-3.14-bioc/R/library/Biostrings/include' -I/usr/local/include   -fpic  -g -O2  -Wall -c idxstats.c -o idxstats.o
In file included from /home/biocbuild/bbs-3.14-bioc/R/library/Rhtslib/include/sam.h:29,
                 from bamfile.h:5,
                 from idxstats.c:1:
idxstats.c: In function ‘idxstats_bamfile’:
/home/biocbuild/bbs-3.14-bioc/R/library/Rhtslib/include/bam.h:57:32: warning: ignoring return value of ‘bgzf_seek’, declared with attribute warn_unused_result [-Wunused-result]
   57 | #define bam_seek(fp, pos, dir) bgzf_seek(fp, pos, dir)
      |                                ^~~~~~~~~~~~~~~~~~~~~~~
idxstats.c:20:12: note: in expansion of macro ‘bam_seek’
   20 |     (void) bam_seek(fp, 0, 0);
      |            ^~~~~~~~
gcc -I"/home/biocbuild/bbs-3.14-bioc/R/include" -DNDEBUG -D_FILE_OFFSET_BITS=64 -I'/home/biocbuild/bbs-3.14-bioc/R/library/Rhtslib/include' -I'/home/biocbuild/bbs-3.14-bioc/R/library/S4Vectors/include' -I'/home/biocbuild/bbs-3.14-bioc/R/library/IRanges/include' -I'/home/biocbuild/bbs-3.14-bioc/R/library/XVector/include' -I'/home/biocbuild/bbs-3.14-bioc/R/library/Biostrings/include' -I/usr/local/include   -fpic  -g -O2  -Wall -c io_sam.c -o io_sam.o
In file included from /home/biocbuild/bbs-3.14-bioc/R/library/Rhtslib/include/sam.h:29,
                 from io_sam.c:2:
io_sam.c: In function ‘_scan_bam_all’:
/home/biocbuild/bbs-3.14-bioc/R/library/Rhtslib/include/bam.h:57:32: warning: ignoring return value of ‘bgzf_seek’, declared with attribute warn_unused_result [-Wunused-result]
   57 | #define bam_seek(fp, pos, dir) bgzf_seek(fp, pos, dir)
      |                                ^~~~~~~~~~~~~~~~~~~~~~~
io_sam.c:304:12: note: in expansion of macro ‘bam_seek’
  304 |     (void) bam_seek(bfile->file->x.bam, bfile->pos0, SEEK_SET);
      |            ^~~~~~~~
g++ -std=gnu++14 -I"/home/biocbuild/bbs-3.14-bioc/R/include" -DNDEBUG -D_FILE_OFFSET_BITS=64 -I'/home/biocbuild/bbs-3.14-bioc/R/library/Rhtslib/include' -I'/home/biocbuild/bbs-3.14-bioc/R/library/S4Vectors/include' -I'/home/biocbuild/bbs-3.14-bioc/R/library/IRanges/include' -I'/home/biocbuild/bbs-3.14-bioc/R/library/XVector/include' -I'/home/biocbuild/bbs-3.14-bioc/R/library/Biostrings/include' -I/usr/local/include   -fpic  -g -O2  -Wall -c pbuffer_wrapper.cpp -o pbuffer_wrapper.o
g++ -std=gnu++14 -I"/home/biocbuild/bbs-3.14-bioc/R/include" -DNDEBUG -D_FILE_OFFSET_BITS=64 -I'/home/biocbuild/bbs-3.14-bioc/R/library/Rhtslib/include' -I'/home/biocbuild/bbs-3.14-bioc/R/library/S4Vectors/include' -I'/home/biocbuild/bbs-3.14-bioc/R/library/IRanges/include' -I'/home/biocbuild/bbs-3.14-bioc/R/library/XVector/include' -I'/home/biocbuild/bbs-3.14-bioc/R/library/Biostrings/include' -I/usr/local/include   -fpic  -g -O2  -Wall -c pileup.cpp -o pileup.o
gcc -I"/home/biocbuild/bbs-3.14-bioc/R/include" -DNDEBUG -D_FILE_OFFSET_BITS=64 -I'/home/biocbuild/bbs-3.14-bioc/R/library/Rhtslib/include' -I'/home/biocbuild/bbs-3.14-bioc/R/library/S4Vectors/include' -I'/home/biocbuild/bbs-3.14-bioc/R/library/IRanges/include' -I'/home/biocbuild/bbs-3.14-bioc/R/library/XVector/include' -I'/home/biocbuild/bbs-3.14-bioc/R/library/Biostrings/include' -I/usr/local/include   -fpic  -g -O2  -Wall -c pileupbam.c -o pileupbam.o
gcc -I"/home/biocbuild/bbs-3.14-bioc/R/include" -DNDEBUG -D_FILE_OFFSET_BITS=64 -I'/home/biocbuild/bbs-3.14-bioc/R/library/Rhtslib/include' -I'/home/biocbuild/bbs-3.14-bioc/R/library/S4Vectors/include' -I'/home/biocbuild/bbs-3.14-bioc/R/library/IRanges/include' -I'/home/biocbuild/bbs-3.14-bioc/R/library/XVector/include' -I'/home/biocbuild/bbs-3.14-bioc/R/library/Biostrings/include' -I/usr/local/include   -fpic  -g -O2  -Wall -c sam.c -o sam.o
gcc -I"/home/biocbuild/bbs-3.14-bioc/R/include" -DNDEBUG -D_FILE_OFFSET_BITS=64 -I'/home/biocbuild/bbs-3.14-bioc/R/library/Rhtslib/include' -I'/home/biocbuild/bbs-3.14-bioc/R/library/S4Vectors/include' -I'/home/biocbuild/bbs-3.14-bioc/R/library/IRanges/include' -I'/home/biocbuild/bbs-3.14-bioc/R/library/XVector/include' -I'/home/biocbuild/bbs-3.14-bioc/R/library/Biostrings/include' -I/usr/local/include   -fpic  -g -O2  -Wall -c sam_opts.c -o sam_opts.o
In file included from /usr/include/stdio.h:867,
                 from /home/biocbuild/bbs-3.14-bioc/R/library/Rhtslib/include/sam_opts.c:27,
                 from sam_opts.c:1:
In function ‘fprintf’,
    inlined from ‘parse_sam_global_opt’ at /home/biocbuild/bbs-3.14-bioc/R/library/Rhtslib/include/sam_opts.c:85:9:
/usr/include/x86_64-linux-gnu/bits/stdio2.h:100:10: warning: ‘%s’ directive argument is null [-Wformat-overflow=]
  100 |   return __fprintf_chk (__stream, __USE_FORTIFY_LEVEL - 1, __fmt,
      |          ^~~~~~~~~~~~~~~~~~~~~~~~~~~~~~~~~~~~~~~~~~~~~~~~~~~~~~~~
  101 |    __va_arg_pack ());
      |    ~~~~~~~~~~~~~~~~~
gcc -I"/home/biocbuild/bbs-3.14-bioc/R/include" -DNDEBUG -D_FILE_OFFSET_BITS=64 -I'/home/biocbuild/bbs-3.14-bioc/R/library/Rhtslib/include' -I'/home/biocbuild/bbs-3.14-bioc/R/library/S4Vectors/include' -I'/home/biocbuild/bbs-3.14-bioc/R/library/IRanges/include' -I'/home/biocbuild/bbs-3.14-bioc/R/library/XVector/include' -I'/home/biocbuild/bbs-3.14-bioc/R/library/Biostrings/include' -I/usr/local/include   -fpic  -g -O2  -Wall -c sam_utils.c -o sam_utils.o
gcc -I"/home/biocbuild/bbs-3.14-bioc/R/include" -DNDEBUG -D_FILE_OFFSET_BITS=64 -I'/home/biocbuild/bbs-3.14-bioc/R/library/Rhtslib/include' -I'/home/biocbuild/bbs-3.14-bioc/R/library/S4Vectors/include' -I'/home/biocbuild/bbs-3.14-bioc/R/library/IRanges/include' -I'/home/biocbuild/bbs-3.14-bioc/R/library/XVector/include' -I'/home/biocbuild/bbs-3.14-bioc/R/library/Biostrings/include' -I/usr/local/include   -fpic  -g -O2  -Wall -c samtools_patch.c -o samtools_patch.o
gcc -I"/home/biocbuild/bbs-3.14-bioc/R/include" -DNDEBUG -D_FILE_OFFSET_BITS=64 -I'/home/biocbuild/bbs-3.14-bioc/R/library/Rhtslib/include' -I'/home/biocbuild/bbs-3.14-bioc/R/library/S4Vectors/include' -I'/home/biocbuild/bbs-3.14-bioc/R/library/IRanges/include' -I'/home/biocbuild/bbs-3.14-bioc/R/library/XVector/include' -I'/home/biocbuild/bbs-3.14-bioc/R/library/Biostrings/include' -I/usr/local/include   -fpic  -g -O2  -Wall -c scan_bam_data.c -o scan_bam_data.o
gcc -I"/home/biocbuild/bbs-3.14-bioc/R/include" -DNDEBUG -D_FILE_OFFSET_BITS=64 -I'/home/biocbuild/bbs-3.14-bioc/R/library/Rhtslib/include' -I'/home/biocbuild/bbs-3.14-bioc/R/library/S4Vectors/include' -I'/home/biocbuild/bbs-3.14-bioc/R/library/IRanges/include' -I'/home/biocbuild/bbs-3.14-bioc/R/library/XVector/include' -I'/home/biocbuild/bbs-3.14-bioc/R/library/Biostrings/include' -I/usr/local/include   -fpic  -g -O2  -Wall -c tabixfile.c -o tabixfile.o
tabixfile.c: In function ‘index_tabix’:
tabixfile.c:190:5: warning: ‘bgzf_is_bgzf’ is deprecated: Use bgzf_compression() or hts_detect_format() instead [-Wdeprecated-declarations]
  190 |     if (bgzf_is_bgzf(fn) != 1)
      |     ^~
In file included from tabixfile.c:3:
/home/biocbuild/bbs-3.14-bioc/R/library/Rhtslib/include/htslib/bgzf.h:243:9: note: declared here
  243 |     int bgzf_is_bgzf(const char *fn) HTS_DEPRECATED("Use bgzf_compression() or hts_detect_format() instead");
      |         ^~~~~~~~~~~~
gcc -I"/home/biocbuild/bbs-3.14-bioc/R/include" -DNDEBUG -D_FILE_OFFSET_BITS=64 -I'/home/biocbuild/bbs-3.14-bioc/R/library/Rhtslib/include' -I'/home/biocbuild/bbs-3.14-bioc/R/library/S4Vectors/include' -I'/home/biocbuild/bbs-3.14-bioc/R/library/IRanges/include' -I'/home/biocbuild/bbs-3.14-bioc/R/library/XVector/include' -I'/home/biocbuild/bbs-3.14-bioc/R/library/Biostrings/include' -I/usr/local/include   -fpic  -g -O2  -Wall -c tagfilter.c -o tagfilter.o
gcc -I"/home/biocbuild/bbs-3.14-bioc/R/include" -DNDEBUG -D_FILE_OFFSET_BITS=64 -I'/home/biocbuild/bbs-3.14-bioc/R/library/Rhtslib/include' -I'/home/biocbuild/bbs-3.14-bioc/R/library/S4Vectors/include' -I'/home/biocbuild/bbs-3.14-bioc/R/library/IRanges/include' -I'/home/biocbuild/bbs-3.14-bioc/R/library/XVector/include' -I'/home/biocbuild/bbs-3.14-bioc/R/library/Biostrings/include' -I/usr/local/include   -fpic  -g -O2  -Wall -c utilities.c -o utilities.o
gcc -I"/home/biocbuild/bbs-3.14-bioc/R/include" -DNDEBUG -D_FILE_OFFSET_BITS=64 -I'/home/biocbuild/bbs-3.14-bioc/R/library/Rhtslib/include' -I'/home/biocbuild/bbs-3.14-bioc/R/library/S4Vectors/include' -I'/home/biocbuild/bbs-3.14-bioc/R/library/IRanges/include' -I'/home/biocbuild/bbs-3.14-bioc/R/library/XVector/include' -I'/home/biocbuild/bbs-3.14-bioc/R/library/Biostrings/include' -I/usr/local/include   -fpic  -g -O2  -Wall -c zip_compression.c -o zip_compression.o
g++ -std=gnu++14 -shared -L/home/biocbuild/bbs-3.14-bioc/R/lib -L/usr/local/lib -o Rsamtools.so Biostrings_stubs.o COMPAT_bcf_hdr_read.o IRanges_stubs.o PileupBuffer.o PosCacheColl.o R_init_Rsamtools.o ResultManager.o S4Vectors_stubs.o XVector_stubs.o as_bam.o bam.o bam_data.o bam_mate_iter.o bam_plbuf.o bam_sort.o bambuffer.o bamfile.o bcffile.o encode.o fafile.o idxstats.o io_sam.o pbuffer_wrapper.o pileup.o pileupbam.o sam.o sam_opts.o sam_utils.o samtools_patch.o scan_bam_data.o tabixfile.o tagfilter.o utilities.o zip_compression.o /home/biocbuild/bbs-3.14-bioc/R/library/Rhtslib/usrlib/libhts.a -lcurl -L/home/biocbuild/bbs-3.14-bioc/R/lib -lR
installing to /home/biocbuild/bbs-3.14-bioc/R/library/00LOCK-Rsamtools/00new/Rsamtools/libs
** R
** inst
** byte-compile and prepare package for lazy loading
** help
*** installing help indices
** building package indices
** installing vignettes
** testing if installed package can be loaded from temporary location
** checking absolute paths in shared objects and dynamic libraries
** testing if installed package can be loaded from final location
** testing if installed package keeps a record of temporary installation path
* DONE (Rsamtools)

Tests output

Rsamtools.Rcheck/tests/Rsamtools_unit_tests.Rout


R version 4.1.2 (2021-11-01) -- "Bird Hippie"
Copyright (C) 2021 The R Foundation for Statistical Computing
Platform: x86_64-pc-linux-gnu (64-bit)

R is free software and comes with ABSOLUTELY NO WARRANTY.
You are welcome to redistribute it under certain conditions.
Type 'license()' or 'licence()' for distribution details.

R is a collaborative project with many contributors.
Type 'contributors()' for more information and
'citation()' on how to cite R or R packages in publications.

Type 'demo()' for some demos, 'help()' for on-line help, or
'help.start()' for an HTML browser interface to help.
Type 'q()' to quit R.

> BiocGenerics:::testPackage('Rsamtools')

Attaching package: 'BiocGenerics'

The following objects are masked from 'package:stats':

    IQR, mad, sd, var, xtabs

The following objects are masked from 'package:base':

    Filter, Find, Map, Position, Reduce, anyDuplicated, append,
    as.data.frame, basename, cbind, colnames, dirname, do.call,
    duplicated, eval, evalq, get, grep, grepl, intersect, is.unsorted,
    lapply, mapply, match, mget, order, paste, pmax, pmax.int, pmin,
    pmin.int, rank, rbind, rownames, sapply, setdiff, sort, table,
    tapply, union, unique, unsplit, which.max, which.min


Attaching package: 'S4Vectors'

The following objects are masked from 'package:base':

    I, expand.grid, unname


Attaching package: 'Biostrings'

The following object is masked from 'package:base':

    strsplit

[E::COMPAT_bcf_hdr_read] Input is not detected as bcf or vcf format
[E::hts_idx_push] Chromosome blocks not continuous
[E::hts_open_format] Failed to open file http://httpbin.org/status/504


RUNIT TEST PROTOCOL -- Sun Dec  5 09:34:19 2021 
*********************************************** 
Number of test functions: 180 
Number of errors: 0 
Number of failures: 0 

 
1 Test Suite : 
Rsamtools RUnit Tests - 180 test functions, 0 errors, 0 failures
Number of test functions: 180 
Number of errors: 0 
Number of failures: 0 
Warning messages:
1: 'applyPileups' is deprecated.
Use 'pileup' instead.
See help("Deprecated") 
2: 'applyPileups' is deprecated.
Use 'pileup' instead.
See help("Deprecated") 
3: In read.table(conn, colClasses = colClasses, col.names = names(colClasses),  :
  not all columns named in 'colClasses' exist
4: In read.table(conn, colClasses = colClasses, col.names = names(colClasses),  :
  not all columns named in 'colClasses' exist
5: In read.table(conn, colClasses = colClasses, col.names = names(colClasses),  :
  not all columns named in 'colClasses' exist
6: In read.table(conn, colClasses = colClasses, col.names = names(colClasses),  :
  not all columns named in 'colClasses' exist
> 
> proc.time()
   user  system elapsed 
 14.480   1.099  16.798 

Example timings

Rsamtools.Rcheck/Rsamtools-Ex.timings

nameusersystemelapsed
ApplyPileupsParam-class0.0120.0000.012
BamFile-class0.3170.0360.359
BamViews-class0.0420.0000.042
BcfFile-class0.5230.0120.535
FaFile-class0.0470.0000.047
PileupFiles-class0.0060.0000.006
Rsamtools-package0.0030.0040.008
ScanBamParam-class0.4420.0160.459
ScanBcfParam-class000
TabixFile-class0.0350.0000.034
applyPileups000
headerTabix0.0020.0000.002
indexTabix0.0270.0000.027
pileup32.233 0.22432.461
quickBamFlagSummary0.0210.0000.021
readPileup0.0570.0000.057
scanBam0.4370.0120.449
scanBcf0.2800.0040.284
scanFa0.0450.0000.045
scanTabix0.0410.0000.041
seqnamesTabix0.0020.0000.002
testPairedEndBam0.0140.0000.014
zip0.0220.0000.021