Back to Multiple platform build/check report for BioC 3.14
ABCDEFGHIJKLMNOPQ[R]STUVWXYZ

This page was generated on 2022-01-21 13:08:26 -0500 (Fri, 21 Jan 2022).

HostnameOSArch (*)R versionInstalled pkgs
nebbiolo2Linux (Ubuntu 20.04.4 LTS)x86_644.1.2 (2021-11-01) -- "Bird Hippie" 4329
tokay2Windows Server 2012 R2 Standardx644.1.2 (2021-11-01) -- "Bird Hippie" 4079
machv2macOS 10.14.6 Mojavex86_644.1.2 (2021-11-01) -- "Bird Hippie" 4140
Click on any hostname to see more info about the system (e.g. compilers)      (*) as reported by 'uname -p', except on Windows and Mac OS X

CHECK results for Rsamtools on machv2


To the developers/maintainers of the Rsamtools package:
- Please allow up to 24 hours (and sometimes 48 hours) for your latest push to git@git.bioconductor.org:packages/Rsamtools.git to
reflect on this report. See How and When does the builder pull? When will my changes propagate? here for more information.
- Make sure to use the following settings in order to reproduce any error or warning you see on this page.

raw results

Package 1659/2083HostnameOS / ArchINSTALLBUILDCHECKBUILD BIN
Rsamtools 2.10.0  (landing page)
Bioconductor Package Maintainer
Snapshot Date: 2022-01-20 01:55:04 -0500 (Thu, 20 Jan 2022)
git_url: https://git.bioconductor.org/packages/Rsamtools
git_branch: RELEASE_3_14
git_last_commit: b19738e
git_last_commit_date: 2021-10-26 11:55:47 -0500 (Tue, 26 Oct 2021)
nebbiolo2Linux (Ubuntu 20.04.4 LTS) / x86_64  OK    OK    WARNINGS  UNNEEDED, same version is already published
tokay2Windows Server 2012 R2 Standard / x64  OK    OK    WARNINGS    OK  UNNEEDED, same version is already published
machv2macOS 10.14.6 Mojave / x86_64  OK    OK    WARNINGS    OK  UNNEEDED, same version is already published

Summary

Package: Rsamtools
Version: 2.10.0
Command: /Library/Frameworks/R.framework/Resources/bin/R CMD check --install=check:Rsamtools.install-out.txt --library=/Library/Frameworks/R.framework/Resources/library --no-vignettes --timings Rsamtools_2.10.0.tar.gz
StartedAt: 2022-01-20 17:30:31 -0500 (Thu, 20 Jan 2022)
EndedAt: 2022-01-20 17:34:24 -0500 (Thu, 20 Jan 2022)
EllapsedTime: 233.6 seconds
RetCode: 0
Status:   WARNINGS  
CheckDir: Rsamtools.Rcheck
Warnings: 1

Command output

##############################################################################
##############################################################################
###
### Running command:
###
###   /Library/Frameworks/R.framework/Resources/bin/R CMD check --install=check:Rsamtools.install-out.txt --library=/Library/Frameworks/R.framework/Resources/library --no-vignettes --timings Rsamtools_2.10.0.tar.gz
###
##############################################################################
##############################################################################


* using log directory ‘/Users/biocbuild/bbs-3.14-bioc/meat/Rsamtools.Rcheck’
* using R version 4.1.2 (2021-11-01)
* using platform: x86_64-apple-darwin17.0 (64-bit)
* using session charset: UTF-8
* using option ‘--no-vignettes’
* checking for file ‘Rsamtools/DESCRIPTION’ ... OK
* checking extension type ... Package
* this is package ‘Rsamtools’ version ‘2.10.0’
* package encoding: UTF-8
* checking package namespace information ... OK
* checking package dependencies ... OK
* checking if this is a source package ... OK
* checking if there is a namespace ... OK
* checking for hidden files and directories ... OK
* checking for portable file names ... OK
* checking for sufficient/correct file permissions ... OK
* checking whether package ‘Rsamtools’ can be installed ... WARNING
Found the following significant warnings:
  tabixfile.c:190:9: warning: 'bgzf_is_bgzf' is deprecated: Use bgzf_compression() or hts_detect_format() instead [-Wdeprecated-declarations]
See ‘/Users/biocbuild/bbs-3.14-bioc/meat/Rsamtools.Rcheck/00install.out’ for details.
* checking installed package size ... NOTE
  installed size is  5.4Mb
  sub-directories of 1Mb or more:
    extdata   2.7Mb
* checking package directory ... OK
* checking ‘build’ directory ... OK
* checking DESCRIPTION meta-information ... OK
* checking top-level files ... OK
* checking for left-over files ... OK
* checking index information ... OK
* checking package subdirectories ... OK
* checking R files for non-ASCII characters ... OK
* checking R files for syntax errors ... OK
* checking whether the package can be loaded ... OK
* checking whether the package can be loaded with stated dependencies ... OK
* checking whether the package can be unloaded cleanly ... OK
* checking whether the namespace can be loaded with stated dependencies ... OK
* checking whether the namespace can be unloaded cleanly ... OK
* checking dependencies in R code ... NOTE
Unexported objects imported by ':::' calls:
  ‘S4Vectors:::explodeIntBits’ ‘S4Vectors:::implodeIntBits’
  ‘S4Vectors:::makePowersOfTwo’ ‘S4Vectors:::quick_unlist’
  ‘S4Vectors:::selectSome’
  See the note in ?`:::` about the use of this operator.
* checking S3 generic/method consistency ... OK
* checking replacement functions ... OK
* checking foreign function calls ... OK
* checking R code for possible problems ... OK
* checking Rd files ... OK
* checking Rd metadata ... OK
* checking Rd cross-references ... OK
* checking for missing documentation entries ... OK
* checking for code/documentation mismatches ... OK
* checking Rd \usage sections ... OK
* checking Rd contents ... OK
* checking for unstated dependencies in examples ... OK
* checking line endings in C/C++/Fortran sources/headers ... OK
* checking line endings in Makefiles ... OK
* checking compilation flags in Makevars ... OK
* checking for GNU extensions in Makefiles ... NOTE
GNU make is a SystemRequirements.
* checking for portable use of $(BLAS_LIBS) and $(LAPACK_LIBS) ... OK
* checking use of PKG_*FLAGS in Makefiles ... OK
* checking compiled code ... NOTE
Note: information on .o files is not available
File ‘/Library/Frameworks/R.framework/Versions/4.1/Resources/library/Rsamtools/libs/Rsamtools.so’:
  Found ‘___assert_rtn’, possibly from ‘assert’ (C)
  Found ‘___stderrp’, possibly from ‘stderr’ (C)
  Found ‘___stdoutp’, possibly from ‘stdout’ (C)
  Found ‘_abort’, possibly from ‘abort’ (C)
  Found ‘_exit’, possibly from ‘exit’ (C)
  Found ‘_printf’, possibly from ‘printf’ (C)
  Found ‘_putchar’, possibly from ‘putchar’ (C)
  Found ‘_puts’, possibly from ‘printf’ (C), ‘puts’ (C)
  Found ‘_srand48’, possibly from ‘srand48’ (C)

Compiled code should not call entry points which might terminate R nor
write to stdout/stderr instead of to the console, nor use Fortran I/O
nor system RNGs. The detected symbols are linked into the code but
might come from libraries and not actually be called.

See ‘Writing portable packages’ in the ‘Writing R Extensions’ manual.
* checking sizes of PDF files under ‘inst/doc’ ... OK
* checking files in ‘vignettes’ ... OK
* checking examples ... OK
Examples with CPU (user + system) or elapsed time > 5s
         user system elapsed
pileup 61.978  0.712  62.746
* checking for unstated dependencies in ‘tests’ ... OK
* checking tests ...
  Running ‘Rsamtools_unit_tests.R’
 OK
* checking for unstated dependencies in vignettes ... OK
* checking package vignettes in ‘inst/doc’ ... OK
* checking running R code from vignettes ... SKIPPED
* checking re-building of vignette outputs ... SKIPPED
* checking PDF version of manual ... OK
* DONE

Status: 1 WARNING, 4 NOTEs
See
  ‘/Users/biocbuild/bbs-3.14-bioc/meat/Rsamtools.Rcheck/00check.log’
for details.



Installation output

Rsamtools.Rcheck/00install.out

##############################################################################
##############################################################################
###
### Running command:
###
###   /Library/Frameworks/R.framework/Resources/bin/R CMD INSTALL Rsamtools
###
##############################################################################
##############################################################################


* installing to library ‘/Library/Frameworks/R.framework/Versions/4.1/Resources/library’
* installing *source* package ‘Rsamtools’ ...
** using staged installation
** libs
clang -mmacosx-version-min=10.13 -I"/Library/Frameworks/R.framework/Resources/include" -DNDEBUG -D_FILE_OFFSET_BITS=64 -I'/Library/Frameworks/R.framework/Versions/4.1/Resources/library/Rhtslib/include' -I'/Library/Frameworks/R.framework/Versions/4.1/Resources/library/S4Vectors/include' -I'/Library/Frameworks/R.framework/Versions/4.1/Resources/library/IRanges/include' -I'/Library/Frameworks/R.framework/Versions/4.1/Resources/library/XVector/include' -I'/Library/Frameworks/R.framework/Versions/4.1/Resources/library/Biostrings/include' -I/usr/local/include   -fPIC  -Wall -g -O2  -c Biostrings_stubs.c -o Biostrings_stubs.o
clang -mmacosx-version-min=10.13 -I"/Library/Frameworks/R.framework/Resources/include" -DNDEBUG -D_FILE_OFFSET_BITS=64 -I'/Library/Frameworks/R.framework/Versions/4.1/Resources/library/Rhtslib/include' -I'/Library/Frameworks/R.framework/Versions/4.1/Resources/library/S4Vectors/include' -I'/Library/Frameworks/R.framework/Versions/4.1/Resources/library/IRanges/include' -I'/Library/Frameworks/R.framework/Versions/4.1/Resources/library/XVector/include' -I'/Library/Frameworks/R.framework/Versions/4.1/Resources/library/Biostrings/include' -I/usr/local/include   -fPIC  -Wall -g -O2  -c COMPAT_bcf_hdr_read.c -o COMPAT_bcf_hdr_read.o
clang -mmacosx-version-min=10.13 -I"/Library/Frameworks/R.framework/Resources/include" -DNDEBUG -D_FILE_OFFSET_BITS=64 -I'/Library/Frameworks/R.framework/Versions/4.1/Resources/library/Rhtslib/include' -I'/Library/Frameworks/R.framework/Versions/4.1/Resources/library/S4Vectors/include' -I'/Library/Frameworks/R.framework/Versions/4.1/Resources/library/IRanges/include' -I'/Library/Frameworks/R.framework/Versions/4.1/Resources/library/XVector/include' -I'/Library/Frameworks/R.framework/Versions/4.1/Resources/library/Biostrings/include' -I/usr/local/include   -fPIC  -Wall -g -O2  -c IRanges_stubs.c -o IRanges_stubs.o
clang++ -mmacosx-version-min=10.13 -std=gnu++14 -I"/Library/Frameworks/R.framework/Resources/include" -DNDEBUG -D_FILE_OFFSET_BITS=64 -I'/Library/Frameworks/R.framework/Versions/4.1/Resources/library/Rhtslib/include' -I'/Library/Frameworks/R.framework/Versions/4.1/Resources/library/S4Vectors/include' -I'/Library/Frameworks/R.framework/Versions/4.1/Resources/library/IRanges/include' -I'/Library/Frameworks/R.framework/Versions/4.1/Resources/library/XVector/include' -I'/Library/Frameworks/R.framework/Versions/4.1/Resources/library/Biostrings/include' -I/usr/local/include   -fPIC  -Wall -g -O2  -c PileupBuffer.cpp -o PileupBuffer.o
In file included from PileupBuffer.cpp:1:
./PileupBuffer.h:56:16: warning: private field 'schema' is not used [-Wunused-private-field]
    const SEXP schema, pileupParams, seqnamesLevels;
               ^
1 warning generated.
clang++ -mmacosx-version-min=10.13 -std=gnu++14 -I"/Library/Frameworks/R.framework/Resources/include" -DNDEBUG -D_FILE_OFFSET_BITS=64 -I'/Library/Frameworks/R.framework/Versions/4.1/Resources/library/Rhtslib/include' -I'/Library/Frameworks/R.framework/Versions/4.1/Resources/library/S4Vectors/include' -I'/Library/Frameworks/R.framework/Versions/4.1/Resources/library/IRanges/include' -I'/Library/Frameworks/R.framework/Versions/4.1/Resources/library/XVector/include' -I'/Library/Frameworks/R.framework/Versions/4.1/Resources/library/Biostrings/include' -I/usr/local/include   -fPIC  -Wall -g -O2  -c PosCacheColl.cpp -o PosCacheColl.o
clang -mmacosx-version-min=10.13 -I"/Library/Frameworks/R.framework/Resources/include" -DNDEBUG -D_FILE_OFFSET_BITS=64 -I'/Library/Frameworks/R.framework/Versions/4.1/Resources/library/Rhtslib/include' -I'/Library/Frameworks/R.framework/Versions/4.1/Resources/library/S4Vectors/include' -I'/Library/Frameworks/R.framework/Versions/4.1/Resources/library/IRanges/include' -I'/Library/Frameworks/R.framework/Versions/4.1/Resources/library/XVector/include' -I'/Library/Frameworks/R.framework/Versions/4.1/Resources/library/Biostrings/include' -I/usr/local/include   -fPIC  -Wall -g -O2  -c R_init_Rsamtools.c -o R_init_Rsamtools.o
clang++ -mmacosx-version-min=10.13 -std=gnu++14 -I"/Library/Frameworks/R.framework/Resources/include" -DNDEBUG -D_FILE_OFFSET_BITS=64 -I'/Library/Frameworks/R.framework/Versions/4.1/Resources/library/Rhtslib/include' -I'/Library/Frameworks/R.framework/Versions/4.1/Resources/library/S4Vectors/include' -I'/Library/Frameworks/R.framework/Versions/4.1/Resources/library/IRanges/include' -I'/Library/Frameworks/R.framework/Versions/4.1/Resources/library/XVector/include' -I'/Library/Frameworks/R.framework/Versions/4.1/Resources/library/Biostrings/include' -I/usr/local/include   -fPIC  -Wall -g -O2  -c ResultManager.cpp -o ResultManager.o
clang -mmacosx-version-min=10.13 -I"/Library/Frameworks/R.framework/Resources/include" -DNDEBUG -D_FILE_OFFSET_BITS=64 -I'/Library/Frameworks/R.framework/Versions/4.1/Resources/library/Rhtslib/include' -I'/Library/Frameworks/R.framework/Versions/4.1/Resources/library/S4Vectors/include' -I'/Library/Frameworks/R.framework/Versions/4.1/Resources/library/IRanges/include' -I'/Library/Frameworks/R.framework/Versions/4.1/Resources/library/XVector/include' -I'/Library/Frameworks/R.framework/Versions/4.1/Resources/library/Biostrings/include' -I/usr/local/include   -fPIC  -Wall -g -O2  -c S4Vectors_stubs.c -o S4Vectors_stubs.o
clang -mmacosx-version-min=10.13 -I"/Library/Frameworks/R.framework/Resources/include" -DNDEBUG -D_FILE_OFFSET_BITS=64 -I'/Library/Frameworks/R.framework/Versions/4.1/Resources/library/Rhtslib/include' -I'/Library/Frameworks/R.framework/Versions/4.1/Resources/library/S4Vectors/include' -I'/Library/Frameworks/R.framework/Versions/4.1/Resources/library/IRanges/include' -I'/Library/Frameworks/R.framework/Versions/4.1/Resources/library/XVector/include' -I'/Library/Frameworks/R.framework/Versions/4.1/Resources/library/Biostrings/include' -I/usr/local/include   -fPIC  -Wall -g -O2  -c XVector_stubs.c -o XVector_stubs.o
clang -mmacosx-version-min=10.13 -I"/Library/Frameworks/R.framework/Resources/include" -DNDEBUG -D_FILE_OFFSET_BITS=64 -I'/Library/Frameworks/R.framework/Versions/4.1/Resources/library/Rhtslib/include' -I'/Library/Frameworks/R.framework/Versions/4.1/Resources/library/S4Vectors/include' -I'/Library/Frameworks/R.framework/Versions/4.1/Resources/library/IRanges/include' -I'/Library/Frameworks/R.framework/Versions/4.1/Resources/library/XVector/include' -I'/Library/Frameworks/R.framework/Versions/4.1/Resources/library/Biostrings/include' -I/usr/local/include   -fPIC  -Wall -g -O2  -c as_bam.c -o as_bam.o
clang -mmacosx-version-min=10.13 -I"/Library/Frameworks/R.framework/Resources/include" -DNDEBUG -D_FILE_OFFSET_BITS=64 -I'/Library/Frameworks/R.framework/Versions/4.1/Resources/library/Rhtslib/include' -I'/Library/Frameworks/R.framework/Versions/4.1/Resources/library/S4Vectors/include' -I'/Library/Frameworks/R.framework/Versions/4.1/Resources/library/IRanges/include' -I'/Library/Frameworks/R.framework/Versions/4.1/Resources/library/XVector/include' -I'/Library/Frameworks/R.framework/Versions/4.1/Resources/library/Biostrings/include' -I/usr/local/include   -fPIC  -Wall -g -O2  -c bam.c -o bam.o
clang -mmacosx-version-min=10.13 -I"/Library/Frameworks/R.framework/Resources/include" -DNDEBUG -D_FILE_OFFSET_BITS=64 -I'/Library/Frameworks/R.framework/Versions/4.1/Resources/library/Rhtslib/include' -I'/Library/Frameworks/R.framework/Versions/4.1/Resources/library/S4Vectors/include' -I'/Library/Frameworks/R.framework/Versions/4.1/Resources/library/IRanges/include' -I'/Library/Frameworks/R.framework/Versions/4.1/Resources/library/XVector/include' -I'/Library/Frameworks/R.framework/Versions/4.1/Resources/library/Biostrings/include' -I/usr/local/include   -fPIC  -Wall -g -O2  -c bam_data.c -o bam_data.o
clang++ -mmacosx-version-min=10.13 -std=gnu++14 -I"/Library/Frameworks/R.framework/Resources/include" -DNDEBUG -D_FILE_OFFSET_BITS=64 -I'/Library/Frameworks/R.framework/Versions/4.1/Resources/library/Rhtslib/include' -I'/Library/Frameworks/R.framework/Versions/4.1/Resources/library/S4Vectors/include' -I'/Library/Frameworks/R.framework/Versions/4.1/Resources/library/IRanges/include' -I'/Library/Frameworks/R.framework/Versions/4.1/Resources/library/XVector/include' -I'/Library/Frameworks/R.framework/Versions/4.1/Resources/library/Biostrings/include' -I/usr/local/include   -fPIC  -Wall -g -O2  -c bam_mate_iter.cpp -o bam_mate_iter.o
clang -mmacosx-version-min=10.13 -I"/Library/Frameworks/R.framework/Resources/include" -DNDEBUG -D_FILE_OFFSET_BITS=64 -I'/Library/Frameworks/R.framework/Versions/4.1/Resources/library/Rhtslib/include' -I'/Library/Frameworks/R.framework/Versions/4.1/Resources/library/S4Vectors/include' -I'/Library/Frameworks/R.framework/Versions/4.1/Resources/library/IRanges/include' -I'/Library/Frameworks/R.framework/Versions/4.1/Resources/library/XVector/include' -I'/Library/Frameworks/R.framework/Versions/4.1/Resources/library/Biostrings/include' -I/usr/local/include   -fPIC  -Wall -g -O2  -c bam_plbuf.c -o bam_plbuf.o
clang -mmacosx-version-min=10.13 -I"/Library/Frameworks/R.framework/Resources/include" -DNDEBUG -D_FILE_OFFSET_BITS=64 -I'/Library/Frameworks/R.framework/Versions/4.1/Resources/library/Rhtslib/include' -I'/Library/Frameworks/R.framework/Versions/4.1/Resources/library/S4Vectors/include' -I'/Library/Frameworks/R.framework/Versions/4.1/Resources/library/IRanges/include' -I'/Library/Frameworks/R.framework/Versions/4.1/Resources/library/XVector/include' -I'/Library/Frameworks/R.framework/Versions/4.1/Resources/library/Biostrings/include' -I/usr/local/include   -fPIC  -Wall -g -O2  -c bam_sort.c -o bam_sort.o
clang -mmacosx-version-min=10.13 -I"/Library/Frameworks/R.framework/Resources/include" -DNDEBUG -D_FILE_OFFSET_BITS=64 -I'/Library/Frameworks/R.framework/Versions/4.1/Resources/library/Rhtslib/include' -I'/Library/Frameworks/R.framework/Versions/4.1/Resources/library/S4Vectors/include' -I'/Library/Frameworks/R.framework/Versions/4.1/Resources/library/IRanges/include' -I'/Library/Frameworks/R.framework/Versions/4.1/Resources/library/XVector/include' -I'/Library/Frameworks/R.framework/Versions/4.1/Resources/library/Biostrings/include' -I/usr/local/include   -fPIC  -Wall -g -O2  -c bambuffer.c -o bambuffer.o
clang -mmacosx-version-min=10.13 -I"/Library/Frameworks/R.framework/Resources/include" -DNDEBUG -D_FILE_OFFSET_BITS=64 -I'/Library/Frameworks/R.framework/Versions/4.1/Resources/library/Rhtslib/include' -I'/Library/Frameworks/R.framework/Versions/4.1/Resources/library/S4Vectors/include' -I'/Library/Frameworks/R.framework/Versions/4.1/Resources/library/IRanges/include' -I'/Library/Frameworks/R.framework/Versions/4.1/Resources/library/XVector/include' -I'/Library/Frameworks/R.framework/Versions/4.1/Resources/library/Biostrings/include' -I/usr/local/include   -fPIC  -Wall -g -O2  -c bamfile.c -o bamfile.o
clang -mmacosx-version-min=10.13 -I"/Library/Frameworks/R.framework/Resources/include" -DNDEBUG -D_FILE_OFFSET_BITS=64 -I'/Library/Frameworks/R.framework/Versions/4.1/Resources/library/Rhtslib/include' -I'/Library/Frameworks/R.framework/Versions/4.1/Resources/library/S4Vectors/include' -I'/Library/Frameworks/R.framework/Versions/4.1/Resources/library/IRanges/include' -I'/Library/Frameworks/R.framework/Versions/4.1/Resources/library/XVector/include' -I'/Library/Frameworks/R.framework/Versions/4.1/Resources/library/Biostrings/include' -I/usr/local/include   -fPIC  -Wall -g -O2  -c bcffile.c -o bcffile.o
clang -mmacosx-version-min=10.13 -I"/Library/Frameworks/R.framework/Resources/include" -DNDEBUG -D_FILE_OFFSET_BITS=64 -I'/Library/Frameworks/R.framework/Versions/4.1/Resources/library/Rhtslib/include' -I'/Library/Frameworks/R.framework/Versions/4.1/Resources/library/S4Vectors/include' -I'/Library/Frameworks/R.framework/Versions/4.1/Resources/library/IRanges/include' -I'/Library/Frameworks/R.framework/Versions/4.1/Resources/library/XVector/include' -I'/Library/Frameworks/R.framework/Versions/4.1/Resources/library/Biostrings/include' -I/usr/local/include   -fPIC  -Wall -g -O2  -c encode.c -o encode.o
clang -mmacosx-version-min=10.13 -I"/Library/Frameworks/R.framework/Resources/include" -DNDEBUG -D_FILE_OFFSET_BITS=64 -I'/Library/Frameworks/R.framework/Versions/4.1/Resources/library/Rhtslib/include' -I'/Library/Frameworks/R.framework/Versions/4.1/Resources/library/S4Vectors/include' -I'/Library/Frameworks/R.framework/Versions/4.1/Resources/library/IRanges/include' -I'/Library/Frameworks/R.framework/Versions/4.1/Resources/library/XVector/include' -I'/Library/Frameworks/R.framework/Versions/4.1/Resources/library/Biostrings/include' -I/usr/local/include   -fPIC  -Wall -g -O2  -c fafile.c -o fafile.o
clang -mmacosx-version-min=10.13 -I"/Library/Frameworks/R.framework/Resources/include" -DNDEBUG -D_FILE_OFFSET_BITS=64 -I'/Library/Frameworks/R.framework/Versions/4.1/Resources/library/Rhtslib/include' -I'/Library/Frameworks/R.framework/Versions/4.1/Resources/library/S4Vectors/include' -I'/Library/Frameworks/R.framework/Versions/4.1/Resources/library/IRanges/include' -I'/Library/Frameworks/R.framework/Versions/4.1/Resources/library/XVector/include' -I'/Library/Frameworks/R.framework/Versions/4.1/Resources/library/Biostrings/include' -I/usr/local/include   -fPIC  -Wall -g -O2  -c idxstats.c -o idxstats.o
clang -mmacosx-version-min=10.13 -I"/Library/Frameworks/R.framework/Resources/include" -DNDEBUG -D_FILE_OFFSET_BITS=64 -I'/Library/Frameworks/R.framework/Versions/4.1/Resources/library/Rhtslib/include' -I'/Library/Frameworks/R.framework/Versions/4.1/Resources/library/S4Vectors/include' -I'/Library/Frameworks/R.framework/Versions/4.1/Resources/library/IRanges/include' -I'/Library/Frameworks/R.framework/Versions/4.1/Resources/library/XVector/include' -I'/Library/Frameworks/R.framework/Versions/4.1/Resources/library/Biostrings/include' -I/usr/local/include   -fPIC  -Wall -g -O2  -c io_sam.c -o io_sam.o
clang++ -mmacosx-version-min=10.13 -std=gnu++14 -I"/Library/Frameworks/R.framework/Resources/include" -DNDEBUG -D_FILE_OFFSET_BITS=64 -I'/Library/Frameworks/R.framework/Versions/4.1/Resources/library/Rhtslib/include' -I'/Library/Frameworks/R.framework/Versions/4.1/Resources/library/S4Vectors/include' -I'/Library/Frameworks/R.framework/Versions/4.1/Resources/library/IRanges/include' -I'/Library/Frameworks/R.framework/Versions/4.1/Resources/library/XVector/include' -I'/Library/Frameworks/R.framework/Versions/4.1/Resources/library/Biostrings/include' -I/usr/local/include   -fPIC  -Wall -g -O2  -c pbuffer_wrapper.cpp -o pbuffer_wrapper.o
clang++ -mmacosx-version-min=10.13 -std=gnu++14 -I"/Library/Frameworks/R.framework/Resources/include" -DNDEBUG -D_FILE_OFFSET_BITS=64 -I'/Library/Frameworks/R.framework/Versions/4.1/Resources/library/Rhtslib/include' -I'/Library/Frameworks/R.framework/Versions/4.1/Resources/library/S4Vectors/include' -I'/Library/Frameworks/R.framework/Versions/4.1/Resources/library/IRanges/include' -I'/Library/Frameworks/R.framework/Versions/4.1/Resources/library/XVector/include' -I'/Library/Frameworks/R.framework/Versions/4.1/Resources/library/Biostrings/include' -I/usr/local/include   -fPIC  -Wall -g -O2  -c pileup.cpp -o pileup.o
clang -mmacosx-version-min=10.13 -I"/Library/Frameworks/R.framework/Resources/include" -DNDEBUG -D_FILE_OFFSET_BITS=64 -I'/Library/Frameworks/R.framework/Versions/4.1/Resources/library/Rhtslib/include' -I'/Library/Frameworks/R.framework/Versions/4.1/Resources/library/S4Vectors/include' -I'/Library/Frameworks/R.framework/Versions/4.1/Resources/library/IRanges/include' -I'/Library/Frameworks/R.framework/Versions/4.1/Resources/library/XVector/include' -I'/Library/Frameworks/R.framework/Versions/4.1/Resources/library/Biostrings/include' -I/usr/local/include   -fPIC  -Wall -g -O2  -c pileupbam.c -o pileupbam.o
clang -mmacosx-version-min=10.13 -I"/Library/Frameworks/R.framework/Resources/include" -DNDEBUG -D_FILE_OFFSET_BITS=64 -I'/Library/Frameworks/R.framework/Versions/4.1/Resources/library/Rhtslib/include' -I'/Library/Frameworks/R.framework/Versions/4.1/Resources/library/S4Vectors/include' -I'/Library/Frameworks/R.framework/Versions/4.1/Resources/library/IRanges/include' -I'/Library/Frameworks/R.framework/Versions/4.1/Resources/library/XVector/include' -I'/Library/Frameworks/R.framework/Versions/4.1/Resources/library/Biostrings/include' -I/usr/local/include   -fPIC  -Wall -g -O2  -c sam.c -o sam.o
clang -mmacosx-version-min=10.13 -I"/Library/Frameworks/R.framework/Resources/include" -DNDEBUG -D_FILE_OFFSET_BITS=64 -I'/Library/Frameworks/R.framework/Versions/4.1/Resources/library/Rhtslib/include' -I'/Library/Frameworks/R.framework/Versions/4.1/Resources/library/S4Vectors/include' -I'/Library/Frameworks/R.framework/Versions/4.1/Resources/library/IRanges/include' -I'/Library/Frameworks/R.framework/Versions/4.1/Resources/library/XVector/include' -I'/Library/Frameworks/R.framework/Versions/4.1/Resources/library/Biostrings/include' -I/usr/local/include   -fPIC  -Wall -g -O2  -c sam_opts.c -o sam_opts.o
clang -mmacosx-version-min=10.13 -I"/Library/Frameworks/R.framework/Resources/include" -DNDEBUG -D_FILE_OFFSET_BITS=64 -I'/Library/Frameworks/R.framework/Versions/4.1/Resources/library/Rhtslib/include' -I'/Library/Frameworks/R.framework/Versions/4.1/Resources/library/S4Vectors/include' -I'/Library/Frameworks/R.framework/Versions/4.1/Resources/library/IRanges/include' -I'/Library/Frameworks/R.framework/Versions/4.1/Resources/library/XVector/include' -I'/Library/Frameworks/R.framework/Versions/4.1/Resources/library/Biostrings/include' -I/usr/local/include   -fPIC  -Wall -g -O2  -c sam_utils.c -o sam_utils.o
clang -mmacosx-version-min=10.13 -I"/Library/Frameworks/R.framework/Resources/include" -DNDEBUG -D_FILE_OFFSET_BITS=64 -I'/Library/Frameworks/R.framework/Versions/4.1/Resources/library/Rhtslib/include' -I'/Library/Frameworks/R.framework/Versions/4.1/Resources/library/S4Vectors/include' -I'/Library/Frameworks/R.framework/Versions/4.1/Resources/library/IRanges/include' -I'/Library/Frameworks/R.framework/Versions/4.1/Resources/library/XVector/include' -I'/Library/Frameworks/R.framework/Versions/4.1/Resources/library/Biostrings/include' -I/usr/local/include   -fPIC  -Wall -g -O2  -c samtools_patch.c -o samtools_patch.o
clang -mmacosx-version-min=10.13 -I"/Library/Frameworks/R.framework/Resources/include" -DNDEBUG -D_FILE_OFFSET_BITS=64 -I'/Library/Frameworks/R.framework/Versions/4.1/Resources/library/Rhtslib/include' -I'/Library/Frameworks/R.framework/Versions/4.1/Resources/library/S4Vectors/include' -I'/Library/Frameworks/R.framework/Versions/4.1/Resources/library/IRanges/include' -I'/Library/Frameworks/R.framework/Versions/4.1/Resources/library/XVector/include' -I'/Library/Frameworks/R.framework/Versions/4.1/Resources/library/Biostrings/include' -I/usr/local/include   -fPIC  -Wall -g -O2  -c scan_bam_data.c -o scan_bam_data.o
clang -mmacosx-version-min=10.13 -I"/Library/Frameworks/R.framework/Resources/include" -DNDEBUG -D_FILE_OFFSET_BITS=64 -I'/Library/Frameworks/R.framework/Versions/4.1/Resources/library/Rhtslib/include' -I'/Library/Frameworks/R.framework/Versions/4.1/Resources/library/S4Vectors/include' -I'/Library/Frameworks/R.framework/Versions/4.1/Resources/library/IRanges/include' -I'/Library/Frameworks/R.framework/Versions/4.1/Resources/library/XVector/include' -I'/Library/Frameworks/R.framework/Versions/4.1/Resources/library/Biostrings/include' -I/usr/local/include   -fPIC  -Wall -g -O2  -c tabixfile.c -o tabixfile.o
tabixfile.c:190:9: warning: 'bgzf_is_bgzf' is deprecated: Use bgzf_compression() or hts_detect_format() instead [-Wdeprecated-declarations]
    if (bgzf_is_bgzf(fn) != 1)
        ^
/Library/Frameworks/R.framework/Versions/4.1/Resources/library/Rhtslib/include/htslib/bgzf.h:243:38: note: 'bgzf_is_bgzf' has been explicitly marked deprecated here
    int bgzf_is_bgzf(const char *fn) HTS_DEPRECATED("Use bgzf_compression() or hts_detect_format() instead");
                                     ^
/Library/Frameworks/R.framework/Versions/4.1/Resources/library/Rhtslib/include/htslib/hts_defs.h:65:49: note: expanded from macro 'HTS_DEPRECATED'
#define HTS_DEPRECATED(message) __attribute__ ((__deprecated__ (message)))
                                                ^
1 warning generated.
clang -mmacosx-version-min=10.13 -I"/Library/Frameworks/R.framework/Resources/include" -DNDEBUG -D_FILE_OFFSET_BITS=64 -I'/Library/Frameworks/R.framework/Versions/4.1/Resources/library/Rhtslib/include' -I'/Library/Frameworks/R.framework/Versions/4.1/Resources/library/S4Vectors/include' -I'/Library/Frameworks/R.framework/Versions/4.1/Resources/library/IRanges/include' -I'/Library/Frameworks/R.framework/Versions/4.1/Resources/library/XVector/include' -I'/Library/Frameworks/R.framework/Versions/4.1/Resources/library/Biostrings/include' -I/usr/local/include   -fPIC  -Wall -g -O2  -c tagfilter.c -o tagfilter.o
clang -mmacosx-version-min=10.13 -I"/Library/Frameworks/R.framework/Resources/include" -DNDEBUG -D_FILE_OFFSET_BITS=64 -I'/Library/Frameworks/R.framework/Versions/4.1/Resources/library/Rhtslib/include' -I'/Library/Frameworks/R.framework/Versions/4.1/Resources/library/S4Vectors/include' -I'/Library/Frameworks/R.framework/Versions/4.1/Resources/library/IRanges/include' -I'/Library/Frameworks/R.framework/Versions/4.1/Resources/library/XVector/include' -I'/Library/Frameworks/R.framework/Versions/4.1/Resources/library/Biostrings/include' -I/usr/local/include   -fPIC  -Wall -g -O2  -c utilities.c -o utilities.o
clang -mmacosx-version-min=10.13 -I"/Library/Frameworks/R.framework/Resources/include" -DNDEBUG -D_FILE_OFFSET_BITS=64 -I'/Library/Frameworks/R.framework/Versions/4.1/Resources/library/Rhtslib/include' -I'/Library/Frameworks/R.framework/Versions/4.1/Resources/library/S4Vectors/include' -I'/Library/Frameworks/R.framework/Versions/4.1/Resources/library/IRanges/include' -I'/Library/Frameworks/R.framework/Versions/4.1/Resources/library/XVector/include' -I'/Library/Frameworks/R.framework/Versions/4.1/Resources/library/Biostrings/include' -I/usr/local/include   -fPIC  -Wall -g -O2  -c zip_compression.c -o zip_compression.o
clang++ -mmacosx-version-min=10.13 -std=gnu++14 -dynamiclib -Wl,-headerpad_max_install_names -undefined dynamic_lookup -single_module -multiply_defined suppress -L/Library/Frameworks/R.framework/Resources/lib -L/usr/local/lib -o Rsamtools.so Biostrings_stubs.o COMPAT_bcf_hdr_read.o IRanges_stubs.o PileupBuffer.o PosCacheColl.o R_init_Rsamtools.o ResultManager.o S4Vectors_stubs.o XVector_stubs.o as_bam.o bam.o bam_data.o bam_mate_iter.o bam_plbuf.o bam_sort.o bambuffer.o bamfile.o bcffile.o encode.o fafile.o idxstats.o io_sam.o pbuffer_wrapper.o pileup.o pileupbam.o sam.o sam_opts.o sam_utils.o samtools_patch.o scan_bam_data.o tabixfile.o tagfilter.o utilities.o zip_compression.o /Library/Frameworks/R.framework/Versions/4.1/Resources/library/Rhtslib/usrlib/libhts.a -lcurl -F/Library/Frameworks/R.framework/.. -framework R -Wl,-framework -Wl,CoreFoundation
installing to /Library/Frameworks/R.framework/Versions/4.1/Resources/library/00LOCK-Rsamtools/00new/Rsamtools/libs
** R
** inst
** byte-compile and prepare package for lazy loading
** help
*** installing help indices
** building package indices
** installing vignettes
** testing if installed package can be loaded from temporary location
** checking absolute paths in shared objects and dynamic libraries
** testing if installed package can be loaded from final location
** testing if installed package keeps a record of temporary installation path
* DONE (Rsamtools)

Tests output

Rsamtools.Rcheck/tests/Rsamtools_unit_tests.Rout


R version 4.1.2 (2021-11-01) -- "Bird Hippie"
Copyright (C) 2021 The R Foundation for Statistical Computing
Platform: x86_64-apple-darwin17.0 (64-bit)

R is free software and comes with ABSOLUTELY NO WARRANTY.
You are welcome to redistribute it under certain conditions.
Type 'license()' or 'licence()' for distribution details.

R is a collaborative project with many contributors.
Type 'contributors()' for more information and
'citation()' on how to cite R or R packages in publications.

Type 'demo()' for some demos, 'help()' for on-line help, or
'help.start()' for an HTML browser interface to help.
Type 'q()' to quit R.

> BiocGenerics:::testPackage('Rsamtools')

Attaching package: 'BiocGenerics'

The following objects are masked from 'package:stats':

    IQR, mad, sd, var, xtabs

The following objects are masked from 'package:base':

    Filter, Find, Map, Position, Reduce, anyDuplicated, append,
    as.data.frame, basename, cbind, colnames, dirname, do.call,
    duplicated, eval, evalq, get, grep, grepl, intersect, is.unsorted,
    lapply, mapply, match, mget, order, paste, pmax, pmax.int, pmin,
    pmin.int, rank, rbind, rownames, sapply, setdiff, sort, table,
    tapply, union, unique, unsplit, which.max, which.min


Attaching package: 'S4Vectors'

The following objects are masked from 'package:base':

    I, expand.grid, unname


Attaching package: 'Biostrings'

The following object is masked from 'package:base':

    strsplit

[E::COMPAT_bcf_hdr_read] Input is not detected as bcf or vcf format
[E::hts_idx_push] Chromosome blocks not continuous
[E::hts_open_format] Failed to open file http://httpbin.org/status/504


RUNIT TEST PROTOCOL -- Thu Jan 20 17:34:13 2022 
*********************************************** 
Number of test functions: 180 
Number of errors: 0 
Number of failures: 0 

 
1 Test Suite : 
Rsamtools RUnit Tests - 180 test functions, 0 errors, 0 failures
Number of test functions: 180 
Number of errors: 0 
Number of failures: 0 
Warning messages:
1: 'applyPileups' is deprecated.
Use 'pileup' instead.
See help("Deprecated") 
2: 'applyPileups' is deprecated.
Use 'pileup' instead.
See help("Deprecated") 
3: In read.table(conn, colClasses = colClasses, col.names = names(colClasses),  :
  not all columns named in 'colClasses' exist
4: In read.table(conn, colClasses = colClasses, col.names = names(colClasses),  :
  not all columns named in 'colClasses' exist
5: In read.table(conn, colClasses = colClasses, col.names = names(colClasses),  :
  not all columns named in 'colClasses' exist
6: In read.table(conn, colClasses = colClasses, col.names = names(colClasses),  :
  not all columns named in 'colClasses' exist
> 
> proc.time()
   user  system elapsed 
 22.459   1.709  24.586 

Example timings

Rsamtools.Rcheck/Rsamtools-Ex.timings

nameusersystemelapsed
ApplyPileupsParam-class0.0260.0020.028
BamFile-class0.6550.0650.727
BamViews-class0.0720.0020.075
BcfFile-class0.7080.0260.735
FaFile-class0.1030.0020.106
PileupFiles-class0.0130.0010.015
Rsamtools-package0.0170.0010.017
ScanBamParam-class0.6320.0440.676
ScanBcfParam-class000
TabixFile-class0.0660.0030.069
applyPileups0.0010.0020.001
headerTabix0.0040.0010.005
indexTabix0.0340.0030.075
pileup61.978 0.71262.746
quickBamFlagSummary0.0410.0060.048
readPileup0.1100.0040.114
scanBam0.6590.0990.759
scanBcf0.4830.0290.514
scanFa0.0910.0030.093
scanTabix0.0730.0060.080
seqnamesTabix0.0040.0000.005
testPairedEndBam0.0240.0010.026
zip0.0280.0010.030