Back to Multiple platform build/check report for BioC 3.14
ABCDEFGHIJKLMNO[P]QRSTUVWXYZ

This page was generated on 2021-11-29 15:05:04 -0500 (Mon, 29 Nov 2021).

BUILD results for ProteomicsAnnotationHubData on nebbiolo2

To the developers/maintainers of the ProteomicsAnnotationHubData package:
- Please allow up to 24 hours (and sometimes 48 hours) for your latest push to git@git.bioconductor.org:packages/ProteomicsAnnotationHubData.git to
reflect on this report. See How and When does the builder pull? When will my changes propagate? here for more information.
- Make sure to use the following settings in order to reproduce any error or warning you see on this page.

raw results

Package 1476/2083HostnameOS / ArchINSTALLBUILDCHECKBUILD BIN
ProteomicsAnnotationHubData 1.24.0  (landing page)
Laurent Gatto
Snapshot Date: 2021-11-28 04:15:06 -0500 (Sun, 28 Nov 2021)
git_url: https://git.bioconductor.org/packages/ProteomicsAnnotationHubData
git_branch: RELEASE_3_14
git_last_commit: b8e3a6d
git_last_commit_date: 2021-10-26 12:22:30 -0500 (Tue, 26 Oct 2021)
nebbiolo2Linux (Ubuntu 20.04.3 LTS) / x86_64  OK    ERROR  skipped
tokay2Windows Server 2012 R2 Standard / x64  OK    ERROR  skippedskipped
machv2macOS 10.14.6 Mojave / x86_64  OK    ERROR  skippedskipped

Summary

Package: ProteomicsAnnotationHubData
Version: 1.24.0
Command: /home/biocbuild/bbs-3.14-bioc/R/bin/R CMD build --keep-empty-dirs --no-resave-data ProteomicsAnnotationHubData
StartedAt: 2021-11-28 07:16:51 -0500 (Sun, 28 Nov 2021)
EndedAt: 2021-11-28 07:18:55 -0500 (Sun, 28 Nov 2021)
EllapsedTime: 124.3 seconds
RetCode: 1
Status:   ERROR  
PackageFile: None
PackageFileSize: NA

Command output

##############################################################################
##############################################################################
###
### Running command:
###
###   /home/biocbuild/bbs-3.14-bioc/R/bin/R CMD build --keep-empty-dirs --no-resave-data ProteomicsAnnotationHubData
###
##############################################################################
##############################################################################


* checking for file ‘ProteomicsAnnotationHubData/DESCRIPTION’ ... OK
* preparing ‘ProteomicsAnnotationHubData’:
* checking DESCRIPTION meta-information ... OK
* installing the package to build vignettes
* creating vignettes ... ERROR
--- re-building ‘ProteomicsAnnotationHubData.Rmd’ using rmarkdown
Quitting from lines 84-87 (ProteomicsAnnotationHubData.Rmd) 
Error: processing vignette 'ProteomicsAnnotationHubData.Rmd' failed with diagnostics:
failed to load resource
  name: AH49008
  title: PXD000001: raw mass spectrometry data
  reason: 1 resources failed to download
--- failed re-building ‘ProteomicsAnnotationHubData.Rmd’

SUMMARY: processing the following file failed:
  ‘ProteomicsAnnotationHubData.Rmd’

Error: Vignette re-building failed.
Execution halted