Back to Multiple platform build/check report for BioC 3.14
ABCDEFGHIJK[L]MNOPQRSTUVWXYZ

This page was generated on 2021-11-26 15:04:54 -0500 (Fri, 26 Nov 2021).

CHECK results for LineagePulse on nebbiolo2

To the developers/maintainers of the LineagePulse package:
- Please allow up to 24 hours (and sometimes 48 hours) for your latest push to git@git.bioconductor.org:packages/LineagePulse.git to
reflect on this report. See How and When does the builder pull? When will my changes propagate? here for more information.
- Make sure to use the following settings in order to reproduce any error or warning you see on this page.

raw results

Package 999/2083HostnameOS / ArchINSTALLBUILDCHECKBUILD BIN
LineagePulse 1.14.0  (landing page)
David S Fischer
Snapshot Date: 2021-11-25 04:15:05 -0500 (Thu, 25 Nov 2021)
git_url: https://git.bioconductor.org/packages/LineagePulse
git_branch: RELEASE_3_14
git_last_commit: 23b2bf4
git_last_commit_date: 2021-10-26 12:40:27 -0500 (Tue, 26 Oct 2021)
nebbiolo2Linux (Ubuntu 20.04.3 LTS) / x86_64  OK    OK    WARNINGS  UNNEEDED, same version is already published
tokay2Windows Server 2012 R2 Standard / x64  OK    OK    WARNINGS    OK  UNNEEDED, same version is already published
machv2macOS 10.14.6 Mojave / x86_64  OK    OK    WARNINGS    OK  UNNEEDED, same version is already published

Summary

Package: LineagePulse
Version: 1.14.0
Command: /home/biocbuild/bbs-3.14-bioc/R/bin/R CMD check --install=check:LineagePulse.install-out.txt --library=/home/biocbuild/bbs-3.14-bioc/R/library --no-vignettes --timings LineagePulse_1.14.0.tar.gz
StartedAt: 2021-11-25 09:57:49 -0500 (Thu, 25 Nov 2021)
EndedAt: 2021-11-25 10:04:21 -0500 (Thu, 25 Nov 2021)
EllapsedTime: 391.7 seconds
RetCode: 0
Status:   WARNINGS  
CheckDir: LineagePulse.Rcheck
Warnings: 1

Command output

##############################################################################
##############################################################################
###
### Running command:
###
###   /home/biocbuild/bbs-3.14-bioc/R/bin/R CMD check --install=check:LineagePulse.install-out.txt --library=/home/biocbuild/bbs-3.14-bioc/R/library --no-vignettes --timings LineagePulse_1.14.0.tar.gz
###
##############################################################################
##############################################################################


* using log directory ‘/home/biocbuild/bbs-3.14-bioc/meat/LineagePulse.Rcheck’
* using R version 4.1.2 (2021-11-01)
* using platform: x86_64-pc-linux-gnu (64-bit)
* using session charset: UTF-8
* using option ‘--no-vignettes’
* checking for file ‘LineagePulse/DESCRIPTION’ ... OK
* checking extension type ... Package
* this is package ‘LineagePulse’ version ‘1.14.0’
* package encoding: UTF-8
* checking package namespace information ... OK
* checking package dependencies ... OK
* checking if this is a source package ... OK
* checking if there is a namespace ... OK
* checking for hidden files and directories ... OK
* checking for portable file names ... OK
* checking for sufficient/correct file permissions ... OK
* checking whether package ‘LineagePulse’ can be installed ... WARNING
Found the following significant warnings:
  Note: possible error in 'evalLogLikGeneMM(vecCounts = vecCounts, ': unused arguments (matDispParam = matDispParam, matDropParam = matDropParam, matWeights = matWeights) 
  Note: possible error in 'evalLogLikGeneMM(vecCounts = vecCounts, ': unused arguments (matDispParam = do.call(cbind, lapply(seq_len(ncol(matWeights)), function(m) vecDispParam)), matDropParam = do.call(cbind, lapply(seq_len(ncol(matWeights)), function(m) vecPiParam)), matWeights = matWeights) 
See ‘/home/biocbuild/bbs-3.14-bioc/meat/LineagePulse.Rcheck/00install.out’ for details.
Information on the location(s) of code generating the ‘Note’s can be
obtained by re-running with environment variable R_KEEP_PKG_SOURCE set
to ‘yes’.
* checking installed package size ... OK
* checking package directory ... OK
* checking ‘build’ directory ... OK
* checking DESCRIPTION meta-information ... OK
* checking top-level files ... OK
* checking for left-over files ... OK
* checking index information ... OK
* checking package subdirectories ... OK
* checking R files for non-ASCII characters ... OK
* checking R files for syntax errors ... OK
* checking whether the package can be loaded ... OK
* checking whether the package can be loaded with stated dependencies ... OK
* checking whether the package can be unloaded cleanly ... OK
* checking whether the namespace can be loaded with stated dependencies ... OK
* checking whether the namespace can be unloaded cleanly ... OK
* checking dependencies in R code ... OK
* checking S3 generic/method consistency ... OK
* checking replacement functions ... OK
* checking foreign function calls ... OK
* checking R code for possible problems ... NOTE
decompressDispByGeneMM: no visible binding for global variable
  ‘lsDispModel’
evalLogLikMatrix : <anonymous>: possible error in
  evalLogLikGeneMM(vecCounts = vecCounts, matMuParam = matMuParam,
  vecNormConst = lsMuModel$lsMuModelGlobal$vecNormConst, matDispParam =
  matDispParam, matDropParam = matDropParam, matWeights = matWeights,
  vecidxNotZero = which(!is.na(vecCounts) & vecCounts > 0), vecidxZero
  = which(!is.na(vecCounts) & vecCounts == 0), scaNCells =
  length(vecCounts)): unused arguments (matDispParam = matDispParam,
  matDropParam = matDropParam, matWeights = matWeights)
evalLogLikMatrix : <anonymous>: possible error in
  evalLogLikGeneMM(vecCounts = vecCounts, matMuParam = do.call(cbind,
  lapply(seq_len(ncol(matWeights)), function(m) vecMuParam)),
  vecNormConst = lsMuModel$lsMuModelGlobal$vecNormConst, matDispParam =
  do.call(cbind, lapply(seq_len(ncol(matWeights)), function(m)
  vecDispParam)), matDropParam = do.call(cbind,
  lapply(seq_len(ncol(matWeights)), function(m) vecPiParam)),
  matWeights = matWeights, vecidxNotZero = which(!is.na(vecCounts) &
  vecCounts > 0), vecidxZero = which(!is.na(vecCounts) & vecCounts ==
  0), : unused arguments (matDispParam = do.call(cbind,
  lapply(seq_len(ncol(matWeights)), function(m) vecDispParam)),
  matDropParam = do.call(cbind, lapply(seq_len(ncol(matWeights)),
  function(m) vecPiParam)), matWeights = matWeights)
evalLogLikMatrix : <anonymous>: possible error in scaNCells =
  length(vecCounts)): unused arguments (matDispParam = do.call(cbind,
  lapply(seq_len(ncol(matWeights)), function(m) vecDispParam)),
  matDropParam = do.call(cbind, lapply(seq_len(ncol(matWeights)),
  function(m) vecPiParam)), matWeights = matWeights)
plotCellDensity: no visible binding for global variable ‘continuous’
plotGene: no visible binding for global variable ‘x’
plotGene: no visible binding for global variable ‘dropout_posterior’
plotGene: no visible binding for global variable ‘groups’
plotGene: no visible binding for global variable ‘dfAnnot’
plotGene: no visible binding for global variable ‘mean_count’
plotGene: no visible binding for global variable ‘quantile_25’
plotGene: no visible binding for global variable ‘quantile_75’
plotGene: no visible binding for global variable ‘model’
plotGene: no visible binding for global variable ‘continuous’
plotGene: no visible binding for global variable ‘trajectory_contour’
plotGene: no visible binding for global variable ‘ncells’
Undefined global functions or variables:
  continuous dfAnnot dropout_posterior groups lsDispModel mean_count
  model ncells quantile_25 quantile_75 trajectory_contour x
* checking Rd files ... OK
* checking Rd metadata ... OK
* checking Rd cross-references ... OK
* checking for missing documentation entries ... OK
* checking for code/documentation mismatches ... OK
* checking Rd \usage sections ... OK
* checking Rd contents ... OK
* checking for unstated dependencies in examples ... OK
* checking files in ‘vignettes’ ... OK
* checking examples ... OK
Examples with CPU (user + system) or elapsed time > 5s
                                                      user system elapsed
plotCellDensity                                     31.192  0.060  31.252
accessors                                           18.957  0.816  19.794
writeReport                                         16.166  0.020  16.186
sub-sub-LineagePulseObject-character-missing-method 15.763  0.012  15.775
names-LineagePulseObject-method                     15.687  0.016  15.703
cash-LineagePulseObject-method                      15.639  0.024  15.664
getFitsMean                                         15.469  0.020  15.488
getNormData                                         15.447  0.016  15.463
getFitsDispersion                                   15.105  0.016  15.121
getFitsDropout                                      15.050  0.016  15.065
getPostDrop                                         14.455  0.020  14.475
testDropout                                         13.122  0.012  13.133
plotGene                                            12.775  0.008  12.784
sortGeneTrajectories                                12.755  0.008  12.763
runLineagePulse                                     12.063  0.000  12.063
* checking for unstated dependencies in vignettes ... OK
* checking package vignettes in ‘inst/doc’ ... OK
* checking running R code from vignettes ... SKIPPED
* checking re-building of vignette outputs ... SKIPPED
* checking PDF version of manual ... OK
* DONE

Status: 1 WARNING, 1 NOTE
See
  ‘/home/biocbuild/bbs-3.14-bioc/meat/LineagePulse.Rcheck/00check.log’
for details.



Installation output

LineagePulse.Rcheck/00install.out

##############################################################################
##############################################################################
###
### Running command:
###
###   /home/biocbuild/bbs-3.14-bioc/R/bin/R CMD INSTALL LineagePulse
###
##############################################################################
##############################################################################


* installing to library ‘/home/biocbuild/bbs-3.14-bioc/R/library’
* installing *source* package ‘LineagePulse’ ...
** using staged installation
** R
** inst
** byte-compile and prepare package for lazy loading
Note: possible error in 'evalLogLikGeneMM(vecCounts = vecCounts, ': unused arguments (matDispParam = matDispParam, matDropParam = matDropParam, matWeights = matWeights) 
Note: possible error in 'evalLogLikGeneMM(vecCounts = vecCounts, ': unused arguments (matDispParam = do.call(cbind, lapply(seq_len(ncol(matWeights)), function(m) vecDispParam)), matDropParam = do.call(cbind, lapply(seq_len(ncol(matWeights)), function(m) vecPiParam)), matWeights = matWeights) 
** help
*** installing help indices
** building package indices
** installing vignettes
** testing if installed package can be loaded from temporary location
** testing if installed package can be loaded from final location
** testing if installed package keeps a record of temporary installation path
* DONE (LineagePulse)

Tests output


Example timings

LineagePulse.Rcheck/LineagePulse-Ex.timings

nameusersystemelapsed
accessors18.957 0.81619.794
cash-LineagePulseObject-method15.639 0.02415.664
getFitsDispersion15.105 0.01615.121
getFitsDropout15.050 0.01615.065
getFitsMean15.469 0.02015.488
getNormData15.447 0.01615.463
getPostDrop14.455 0.02014.475
names-LineagePulseObject-method15.687 0.01615.703
plotCellDensity31.192 0.06031.252
plotGene12.775 0.00812.784
runLineagePulse12.063 0.00012.063
simulateContinuousDataSet0.0240.0000.024
sortGeneTrajectories12.755 0.00812.763
sub-sub-LineagePulseObject-character-missing-method15.763 0.01215.775
testDropout13.122 0.01213.133
writeReport16.166 0.02016.186