Back to Multiple platform build/check report for BioC 3.14
ABCDEFGHIJK[L]MNOPQRSTUVWXYZ

This page was generated on 2022-01-26 13:08:14 -0500 (Wed, 26 Jan 2022).

HostnameOSArch (*)R versionInstalled pkgs
nebbiolo2Linux (Ubuntu 20.04.4 LTS)x86_644.1.2 (2021-11-01) -- "Bird Hippie" 4329
tokay2Windows Server 2012 R2 Standardx644.1.2 (2021-11-01) -- "Bird Hippie" 4080
machv2macOS 10.14.6 Mojavex86_644.1.2 (2021-11-01) -- "Bird Hippie" 4141
Click on any hostname to see more info about the system (e.g. compilers)      (*) as reported by 'uname -p', except on Windows and Mac OS X

CHECK results for LineagePulse on machv2


To the developers/maintainers of the LineagePulse package:
- Please allow up to 24 hours (and sometimes 48 hours) for your latest push to git@git.bioconductor.org:packages/LineagePulse.git to
reflect on this report. See How and When does the builder pull? When will my changes propagate? here for more information.
- Make sure to use the following settings in order to reproduce any error or warning you see on this page.

raw results

Package 999/2083HostnameOS / ArchINSTALLBUILDCHECKBUILD BIN
LineagePulse 1.14.0  (landing page)
David S Fischer
Snapshot Date: 2022-01-25 01:55:07 -0500 (Tue, 25 Jan 2022)
git_url: https://git.bioconductor.org/packages/LineagePulse
git_branch: RELEASE_3_14
git_last_commit: 23b2bf4
git_last_commit_date: 2021-10-26 12:40:27 -0500 (Tue, 26 Oct 2021)
nebbiolo2Linux (Ubuntu 20.04.4 LTS) / x86_64  OK    OK    WARNINGS  UNNEEDED, same version is already published
tokay2Windows Server 2012 R2 Standard / x64  OK    OK    WARNINGS    OK  UNNEEDED, same version is already published
machv2macOS 10.14.6 Mojave / x86_64  OK    OK    WARNINGS    OK  UNNEEDED, same version is already published

Summary

Package: LineagePulse
Version: 1.14.0
Command: /Library/Frameworks/R.framework/Resources/bin/R CMD check --install=check:LineagePulse.install-out.txt --library=/Library/Frameworks/R.framework/Resources/library --no-vignettes --timings LineagePulse_1.14.0.tar.gz
StartedAt: 2022-01-25 14:30:31 -0500 (Tue, 25 Jan 2022)
EndedAt: 2022-01-25 14:40:47 -0500 (Tue, 25 Jan 2022)
EllapsedTime: 615.9 seconds
RetCode: 0
Status:   WARNINGS  
CheckDir: LineagePulse.Rcheck
Warnings: 1

Command output

##############################################################################
##############################################################################
###
### Running command:
###
###   /Library/Frameworks/R.framework/Resources/bin/R CMD check --install=check:LineagePulse.install-out.txt --library=/Library/Frameworks/R.framework/Resources/library --no-vignettes --timings LineagePulse_1.14.0.tar.gz
###
##############################################################################
##############################################################################


* using log directory ‘/Users/biocbuild/bbs-3.14-bioc/meat/LineagePulse.Rcheck’
* using R version 4.1.2 (2021-11-01)
* using platform: x86_64-apple-darwin17.0 (64-bit)
* using session charset: UTF-8
* using option ‘--no-vignettes’
* checking for file ‘LineagePulse/DESCRIPTION’ ... OK
* checking extension type ... Package
* this is package ‘LineagePulse’ version ‘1.14.0’
* package encoding: UTF-8
* checking package namespace information ... OK
* checking package dependencies ... OK
* checking if this is a source package ... OK
* checking if there is a namespace ... OK
* checking for hidden files and directories ... OK
* checking for portable file names ... OK
* checking for sufficient/correct file permissions ... OK
* checking whether package ‘LineagePulse’ can be installed ... WARNING
Found the following significant warnings:
  Note: possible error in 'evalLogLikGeneMM(vecCounts = vecCounts, ': unused arguments (matDispParam = matDispParam, matDropParam = matDropParam, matWeights = matWeights) 
  Note: possible error in 'evalLogLikGeneMM(vecCounts = vecCounts, ': unused arguments (matDispParam = do.call(cbind, lapply(seq_len(ncol(matWeights)), function(m) vecDispParam)), matDropParam = do.call(cbind, lapply(seq_len(ncol(matWeights)), function(m) vecPiParam)), matWeights = matWeights) 
See ‘/Users/biocbuild/bbs-3.14-bioc/meat/LineagePulse.Rcheck/00install.out’ for details.
Information on the location(s) of code generating the ‘Note’s can be
obtained by re-running with environment variable R_KEEP_PKG_SOURCE set
to ‘yes’.
* checking installed package size ... OK
* checking package directory ... OK
* checking ‘build’ directory ... OK
* checking DESCRIPTION meta-information ... OK
* checking top-level files ... OK
* checking for left-over files ... OK
* checking index information ... OK
* checking package subdirectories ... OK
* checking R files for non-ASCII characters ... OK
* checking R files for syntax errors ... OK
* checking whether the package can be loaded ... OK
* checking whether the package can be loaded with stated dependencies ... OK
* checking whether the package can be unloaded cleanly ... OK
* checking whether the namespace can be loaded with stated dependencies ... OK
* checking whether the namespace can be unloaded cleanly ... OK
* checking dependencies in R code ... OK
* checking S3 generic/method consistency ... OK
* checking replacement functions ... OK
* checking foreign function calls ... OK
* checking R code for possible problems ... NOTE
decompressDispByGeneMM: no visible binding for global variable
  ‘lsDispModel’
evalLogLikMatrix : <anonymous>: possible error in
  evalLogLikGeneMM(vecCounts = vecCounts, matMuParam = matMuParam,
  vecNormConst = lsMuModel$lsMuModelGlobal$vecNormConst, matDispParam =
  matDispParam, matDropParam = matDropParam, matWeights = matWeights,
  vecidxNotZero = which(!is.na(vecCounts) & vecCounts > 0), vecidxZero
  = which(!is.na(vecCounts) & vecCounts == 0), scaNCells =
  length(vecCounts)): unused arguments (matDispParam = matDispParam,
  matDropParam = matDropParam, matWeights = matWeights)
evalLogLikMatrix : <anonymous>: possible error in
  evalLogLikGeneMM(vecCounts = vecCounts, matMuParam = do.call(cbind,
  lapply(seq_len(ncol(matWeights)), function(m) vecMuParam)),
  vecNormConst = lsMuModel$lsMuModelGlobal$vecNormConst, matDispParam =
  do.call(cbind, lapply(seq_len(ncol(matWeights)), function(m)
  vecDispParam)), matDropParam = do.call(cbind,
  lapply(seq_len(ncol(matWeights)), function(m) vecPiParam)),
  matWeights = matWeights, vecidxNotZero = which(!is.na(vecCounts) &
  vecCounts > 0), vecidxZero = which(!is.na(vecCounts) & vecCounts ==
  0), : unused arguments (matDispParam = do.call(cbind,
  lapply(seq_len(ncol(matWeights)), function(m) vecDispParam)),
  matDropParam = do.call(cbind, lapply(seq_len(ncol(matWeights)),
  function(m) vecPiParam)), matWeights = matWeights)
evalLogLikMatrix : <anonymous>: possible error in scaNCells =
  length(vecCounts)): unused arguments (matDispParam = do.call(cbind,
  lapply(seq_len(ncol(matWeights)), function(m) vecDispParam)),
  matDropParam = do.call(cbind, lapply(seq_len(ncol(matWeights)),
  function(m) vecPiParam)), matWeights = matWeights)
plotCellDensity: no visible binding for global variable ‘continuous’
plotGene: no visible binding for global variable ‘x’
plotGene: no visible binding for global variable ‘dropout_posterior’
plotGene: no visible binding for global variable ‘groups’
plotGene: no visible binding for global variable ‘dfAnnot’
plotGene: no visible binding for global variable ‘mean_count’
plotGene: no visible binding for global variable ‘quantile_25’
plotGene: no visible binding for global variable ‘quantile_75’
plotGene: no visible binding for global variable ‘model’
plotGene: no visible binding for global variable ‘continuous’
plotGene: no visible binding for global variable ‘trajectory_contour’
plotGene: no visible binding for global variable ‘ncells’
Undefined global functions or variables:
  continuous dfAnnot dropout_posterior groups lsDispModel mean_count
  model ncells quantile_25 quantile_75 trajectory_contour x
* checking Rd files ... OK
* checking Rd metadata ... OK
* checking Rd cross-references ... OK
* checking for missing documentation entries ... OK
* checking for code/documentation mismatches ... OK
* checking Rd \usage sections ... OK
* checking Rd contents ... OK
* checking for unstated dependencies in examples ... OK
* checking files in ‘vignettes’ ... OK
* checking examples ... OK
Examples with CPU (user + system) or elapsed time > 5s
                                                      user system elapsed
plotCellDensity                                     64.396  1.573  66.052
accessors                                           23.985  0.247  24.339
getFitsDropout                                      23.404  0.140  23.569
getFitsMean                                         23.172  0.164  23.361
getFitsDispersion                                   23.032  0.183  23.256
getPostDrop                                         23.071  0.121  23.216
sub-sub-LineagePulseObject-character-missing-method 22.970  0.069  23.057
getNormData                                         22.891  0.144  23.068
writeReport                                         22.730  0.083  22.836
cash-LineagePulseObject-method                      22.064  0.149  22.267
names-LineagePulseObject-method                     21.994  0.088  22.107
sortGeneTrajectories                                16.156  0.133  16.303
runLineagePulse                                     15.679  0.140  15.832
plotGene                                            15.627  0.134  15.779
testDropout                                         15.638  0.114  15.767
* checking for unstated dependencies in vignettes ... OK
* checking package vignettes in ‘inst/doc’ ... OK
* checking running R code from vignettes ... SKIPPED
* checking re-building of vignette outputs ... SKIPPED
* checking PDF version of manual ... OK
* DONE

Status: 1 WARNING, 1 NOTE
See
  ‘/Users/biocbuild/bbs-3.14-bioc/meat/LineagePulse.Rcheck/00check.log’
for details.



Installation output

LineagePulse.Rcheck/00install.out

##############################################################################
##############################################################################
###
### Running command:
###
###   /Library/Frameworks/R.framework/Resources/bin/R CMD INSTALL LineagePulse
###
##############################################################################
##############################################################################


* installing to library ‘/Library/Frameworks/R.framework/Versions/4.1/Resources/library’
* installing *source* package ‘LineagePulse’ ...
** using staged installation
** R
** inst
** byte-compile and prepare package for lazy loading
Note: possible error in 'evalLogLikGeneMM(vecCounts = vecCounts, ': unused arguments (matDispParam = matDispParam, matDropParam = matDropParam, matWeights = matWeights) 
Note: possible error in 'evalLogLikGeneMM(vecCounts = vecCounts, ': unused arguments (matDispParam = do.call(cbind, lapply(seq_len(ncol(matWeights)), function(m) vecDispParam)), matDropParam = do.call(cbind, lapply(seq_len(ncol(matWeights)), function(m) vecPiParam)), matWeights = matWeights) 
** help
*** installing help indices
** building package indices
** installing vignettes
** testing if installed package can be loaded from temporary location
** testing if installed package can be loaded from final location
** testing if installed package keeps a record of temporary installation path
* DONE (LineagePulse)

Tests output


Example timings

LineagePulse.Rcheck/LineagePulse-Ex.timings

nameusersystemelapsed
accessors23.985 0.24724.339
cash-LineagePulseObject-method22.064 0.14922.267
getFitsDispersion23.032 0.18323.256
getFitsDropout23.404 0.14023.569
getFitsMean23.172 0.16423.361
getNormData22.891 0.14423.068
getPostDrop23.071 0.12123.216
names-LineagePulseObject-method21.994 0.08822.107
plotCellDensity64.396 1.57366.052
plotGene15.627 0.13415.779
runLineagePulse15.679 0.14015.832
simulateContinuousDataSet0.0490.0010.051
sortGeneTrajectories16.156 0.13316.303
sub-sub-LineagePulseObject-character-missing-method22.970 0.06923.057
testDropout15.638 0.11415.767
writeReport22.730 0.08322.836