Back to Multiple platform build/check report for BioC 3.14
ABCDEFGH[I]JKLMNOPQRSTUVWXYZ

This page was generated on 2022-01-21 13:07:57 -0500 (Fri, 21 Jan 2022).

HostnameOSArch (*)R versionInstalled pkgs
nebbiolo2Linux (Ubuntu 20.04.4 LTS)x86_644.1.2 (2021-11-01) -- "Bird Hippie" 4329
tokay2Windows Server 2012 R2 Standardx644.1.2 (2021-11-01) -- "Bird Hippie" 4079
machv2macOS 10.14.6 Mojavex86_644.1.2 (2021-11-01) -- "Bird Hippie" 4140
Click on any hostname to see more info about the system (e.g. compilers)      (*) as reported by 'uname -p', except on Windows and Mac OS X

CHECK results for IVAS on machv2


To the developers/maintainers of the IVAS package:
- Please allow up to 24 hours (and sometimes 48 hours) for your latest push to git@git.bioconductor.org:packages/IVAS.git to
reflect on this report. See How and When does the builder pull? When will my changes propagate? here for more information.
- Make sure to use the following settings in order to reproduce any error or warning you see on this page.

raw results

Package 972/2083HostnameOS / ArchINSTALLBUILDCHECKBUILD BIN
IVAS 2.14.0  (landing page)
Seonggyun Han
Snapshot Date: 2022-01-20 01:55:04 -0500 (Thu, 20 Jan 2022)
git_url: https://git.bioconductor.org/packages/IVAS
git_branch: RELEASE_3_14
git_last_commit: cb2ad75
git_last_commit_date: 2021-10-26 12:18:38 -0500 (Tue, 26 Oct 2021)
nebbiolo2Linux (Ubuntu 20.04.4 LTS) / x86_64  OK    OK    WARNINGS  UNNEEDED, same version is already published
tokay2Windows Server 2012 R2 Standard / x64  OK    OK    WARNINGS    OK  UNNEEDED, same version is already published
machv2macOS 10.14.6 Mojave / x86_64  OK    OK    WARNINGS    OK  UNNEEDED, same version is already published

Summary

Package: IVAS
Version: 2.14.0
Command: /Library/Frameworks/R.framework/Resources/bin/R CMD check --install=check:IVAS.install-out.txt --library=/Library/Frameworks/R.framework/Resources/library --no-vignettes --timings IVAS_2.14.0.tar.gz
StartedAt: 2022-01-20 14:20:23 -0500 (Thu, 20 Jan 2022)
EndedAt: 2022-01-20 14:27:22 -0500 (Thu, 20 Jan 2022)
EllapsedTime: 418.4 seconds
RetCode: 0
Status:   WARNINGS  
CheckDir: IVAS.Rcheck
Warnings: 1

Command output

##############################################################################
##############################################################################
###
### Running command:
###
###   /Library/Frameworks/R.framework/Resources/bin/R CMD check --install=check:IVAS.install-out.txt --library=/Library/Frameworks/R.framework/Resources/library --no-vignettes --timings IVAS_2.14.0.tar.gz
###
##############################################################################
##############################################################################


* using log directory ‘/Users/biocbuild/bbs-3.14-bioc/meat/IVAS.Rcheck’
* using R version 4.1.2 (2021-11-01)
* using platform: x86_64-apple-darwin17.0 (64-bit)
* using session charset: UTF-8
* using option ‘--no-vignettes’
* checking for file ‘IVAS/DESCRIPTION’ ... OK
* checking extension type ... Package
* this is package ‘IVAS’ version ‘2.14.0’
* checking package namespace information ... OK
* checking package dependencies ... OK
* checking if this is a source package ... OK
* checking if there is a namespace ... OK
* checking for hidden files and directories ... OK
* checking for portable file names ... OK
* checking for sufficient/correct file permissions ... OK
* checking whether package ‘IVAS’ can be installed ... WARNING
Found the following significant warnings:
  Note: next used in wrong context: no loop is visible 
See ‘/Users/biocbuild/bbs-3.14-bioc/meat/IVAS.Rcheck/00install.out’ for details.
Information on the location(s) of code generating the ‘Note’s can be
obtained by re-running with environment variable R_KEEP_PKG_SOURCE set
to ‘yes’.
* checking installed package size ... OK
* checking package directory ... OK
* checking ‘build’ directory ... OK
* checking DESCRIPTION meta-information ... OK
* checking top-level files ... OK
* checking for left-over files ... OK
* checking index information ... OK
* checking package subdirectories ... OK
* checking R files for non-ASCII characters ... OK
* checking R files for syntax errors ... OK
* checking whether the package can be loaded ... OK
* checking whether the package can be loaded with stated dependencies ... OK
* checking whether the package can be unloaded cleanly ... OK
* checking whether the namespace can be loaded with stated dependencies ... OK
* checking whether the namespace can be unloaded cleanly ... OK
* checking dependencies in R code ... OK
* checking S3 generic/method consistency ... OK
* checking replacement functions ... OK
* checking foreign function calls ... OK
* checking R code for possible problems ... OK
* checking Rd files ... OK
* checking Rd metadata ... OK
* checking Rd cross-references ... OK
* checking for missing documentation entries ... OK
* checking for code/documentation mismatches ... OK
* checking Rd \usage sections ... OK
* checking Rd contents ... OK
* checking for unstated dependencies in examples ... OK
* checking contents of ‘data’ directory ... OK
* checking data for non-ASCII characters ... OK
* checking data for ASCII and uncompressed saves ... OK
* checking sizes of PDF files under ‘inst/doc’ ... OK
* checking files in ‘vignettes’ ... OK
* checking examples ... OK
Examples with CPU (user + system) or elapsed time > 5s
                 user system elapsed
saveBplot      18.318  0.173  18.516
ASdb-class     17.795  0.295  18.103
sQTLsFinder    17.676  0.167  18.221
RatioFromFPKM   9.118  0.072   9.196
CalSigSNP       6.321  0.069   6.399
Splicingfinder  5.776  0.051   5.835
* checking for unstated dependencies in vignettes ... OK
* checking package vignettes in ‘inst/doc’ ... OK
* checking running R code from vignettes ... SKIPPED
* checking re-building of vignette outputs ... SKIPPED
* checking PDF version of manual ... OK
* DONE

Status: 1 WARNING
See
  ‘/Users/biocbuild/bbs-3.14-bioc/meat/IVAS.Rcheck/00check.log’
for details.



Installation output

IVAS.Rcheck/00install.out

##############################################################################
##############################################################################
###
### Running command:
###
###   /Library/Frameworks/R.framework/Resources/bin/R CMD INSTALL IVAS
###
##############################################################################
##############################################################################


* installing to library ‘/Library/Frameworks/R.framework/Versions/4.1/Resources/library’
* installing *source* package ‘IVAS’ ...
** using staged installation
** R
** data
** inst
** byte-compile and prepare package for lazy loading
Note: next used in wrong context: no loop is visible 
** help
*** installing help indices
** building package indices
** installing vignettes
** testing if installed package can be loaded from temporary location
** testing if installed package can be loaded from final location
** testing if installed package keeps a record of temporary installation path
* DONE (IVAS)

Tests output


Example timings

IVAS.Rcheck/IVAS-Ex.timings

nameusersystemelapsed
ASdb-class17.795 0.29518.103
CalSigSNP6.3210.0696.399
RatioFromFPKM9.1180.0729.196
Splicingfinder5.7760.0515.835
chrseparate0.1750.0030.177
findAlternative1.1030.0101.154
findOversnp1.1940.0181.328
sQTLsFinder17.676 0.16718.221
sampleexp0.0060.0020.008
samplesnp0.0020.0020.005
samplesnplocus0.0020.0030.005
saveBplot18.318 0.17318.516