Back to Multiple platform build/check report for BioC 3.14
ABCDEFGH[I]JKLMNOPQRSTUVWXYZ

This page was generated on 2022-01-24 13:06:26 -0500 (Mon, 24 Jan 2022).

HostnameOSArch (*)R versionInstalled pkgs
nebbiolo2Linux (Ubuntu 20.04.4 LTS)x86_644.1.2 (2021-11-01) -- "Bird Hippie" 4329
tokay2Windows Server 2012 R2 Standardx644.1.2 (2021-11-01) -- "Bird Hippie" 4080
machv2macOS 10.14.6 Mojavex86_644.1.2 (2021-11-01) -- "Bird Hippie" 4141
Click on any hostname to see more info about the system (e.g. compilers)      (*) as reported by 'uname -p', except on Windows and Mac OS X

BUILD results for IRISFGM on tokay2


To the developers/maintainers of the IRISFGM package:
- Please allow up to 24 hours (and sometimes 48 hours) for your latest push to git@git.bioconductor.org:packages/IRISFGM.git to
reflect on this report. See How and When does the builder pull? When will my changes propagate? here for more information.
- Make sure to use the following settings in order to reproduce any error or warning you see on this page.

raw results

Package 955/2083HostnameOS / ArchINSTALLBUILDCHECKBUILD BIN
IRISFGM 1.2.0  (landing page)
Yuzhou Chang
Snapshot Date: 2022-01-23 01:55:04 -0500 (Sun, 23 Jan 2022)
git_url: https://git.bioconductor.org/packages/IRISFGM
git_branch: RELEASE_3_14
git_last_commit: d9e123f
git_last_commit_date: 2021-10-26 13:07:08 -0500 (Tue, 26 Oct 2021)
nebbiolo2Linux (Ubuntu 20.04.4 LTS) / x86_64  OK    ERROR  skipped
tokay2Windows Server 2012 R2 Standard / x64  OK    ERROR  skippedskipped
machv2macOS 10.14.6 Mojave / x86_64  OK    ERROR  skippedskipped

Summary

Package: IRISFGM
Version: 1.2.0
Command: chmod a+r IRISFGM -R && C:\Users\biocbuild\bbs-3.14-bioc\R\bin\R.exe CMD build --keep-empty-dirs --no-resave-data IRISFGM
StartedAt: 2022-01-23 11:22:56 -0500 (Sun, 23 Jan 2022)
EndedAt: 2022-01-23 11:25:14 -0500 (Sun, 23 Jan 2022)
EllapsedTime: 138.8 seconds
RetCode: 1
Status:   ERROR  
PackageFile: None
PackageFileSize: NA

Command output

##############################################################################
##############################################################################
###
### Running command:
###
###   chmod a+r IRISFGM -R && C:\Users\biocbuild\bbs-3.14-bioc\R\bin\R.exe CMD build --keep-empty-dirs --no-resave-data IRISFGM
###
##############################################################################
##############################################################################


* checking for file 'IRISFGM/DESCRIPTION' ... OK
* preparing 'IRISFGM':
* checking DESCRIPTION meta-information ... OK
* cleaning src
* installing the package to build vignettes
* creating vignettes ... ERROR
--- re-building 'IRISFGM_Rpackage.Rmd' using rmarkdown
Quitting from lines 143-147 (IRISFGM_Rpackage.Rmd) 
Error: processing vignette 'IRISFGM_Rpackage.Rmd' failed with diagnostics:
cannot open the connection
--- failed re-building 'IRISFGM_Rpackage.Rmd'

SUMMARY: processing the following file failed:
  'IRISFGM_Rpackage.Rmd'

Error: Vignette re-building failed.
Execution halted