Back to Multiple platform build/check report for BioC 3.14
ABCDEFG[H]IJKLMNOPQRSTUVWXYZ

This page was generated on 2022-01-17 13:07:47 -0500 (Mon, 17 Jan 2022).

HostnameOSArch (*)R versionInstalled pkgs
nebbiolo2Linux (Ubuntu 20.04.4 LTS)x86_644.1.2 (2021-11-01) -- "Bird Hippie" 4328
tokay2Windows Server 2012 R2 Standardx644.1.2 (2021-11-01) -- "Bird Hippie" 4077
machv2macOS 10.14.6 Mojavex86_644.1.2 (2021-11-01) -- "Bird Hippie" 4138
Click on any hostname to see more info about the system (e.g. compilers)      (*) as reported by 'uname -p', except on Windows and Mac OS X

BUILD results for HiCBricks on machv2


To the developers/maintainers of the HiCBricks package:
- Please allow up to 24 hours (and sometimes 48 hours) for your latest push to git@git.bioconductor.org:packages/HiCBricks.git to
reflect on this report. See How and When does the builder pull? When will my changes propagate? here for more information.
- Make sure to use the following settings in order to reproduce any error or warning you see on this page.

raw results

Package 866/2083HostnameOS / ArchINSTALLBUILDCHECKBUILD BIN
HiCBricks 1.12.0  (landing page)
Koustav Pal
Snapshot Date: 2022-01-16 01:55:05 -0500 (Sun, 16 Jan 2022)
git_url: https://git.bioconductor.org/packages/HiCBricks
git_branch: RELEASE_3_14
git_last_commit: 595fc2b
git_last_commit_date: 2021-10-26 12:47:36 -0500 (Tue, 26 Oct 2021)
nebbiolo2Linux (Ubuntu 20.04.4 LTS) / x86_64  OK    ERROR  skipped
tokay2Windows Server 2012 R2 Standard / x64  OK    ERROR  skippedskipped
machv2macOS 10.14.6 Mojave / x86_64  OK    ERROR  skippedskipped

Summary

Package: HiCBricks
Version: 1.12.0
Command: /Library/Frameworks/R.framework/Resources/bin/R CMD build --keep-empty-dirs --no-resave-data HiCBricks
StartedAt: 2022-01-16 06:27:10 -0500 (Sun, 16 Jan 2022)
EndedAt: 2022-01-16 06:27:51 -0500 (Sun, 16 Jan 2022)
EllapsedTime: 41.0 seconds
RetCode: 1
Status:   ERROR  
PackageFile: None
PackageFileSize: NA

Command output

##############################################################################
##############################################################################
###
### Running command:
###
###   /Library/Frameworks/R.framework/Resources/bin/R CMD build --keep-empty-dirs --no-resave-data HiCBricks
###
##############################################################################
##############################################################################


* checking for file ‘HiCBricks/DESCRIPTION’ ... OK
* preparing ‘HiCBricks’:
* checking DESCRIPTION meta-information ... OK
* installing the package to build vignettes
* creating vignettes ... ERROR
--- re-building ‘IntroductionToHiCBricks.rmd’ using rmarkdown
Loading required package: curl
Using libcurl 7.54.0 with LibreSSL/2.6.5
Loading required package: rhdf5
Loading required package: R6
Loading required package: grid
Quitting from lines 104-112 (IntroductionToHiCBricks.rmd) 
Error: processing vignette 'IntroductionToHiCBricks.rmd' failed with diagnostics:
could not find function "h5writeDataset.data.frame"
--- failed re-building ‘IntroductionToHiCBricks.rmd’

SUMMARY: processing the following file failed:
  ‘IntroductionToHiCBricks.rmd’

Error: Vignette re-building failed.
Execution halted