Back to Multiple platform build/check report for BioC 3.14
AB[C]DEFGHIJKLMNOPQRSTUVWXYZ

This page was generated on 2021-11-26 15:05:44 -0500 (Fri, 26 Nov 2021).

CHECK results for ChIPQC on machv2

To the developers/maintainers of the ChIPQC package:
- Please allow up to 24 hours (and sometimes 48 hours) for your latest push to git@git.bioconductor.org:packages/ChIPQC.git to
reflect on this report. See How and When does the builder pull? When will my changes propagate? here for more information.
- Make sure to use the following settings in order to reproduce any error or warning you see on this page.

raw results

Package 303/2083HostnameOS / ArchINSTALLBUILDCHECKBUILD BIN
ChIPQC 1.30.0  (landing page)
Tom Carroll , Rory Stark
Snapshot Date: 2021-11-25 04:15:05 -0500 (Thu, 25 Nov 2021)
git_url: https://git.bioconductor.org/packages/ChIPQC
git_branch: RELEASE_3_14
git_last_commit: 566bb1a
git_last_commit_date: 2021-10-26 12:12:48 -0500 (Tue, 26 Oct 2021)
nebbiolo2Linux (Ubuntu 20.04.3 LTS) / x86_64  OK    OK    WARNINGS  UNNEEDED, same version is already published
tokay2Windows Server 2012 R2 Standard / x64  OK    OK    WARNINGS    OK  UNNEEDED, same version is already published
machv2macOS 10.14.6 Mojave / x86_64  OK    OK    WARNINGS    OK  UNNEEDED, same version is already published

Summary

Package: ChIPQC
Version: 1.30.0
Command: /Library/Frameworks/R.framework/Resources/bin/R CMD check --install=check:ChIPQC.install-out.txt --library=/Library/Frameworks/R.framework/Resources/library --no-vignettes --timings ChIPQC_1.30.0.tar.gz
StartedAt: 2021-11-25 14:52:27 -0500 (Thu, 25 Nov 2021)
EndedAt: 2021-11-25 15:01:12 -0500 (Thu, 25 Nov 2021)
EllapsedTime: 525.3 seconds
RetCode: 0
Status:   WARNINGS  
CheckDir: ChIPQC.Rcheck
Warnings: 1

Command output

##############################################################################
##############################################################################
###
### Running command:
###
###   /Library/Frameworks/R.framework/Resources/bin/R CMD check --install=check:ChIPQC.install-out.txt --library=/Library/Frameworks/R.framework/Resources/library --no-vignettes --timings ChIPQC_1.30.0.tar.gz
###
##############################################################################
##############################################################################


* using log directory ‘/Users/biocbuild/bbs-3.14-bioc/meat/ChIPQC.Rcheck’
* using R version 4.1.2 (2021-11-01)
* using platform: x86_64-apple-darwin17.0 (64-bit)
* using session charset: UTF-8
* using option ‘--no-vignettes’
* checking for file ‘ChIPQC/DESCRIPTION’ ... OK
* checking extension type ... Package
* this is package ‘ChIPQC’ version ‘1.30.0’
* checking package namespace information ... OK
* checking package dependencies ... OK
* checking if this is a source package ... OK
* checking if there is a namespace ... OK
* checking for hidden files and directories ... OK
* checking for portable file names ... OK
* checking for sufficient/correct file permissions ... OK
* checking whether package ‘ChIPQC’ can be installed ... OK
* checking installed package size ... OK
* checking package directory ... OK
* checking ‘build’ directory ... OK
* checking DESCRIPTION meta-information ... OK
* checking top-level files ... OK
* checking for left-over files ... OK
* checking index information ... OK
* checking package subdirectories ... OK
* checking R files for non-ASCII characters ... OK
* checking R files for syntax errors ... OK
* checking whether the package can be loaded ... OK
* checking whether the package can be loaded with stated dependencies ... OK
* checking whether the package can be unloaded cleanly ... OK
* checking whether the namespace can be loaded with stated dependencies ... OK
* checking whether the namespace can be unloaded cleanly ... OK
* checking dependencies in R code ... NOTE
Unexported object imported by a ':::' call: ‘S4Vectors:::tabulate2’
  See the note in ?`:::` about the use of this operator.
* checking S3 generic/method consistency ... OK
* checking replacement functions ... OK
* checking foreign function calls ... NOTE
Foreign function call to a different package:
  .Call("rle_sum_any", ..., PACKAGE = "chipseq")
See chapter ‘System and foreign language interfaces’ in the ‘Writing R
Extensions’ manual.
* checking R code for possible problems ... NOTE
GetGRanges: no visible global function definition for ‘seqlevels<-’
findCovMaxPos: no visible global function definition for ‘seqlengths’
findCovMaxPos: no visible global function definition for ‘seqlengths<-’
getAnnotation: no visible binding for global variable
  ‘TxDb.Hsapiens.UCSC.hg38.knownGene’
getAnnotation: no visible global function definition for ‘seqlengths’
makeCCplot: no visible binding for global variable ‘Shift_Size’
makeCCplot: no visible binding for global variable ‘CC_Score’
makeCoveragePlot: no visible binding for global variable ‘Depth’
makeCoveragePlot: no visible binding for global variable ‘log10_bp’
makeCoveragePlot: no visible binding for global variable ‘Sample’
makeFriblPlot: no visible binding for global variable ‘Sample’
makeFriblPlot: no visible binding for global variable ‘FRIBL’
makeFriblPlot: no visible binding for global variable ‘Reads’
makeFripPlot: no visible binding for global variable ‘Sample’
makeFripPlot: no visible binding for global variable ‘FRIP’
makeFripPlot: no visible binding for global variable ‘Reads’
makePeakProfilePlot: no visible binding for global variable ‘Distance’
makePeakProfilePlot: no visible binding for global variable ‘Signal’
makeRapPlot: no visible binding for global variable ‘Sample’
makeRapPlot: no visible binding for global variable ‘CountsInPeaks’
makeRegiPlot: no visible binding for global variable ‘Sample’
makeRegiPlot: no visible binding for global variable ‘GenomicIntervals’
makeRegiPlot: no visible binding for global variable ‘log2_Enrichment’
makeSSDPlot: no visible binding for global variable ‘Sample’
makeSSDPlot: no visible binding for global variable ‘SSD’
makeSSDPlot: no visible global function definition for ‘geom_point’
sampleQC: no visible global function definition for ‘seqlevels<-’
plotCC,ChIPQCexperiment: no visible binding for global variable
  ‘Sample’
plotCC,list: no visible binding for global variable ‘Sample’
plotPeakProfile,ChIPQCexperiment: no visible binding for global
  variable ‘Sample’
plotPeakProfile,list: no visible binding for global variable ‘Sample’
Undefined global functions or variables:
  CC_Score CountsInPeaks Depth Distance FRIBL FRIP GenomicIntervals
  Reads SSD Sample Shift_Size Signal TxDb.Hsapiens.UCSC.hg38.knownGene
  geom_point log10_bp log2_Enrichment seqlengths seqlengths<-
  seqlevels<-
Consider adding
  importFrom("stats", "SSD")
to your NAMESPACE file.
* checking Rd files ... OK
* checking Rd metadata ... OK
* checking Rd cross-references ... OK
* checking for missing documentation entries ... OK
* checking for code/documentation mismatches ... OK
* checking Rd \usage sections ... OK
* checking Rd contents ... OK
* checking for unstated dependencies in examples ... OK
* checking contents of ‘data’ directory ... OK
* checking data for non-ASCII characters ... WARNING
  Error loading dataset 'exampleExp':
   Error in .requirePackage(package) : 
    unable to find required package 'ChIPQC'
  
  Error loading dataset 'tamoxifen':
   Error in .requirePackage(package) : 
    unable to find required package 'ChIPQC'
  
  The dataset(s) may use package(s) not declared in the DESCRIPTION file.
* checking data for ASCII and uncompressed saves ... OK
* checking sizes of PDF files under ‘inst/doc’ ... OK
* checking installed files from ‘inst/doc’ ... OK
* checking files in ‘vignettes’ ... OK
* checking examples ... OK
Examples with CPU (user + system) or elapsed time > 5s
               user system elapsed
ChIPQCreport 35.202  0.721  36.012
* checking for unstated dependencies in vignettes ... OK
* checking package vignettes in ‘inst/doc’ ... OK
* checking running R code from vignettes ... SKIPPED
* checking re-building of vignette outputs ... SKIPPED
* checking PDF version of manual ... OK
* DONE

Status: 1 WARNING, 3 NOTEs
See
  ‘/Users/biocbuild/bbs-3.14-bioc/meat/ChIPQC.Rcheck/00check.log’
for details.



Installation output

ChIPQC.Rcheck/00install.out

##############################################################################
##############################################################################
###
### Running command:
###
###   /Library/Frameworks/R.framework/Resources/bin/R CMD INSTALL ChIPQC
###
##############################################################################
##############################################################################


* installing to library ‘/Library/Frameworks/R.framework/Versions/4.1/Resources/library’
* installing *source* package ‘ChIPQC’ ...
** using staged installation
** R
** data
** inst
** byte-compile and prepare package for lazy loading
** help
*** installing help indices
** building package indices
** installing vignettes
   ‘ChIPQC.Rnw’ 
** testing if installed package can be loaded from temporary location
** testing if installed package can be loaded from final location
** testing if installed package keeps a record of temporary installation path
* DONE (ChIPQC)

Tests output


Example timings

ChIPQC.Rcheck/ChIPQC-Ex.timings

nameusersystemelapsed
ChIPQC-data1.8200.0551.875
ChIPQC0.7170.0160.735
ChIPQCexperiment-class1.5250.0161.541
ChIPQCreport35.202 0.72136.012
ChIPQCsample-class1.9520.0752.075
FragmentLengthCrossCoverage-methods0.1040.0190.156
Normalisedaveragepeaksignal-methods0.0380.0100.049
QCannotation-methods0.0210.0070.028
QCcontrol-methods0.3910.0140.405
QCdba-methods0.1950.0100.205
QCmetadata-methods0.2090.0160.225
QCmetrics-methods0.7710.0250.796
QCsample-methods0.0750.0090.084
ReadLengthCrossCoverage-methods0.0180.0060.024
RelativeCrossCoverage-methods0.0800.0070.087
averagepeaksignal-methods0.0330.0090.041
coveragehistogram-methods0.0350.0090.044
crosscoverage-methods0.0350.0090.043
duplicateRate-methods0.0180.0070.025
duplicates-methods0.0200.0080.028
flagtagcounts-methods0.0200.0080.028
fragmentlength-methods0.1140.0080.123
frip-methods0.0240.0080.033
mapped-methods0.0230.0070.031
peaks-methods0.4080.0100.419
plotCC-methods1.5340.0211.558
plotCorHeatmap-methods0.3480.0180.367
plotCoverageHist-methods0.8210.0150.837
plotFribl-methods0.7930.0110.806
plotFrip-methods0.8650.0100.878
plotPeakProfile-methods2.0830.0352.121
plotPrincomp-methods0.3600.0230.384
plotRap-methods1.3670.0151.384
plotRegi-methods1.4960.0211.520
plotSSD-methods1.4710.0221.495
readlength-methods0.0230.0100.033
reads-methods0.0210.0090.031
regi-methods0.0690.0080.077
ribl-methods0.0200.0090.029
rip-methods0.0220.0090.030
ssd-methods0.0210.0080.029